- using R Under development (unstable) (2025-10-25 r88970)
- using platform: x86_64-pc-linux-gnu
- R was compiled by
gcc-15 (Debian 15.2.0-4) 15.2.0
GNU Fortran (Debian 15.2.0-4) 15.2.0
- running under: Debian GNU/Linux forky/sid
- using session charset: UTF-8
- checking for file ‘gwavr/DESCRIPTION’ ... OK
- this is package ‘gwavr’ version ‘0.3.2’
- package encoding: UTF-8
- checking CRAN incoming feasibility ... [1s/1s] OK
- checking package namespace information ... OK
- checking package dependencies ... OK
- checking if this is a source package ... OK
- checking if there is a namespace ... OK
- checking for executable files ... OK
- checking for hidden files and directories ... OK
- checking for portable file names ... OK
- checking for sufficient/correct file permissions ... OK
- checking whether package ‘gwavr’ can be installed ... OK
See the install log for details.
- checking package directory ... OK
- checking for future file timestamps ... OK
- checking DESCRIPTION meta-information ... OK
- checking top-level files ... OK
- checking for left-over files ... OK
- checking index information ... OK
- checking package subdirectories ... OK
- checking code files for non-ASCII characters ... OK
- checking R files for syntax errors ... OK
- checking whether the package can be loaded ... [2s/2s] OK
- checking whether the package can be loaded with stated dependencies ... [1s/2s] OK
- checking whether the package can be unloaded cleanly ... [1s/2s] OK
- checking whether the namespace can be loaded with stated dependencies ... [1s/2s] OK
- checking whether the namespace can be unloaded cleanly ... [2s/2s] OK
- checking loading without being on the library search path ... [2s/2s] OK
- checking use of S3 registration ... OK
- checking dependencies in R code ... OK
- checking S3 generic/method consistency ... OK
- checking replacement functions ... OK
- checking foreign function calls ... OK
- checking R code for possible problems ... [11s/15s] OK
- checking Rd files ... [0s/0s] OK
- checking Rd metadata ... OK
- checking Rd line widths ... OK
- checking Rd cross-references ... OK
- checking for missing documentation entries ... OK
- checking for code/documentation mismatches ... OK
- checking Rd \usage sections ... OK
- checking Rd contents ... OK
- checking for unstated dependencies in examples ... OK
- checking contents of ‘data’ directory ... OK
- checking data for non-ASCII characters ... [0s/1s] OK
- checking LazyData ... OK
- checking data for ASCII and uncompressed saves ... OK
- checking examples ... [2s/2s] OK
- checking for unstated dependencies in ‘tests’ ... OK
- checking tests ... [2s/13s] ERROR
Running ‘spelling.R’ [0s/0s]
Running ‘testthat.R’ [2s/13s]
Running the tests in ‘tests/testthat.R’ failed.
Complete output:
> library(testthat)
> library(gwavr)
>
> test_check("gwavr")
[ FAIL 1 | WARN 0 | SKIP 2 | PASS 0 ]
══ Skipped tests (2) ═══════════════════════════════════════════════════════════
• On CRAN (2): 'test-nldi.R:1:1', 'test-usgs.R:1:1'
══ Failed tests ════════════════════════════════════════════════════════════════
── Error ('test-noaa.R:12:3'): noaa api ────────────────────────────────────────
<curl_error_operation_timedout/curl_error/error/condition>
Error in `curl::curl_fetch_disk(url, x$path, handle = handle)`: Timeout was reached [hdsc.nws.noaa.gov]:
Resolving timed out after 10000 milliseconds
Backtrace:
▆
1. ├─httr::GET(...) at test-noaa.R:12:3
2. │ └─httr:::request_perform(req, hu$handle$handle)
3. │ ├─httr:::request_fetch(req$output, req$url, handle)
4. │ └─httr:::request_fetch.write_disk(req$output, req$url, handle)
5. │ └─curl::curl_fetch_disk(url, x$path, handle = handle)
6. └─curl:::raise_libcurl_error(...)
[ FAIL 1 | WARN 0 | SKIP 2 | PASS 0 ]
Error: Test failures
Execution halted
- checking PDF version of manual ... [5s/7s] OK
- checking HTML version of manual ... [1s/1s] OK
- checking for non-standard things in the check directory ... OK
- DONE
Status: 1 ERROR