- using R Under development (unstable) (2025-06-27 r88363)
- using platform: x86_64-pc-linux-gnu
- R was compiled by
gcc-14 (Debian 14.2.0-19) 14.2.0
GNU Fortran (Debian 14.2.0-19) 14.2.0
- running under: Debian GNU/Linux 13 (trixie)
- using session charset: UTF-8
- checking for file ‘ggRandomForests/DESCRIPTION’ ... OK
- checking extension type ... Package
- this is package ‘ggRandomForests’ version ‘2.2.1’
- package encoding: UTF-8
- checking CRAN incoming feasibility ... [1s/1s] NOTE
Maintainer: ‘John Ehrlinger <john.ehrlinger@gmail.com>’
No Authors@R field in DESCRIPTION.
Please add one, modifying
Authors@R: person(given = "John",
family = "Ehrlinger",
role = c("aut", "cre"),
email = "john.ehrlinger@gmail.com")
as necessary.
- checking package namespace information ... OK
- checking package dependencies ... OK
- checking if this is a source package ... OK
- checking if there is a namespace ... OK
- checking for executable files ... OK
- checking for hidden files and directories ... OK
- checking for portable file names ... OK
- checking for sufficient/correct file permissions ... OK
- checking whether package ‘ggRandomForests’ can be installed ... ERROR
Installation failed.
See the install log for details.
- DONE
Status: 1 ERROR, 1 NOTE