- using R Under development (unstable) (2025-11-15 r89024)
- using platform: x86_64-pc-linux-gnu
- R was compiled by
gcc-15 (Debian 15.2.0-7) 15.2.0
GNU Fortran (Debian 15.2.0-7) 15.2.0
- running under: Debian GNU/Linux forky/sid
- using session charset: UTF-8
- checking for file ‘gert/DESCRIPTION’ ... OK
- checking extension type ... Package
- this is package ‘gert’ version ‘2.1.5’
- package encoding: UTF-8
- checking CRAN incoming feasibility ... [0s/1s] OK
- checking package namespace information ... OK
- checking package dependencies ... OK
- checking if this is a source package ... OK
- checking if there is a namespace ... OK
- checking for executable files ... OK
- checking for hidden files and directories ... OK
- checking for portable file names ... OK
- checking for sufficient/correct file permissions ... OK
- checking serialization versions ... OK
- checking whether package ‘gert’ can be installed ... OK
See the install log for details.
- used C compiler: ‘gcc-15 (Debian 15.2.0-7) 15.2.0’
- checking package directory ... OK
- checking for future file timestamps ... OK
- checking ‘build’ directory ... OK
- checking DESCRIPTION meta-information ... OK
- checking top-level files ... OK
- checking for left-over files ... OK
- checking index information ... OK
- checking package subdirectories ... OK
- checking code files for non-ASCII characters ... OK
- checking R files for syntax errors ... OK
- checking whether the package can be loaded ... [0s/0s] OK
- checking whether the package can be loaded with stated dependencies ... [0s/0s] OK
- checking whether the package can be unloaded cleanly ... [0s/0s] OK
- checking whether the namespace can be loaded with stated dependencies ... [0s/0s] OK
- checking whether the namespace can be unloaded cleanly ... [0s/0s] OK
- checking loading without being on the library search path ... [0s/0s] OK
- checking whether startup messages can be suppressed ... [0s/1s] OK
- checking use of S3 registration ... OK
- checking dependencies in R code ... OK
- checking S3 generic/method consistency ... OK
- checking replacement functions ... OK
- checking foreign function calls ... OK
- checking R code for possible problems ... [5s/7s] OK
- checking Rd files ... [0s/0s] OK
- checking Rd metadata ... OK
- checking Rd line widths ... OK
- checking Rd cross-references ... OK
- checking for missing documentation entries ... OK
- checking for code/documentation mismatches ... OK
- checking Rd \usage sections ... OK
- checking Rd contents ... OK
- checking for unstated dependencies in examples ... OK
- checking line endings in shell scripts ... OK
- checking line endings in C/C++/Fortran sources/headers ... OK
- checking line endings in Makefiles ... OK
- checking compilation flags in Makevars ... OK
- checking for GNU extensions in Makefiles ... OK
- checking for portable use of $(BLAS_LIBS) and $(LAPACK_LIBS) ... OK
- checking use of PKG_*FLAGS in Makefiles ... OK
- checking use of SHLIB_OPENMP_*FLAGS in Makefiles ... OK
- checking pragmas in C/C++ headers and code ... OK
- checking compilation flags used ... OK
- checking compiled code ... OK
- checking installed files from ‘inst/doc’ ... OK
- checking files in ‘vignettes’ ... OK
- checking examples ... [1s/1s] OK
- checking for unstated dependencies in ‘tests’ ... OK
- checking tests ... [2s/3s] ERROR
Running ‘spelling.R’ [0s/0s]
Running ‘testthat.R’ [2s/2s]
Running the tests in ‘tests/testthat.R’ failed.
Complete output:
> library(testthat)
> library(gert)
Linking to libgit2 v1.9.1, ssh support: YES
Global config: /home/hornik/.gitconfig
Default user: yourname <yourname@email.com>
>
> test_check("gert")
Saving _problems/test-commit-109.R
[ FAIL 2 | WARN 0 | SKIP 7 | PASS 34 ]
══ Skipped tests (7) ═══════════════════════════════════════════════════════════
• On CRAN (7): 'test-auth.R:3:3', 'test-auth.R:12:3', 'test-auth.R:32:3',
'test-clone.R:2:3', 'test-rebase.R:2:3', 'test-remotes.R:2:3',
'test-remotes.R:26:3'
══ Failed tests ════════════════════════════════════════════════════════════════
── Error ('test-commit.R:109:3'): status reports a conflicted file ─────────────
Error in `git_branch_checkout("master", repo = repo)`: No local or remote branch 'master' found.
Backtrace:
▆
1. └─gert::git_branch_checkout("master", repo = repo) at test-commit.R:109:3
── Error ('test-merge.R:18:3'): merge analysis works ───────────────────────────
<GIT_ENOTFOUND/libgit2_error/error/condition>
Error in `libgit2::git_annotated_commit_from_revspec`: revspec 'master' not found
Backtrace:
▆
1. ├─testthat::expect_equal(git_merge_analysis("master"), "fastforward") at test-merge.R:18:3
2. │ └─testthat::quasi_label(enquo(object), label)
3. │ └─rlang::eval_bare(expr, quo_get_env(quo))
4. ├─gert::git_merge_analysis("master")
5. └─gert:::raise_libgit2_error(...)
[ FAIL 2 | WARN 0 | SKIP 7 | PASS 34 ]
Error:
! Test failures.
Execution halted
- checking for unstated dependencies in vignettes ... OK
- checking package vignettes ... OK
- checking re-building of vignette outputs ... [2s/3s] OK
- checking PDF version of manual ... [5s/6s] OK
- checking HTML version of manual ... [2s/3s] OK
- checking for non-standard things in the check directory ... OK
- DONE
Status: 1 ERROR