- using R Under development (unstable) (2025-11-12 r89009)
- using platform: x86_64-pc-linux-gnu
- R was compiled by
gcc-15 (Debian 15.2.0-7) 15.2.0
GNU Fortran (Debian 15.2.0-7) 15.2.0
- running under: Debian GNU/Linux forky/sid
- using session charset: UTF-8
- checking for file ‘autodb/DESCRIPTION’ ... OK
- this is package ‘autodb’ version ‘3.1.0’
- package encoding: UTF-8
- checking CRAN incoming feasibility ... [1s/2s] OK
- checking package namespace information ... OK
- checking package dependencies ... OK
- checking if this is a source package ... OK
- checking if there is a namespace ... OK
- checking for executable files ... OK
- checking for hidden files and directories ... OK
- checking for portable file names ... OK
- checking for sufficient/correct file permissions ... OK
- checking whether package ‘autodb’ can be installed ... OK
See the install log for details.
- checking package directory ... OK
- checking for future file timestamps ... OK
- checking ‘build’ directory ... OK
- checking DESCRIPTION meta-information ... OK
- checking top-level files ... OK
- checking for left-over files ... OK
- checking index information ... OK
- checking package subdirectories ... OK
- checking code files for non-ASCII characters ... OK
- checking R files for syntax errors ... OK
- checking whether the package can be loaded ... [0s/0s] OK
- checking whether the package can be loaded with stated dependencies ... [0s/0s] OK
- checking whether the package can be unloaded cleanly ... [0s/0s] OK
- checking whether the namespace can be loaded with stated dependencies ... [0s/0s] OK
- checking whether the namespace can be unloaded cleanly ... [0s/0s] OK
- checking loading without being on the library search path ... [0s/0s] OK
- checking use of S3 registration ... OK
- checking dependencies in R code ... OK
- checking S3 generic/method consistency ... OK
- checking replacement functions ... OK
- checking foreign function calls ... OK
- checking R code for possible problems ... [11s/14s] OK
- checking Rd files ... [0s/1s] OK
- checking Rd metadata ... OK
- checking Rd line widths ... OK
- checking Rd cross-references ... OK
- checking for missing documentation entries ... OK
- checking for code/documentation mismatches ... OK
- checking Rd \usage sections ... OK
- checking Rd contents ... OK
- checking for unstated dependencies in examples ... OK
- checking contents of ‘data’ directory ... OK
- checking data for non-ASCII characters ... [0s/0s] OK
- checking LazyData ... OK
- checking data for ASCII and uncompressed saves ... OK
- checking installed files from ‘inst/doc’ ... OK
- checking files in ‘vignettes’ ... OK
- checking examples ... [2s/2s] OK
- checking for unstated dependencies in ‘tests’ ... OK
- checking tests ... [354s/448s] ERROR
Running ‘spelling.R’ [0s/0s]
Running ‘testthat.R’ [354s/447s]
Running the tests in ‘tests/testthat.R’ failed.
Complete output:
> library(testthat)
> library(autodb)
Attaching package: 'autodb'
The following object is masked from 'package:stats':
decompose
>
> test_check("autodb")
Saving _problems/test-database-984.R
Saving _problems/test-database_schema-746.R
Saving _problems/test-functional_dependency-276.R
Saving _problems/test-relation-726.R
Saving _problems/test-relation_schema-620.R
[ FAIL 5 | WARN 0 | SKIP 1 | PASS 725 ]
══ Skipped tests (1) ═══════════════════════════════════════════════════════════
• empty test (1): 'test-decompose.r:130:3'
══ Failed tests ════════════════════════════════════════════════════════════════
── Failure ('test-database.r:982:5'): database / concatenates without losing attribute orderings, if consistent ──
Expected exactly one failure and no successes.
Actually failed 2 times
── Failure ('test-database_schema.r:744:5'): database_schema / concatenates without losing attribute orderings, if consistent ──
Expected exactly one failure and no successes.
Actually failed 2 times
── Failure ('test-functional_dependency.r:276:5'): functional_dependency / concatenates without losing attribute orderings, if consistent ──
Expected exactly one failure and no successes.
Actually failed 2 times
── Failure ('test-relation.r:726:5'): relation / concatenates without losing attribute orderings, if consistent ──
Expected exactly one failure and no successes.
Actually failed 2 times
── Failure ('test-relation_schema.r:620:5'): relation_schema / concatenates without losing attribute orderings, if consistent ──
Expected exactly one failure and no successes.
Actually failed 2 times
[ FAIL 5 | WARN 0 | SKIP 1 | PASS 725 ]
Error:
! Test failures.
Execution halted
- checking for unstated dependencies in vignettes ... OK
- checking package vignettes ... OK
- checking re-building of vignette outputs ... [18s/26s] OK
- checking PDF version of manual ... [6s/8s] OK
- checking HTML version of manual ... [1s/2s] OK
- checking for non-standard things in the check directory ... OK
- DONE
Status: 1 ERROR