- using R Under development (unstable) (2025-07-10 r88399)
- using platform: x86_64-pc-linux-gnu
- R was compiled by
gcc-14 (Debian 14.2.0-19) 14.2.0
GNU Fortran (Debian 14.2.0-19) 14.2.0
- running under: Debian GNU/Linux 13 (trixie)
- using session charset: UTF-8
- checking for file ‘archivist/DESCRIPTION’ ... OK
- checking extension type ... Package
- this is package ‘archivist’ version ‘2.3.8’
- package encoding: UTF-8
- checking CRAN incoming feasibility ... [1s/1s] OK
- checking package namespace information ... OK
- checking package dependencies ... OK
- checking if this is a source package ... OK
- checking if there is a namespace ... OK
- checking for executable files ... OK
- checking for hidden files and directories ... OK
- checking for portable file names ... OK
- checking for sufficient/correct file permissions ... OK
- checking serialization versions ... OK
- checking whether package ‘archivist’ can be installed ... OK
See the install log for details.
- checking package directory ... OK
- checking for future file timestamps ... OK
- checking DESCRIPTION meta-information ... OK
- checking top-level files ... OK
- checking for left-over files ... OK
- checking index information ... OK
- checking package subdirectories ... OK
- checking code files for non-ASCII characters ... OK
- checking R files for syntax errors ... OK
- checking whether the package can be loaded ... [1s/2s] OK
- checking whether the package can be loaded with stated dependencies ... [1s/2s] OK
- checking whether the package can be unloaded cleanly ... [1s/1s] OK
- checking whether the namespace can be loaded with stated dependencies ... [1s/1s] OK
- checking whether the namespace can be unloaded cleanly ... [1s/2s] OK
- checking loading without being on the library search path ... [1s/1s] OK
- checking whether startup messages can be suppressed ... [1s/1s] OK
- checking use of S3 registration ... OK
- checking dependencies in R code ... OK
- checking S3 generic/method consistency ... OK
- checking replacement functions ... WARNING
‘extractData.:.default’ ‘extractData.:.ggplot’ ‘extractData.:.glmnet’
‘extractData.:.htest’ ‘extractData.:.lda’ ‘extractData.:.lm’
‘extractData.:.partition’ ‘extractData.:.qda’ ‘extractData.:.survfit’
‘extractData.:.trellis’ ‘extractData.:.twins’
‘extractMiniature.:.data.frame’ ‘extractMiniature.:.default’
‘extractMiniature.:.ggplot’ ‘extractMiniature.:.glmnet’
‘extractMiniature.:.htest’ ‘extractMiniature.:.lda’
‘extractMiniature.:.lm’ ‘extractMiniature.:.partition’
‘extractMiniature.:.qda’ ‘extractMiniature.:.recordedplot’
‘extractMiniature.:.survfit’ ‘extractMiniature.:.trellis’
‘extractMiniature.:.twins’ ‘extractTags.:.data.frame’
‘extractTags.:.default’ ‘extractTags.:.ggplot’ ‘extractTags.:.glmnet’
‘extractTags.:.htest’ ‘extractTags.:.lda’ ‘extractTags.:.lm’
‘extractTags.:.partition’ ‘extractTags.:.qda’
‘extractTags.:.summary.lm’ ‘extractTags.:.survfit’
‘extractTags.:.trellis’ ‘extractTags.:.twins’ ‘extractData.:.default’
‘extractData.:.ggplot’ ‘extractData.:.glmnet’ ‘extractData.:.htest’
‘extractData.:.lda’ ‘extractData.:.lm’ ‘extractData.:.partition’
‘extractData.:.qda’ ‘extractData.:.survfit’ ‘extractData.:.trellis’
‘extractData.:.twins’ ‘extractMiniature.:.data.frame’
‘extractMiniature.:.default’ ‘extractMiniature.:.ggplot’
‘extractMiniature.:.glmnet’ ‘extractMiniature.:.htest’
‘extractMiniature.:.lda’ ‘extractMiniature.:.lm’
‘extractMiniature.:.partition’ ‘extractMiniature.:.qda’
‘extractMiniature.:.recordedplot’ ‘extractMiniature.:.survfit’
‘extractMiniature.:.trellis’ ‘extractMiniature.:.twins’
‘extractTags.:.data.frame’ ‘extractTags.:.default’
‘extractTags.:.ggplot’ ‘extractTags.:.glmnet’ ‘extractTags.:.htest’
‘extractTags.:.lda’ ‘extractTags.:.lm’ ‘extractTags.:.partition’
‘extractTags.:.qda’ ‘extractTags.:.summary.lm’
‘extractTags.:.survfit’ ‘extractTags.:.trellis’ ‘extractTags.:.twins’
The argument of a replacement function which corresponds to the right
hand side must be named ‘value’.
- checking foreign function calls ... OK
- checking R code for possible problems ... [10s/14s] OK
- checking Rd files ... [1s/1s] OK
- checking Rd metadata ... OK
- checking Rd line widths ... OK
- checking Rd cross-references ... OK
- checking for missing documentation entries ... OK
- checking for code/documentation mismatches ... OK
- checking Rd \usage sections ... OK
- checking Rd contents ... OK
- checking for unstated dependencies in examples ... OK
- checking examples ... [5s/7s] OK
- checking for unstated dependencies in ‘demo’ ... NOTE
'library' or 'require' call not declared from: ‘gridExtra’
- checking PDF version of manual ... [9s/11s] OK
- checking HTML version of manual ... [3s/4s] OK
- checking for non-standard things in the check directory ... OK
- DONE
Status: 1 WARNING, 1 NOTE