- using R Under development (unstable) (2025-07-03 r88378)
- using platform: x86_64-pc-linux-gnu
- R was compiled by
gcc-14 (Debian 14.2.0-19) 14.2.0
GNU Fortran (Debian 14.2.0-19) 14.2.0
- running under: Debian GNU/Linux 13 (trixie)
- using session charset: UTF-8
- checking for file ‘arcgislayers/DESCRIPTION’ ... OK
- checking extension type ... Package
- this is package ‘arcgislayers’ version ‘0.4.0’
- package encoding: UTF-8
- checking CRAN incoming feasibility ... [0s/1s] OK
- checking package namespace information ... OK
- checking package dependencies ... OK
- checking if this is a source package ... OK
- checking if there is a namespace ... OK
- checking for executable files ... OK
- checking for hidden files and directories ... OK
- checking for portable file names ... OK
- checking for sufficient/correct file permissions ... OK
- checking serialization versions ... OK
- checking whether package ‘arcgislayers’ can be installed ... OK
See the install log for details.
- checking package directory ... OK
- checking for future file timestamps ... OK
- checking DESCRIPTION meta-information ... OK
- checking top-level files ... OK
- checking for left-over files ... OK
- checking index information ... OK
- checking package subdirectories ... OK
- checking code files for non-ASCII characters ... OK
- checking R files for syntax errors ... OK
- checking whether the package can be loaded ... [0s/1s] OK
- checking whether the package can be loaded with stated dependencies ... [0s/1s] OK
- checking whether the package can be unloaded cleanly ... [0s/0s] OK
- checking whether the namespace can be loaded with stated dependencies ... [0s/0s] OK
- checking whether the namespace can be unloaded cleanly ... [0s/1s] OK
- checking loading without being on the library search path ... [0s/0s] OK
- checking whether startup messages can be suppressed ... [0s/0s] OK
- checking use of S3 registration ... OK
- checking dependencies in R code ... OK
- checking S3 generic/method consistency ... OK
- checking replacement functions ... OK
- checking foreign function calls ... OK
- checking R code for possible problems ... [6s/8s] OK
- checking Rd files ... [0s/1s] OK
- checking Rd metadata ... OK
- checking Rd line widths ... OK
- checking Rd cross-references ... OK
- checking for missing documentation entries ... OK
- checking for code/documentation mismatches ... OK
- checking Rd \usage sections ... OK
- checking Rd contents ... OK
- checking for unstated dependencies in examples ... OK
- checking examples ... [2s/3s] ERROR
Running examples in ‘arcgislayers-Ex.R’ failed
The error most likely occurred in:
> base::assign(".ptime", proc.time(), pos = "CheckExEnv")
> ### Name: set_layer_aliases
> ### Title: Set column labels or names based FeatureLayer or Table data
> ### frame field aliases
> ### Aliases: set_layer_aliases
>
> ### ** Examples
>
> furl <- paste0(
+ "https://services.arcgis.com/P3ePLMYs2RVChkJx/ArcGIS/",
+ "rest/services/USA_Counties_Generalized_Boundaries/FeatureServer/0"
+ )
>
> # open the feature service
> flayer <- arc_open(furl)
>
> # select first five rows
> five_counties <- arc_select(flayer, n_max = 5)
Error in `arc_select()`:
! Can't determine the number of requested features.
ℹ Did you set custom parameters via `...` or use an invalid `where` argument?
Backtrace:
▆
1. └─arcgislayers::arc_select(flayer, n_max = 5)
2. └─arcgislayers:::collect_layer(...)
3. └─arcgislayers:::count_results(...)
4. └─arcgislayers:::validate_results_count(...)
5. └─cli::cli_abort(...)
6. └─rlang::abort(...)
Execution halted
- checking for unstated dependencies in ‘tests’ ... OK
- checking tests ... [0s/1s] OK
Running ‘testthat.R’ [0s/0s]
- checking PDF version of manual ... [4s/5s] OK
- checking HTML version of manual ... [1s/1s] OK
- checking for non-standard things in the check directory ... OK
- DONE
Status: 1 ERROR