- using R Under development (unstable) (2025-10-25 r88970)
- using platform: x86_64-pc-linux-gnu
- R was compiled by
gcc-15 (Debian 15.2.0-4) 15.2.0
GNU Fortran (Debian 15.2.0-4) 15.2.0
- running under: Debian GNU/Linux forky/sid
- using session charset: UTF-8
- checking for file ‘WhatsR/DESCRIPTION’ ... OK
- checking extension type ... Package
- this is package ‘WhatsR’ version ‘1.0.6’
- package encoding: UTF-8
- checking CRAN incoming feasibility ... [0s/1s] OK
- checking package namespace information ... OK
- checking package dependencies ... OK
- checking if this is a source package ... OK
- checking if there is a namespace ... OK
- checking for executable files ... OK
- checking for hidden files and directories ... OK
- checking for portable file names ... OK
- checking for sufficient/correct file permissions ... OK
- checking whether package ‘WhatsR’ can be installed ... OK
See the install log for details.
- checking package directory ... OK
- checking for future file timestamps ... OK
- checking DESCRIPTION meta-information ... OK
- checking top-level files ... OK
- checking for left-over files ... OK
- checking index information ... OK
- checking package subdirectories ... OK
- checking code files for non-ASCII characters ... OK
- checking R files for syntax errors ... OK
- checking whether the package can be loaded ... [3s/4s] OK
- checking whether the package can be loaded with stated dependencies ... [3s/3s] OK
- checking whether the package can be unloaded cleanly ... [3s/3s] OK
- checking whether the namespace can be loaded with stated dependencies ... [3s/3s] OK
- checking whether the namespace can be unloaded cleanly ... [3s/3s] OK
- checking loading without being on the library search path ... [3s/3s] OK
- checking use of S3 registration ... OK
- checking dependencies in R code ... OK
- checking S3 generic/method consistency ... OK
- checking replacement functions ... OK
- checking foreign function calls ... OK
- checking R code for possible problems ... [19s/27s] OK
- checking Rd files ... [0s/1s] OK
- checking Rd metadata ... OK
- checking Rd line widths ... OK
- checking Rd cross-references ... OK
- checking for missing documentation entries ... OK
- checking for code/documentation mismatches ... OK
- checking Rd \usage sections ... OK
- checking Rd contents ... OK
- checking for unstated dependencies in examples ... OK
- checking examples ... [11s/15s] OK
- checking for unstated dependencies in ‘tests’ ... OK
- checking tests ... [91s/122s] ERROR
Running ‘testthat.R’ [90s/121s]
Running the tests in ‘tests/testthat.R’ failed.
Complete output:
> library(testthat)
> library(WhatsR)
>
> test_check("WhatsR")
'download_emoji()' caused a warning:
URL 'https://www.unicode.org/Public/emoji/15.1/emoji-test.txt': status was 'SSL connect error'Loading required package: ragg
[ FAIL 2 | WARN 5 | SKIP 0 | PASS 291 ]
══ Failed tests ════════════════════════════════════════════════════════════════
── Failure ('test-WhatsR-tests.R:33:3'): Updating emoji dictionary ─────────────
class(emoji_dictionary) (`actual`) not equal to "data.frame" (`expected`).
`actual`: "NULL"
`expected`: "data.frame"
── Failure ('test-WhatsR-tests.R:36:3'): Updating emoji dictionary ─────────────
Names of `emoji_dictionary` ('') don't match 'R.native', 'Desc', 'OriginalOrder'
[ FAIL 2 | WARN 5 | SKIP 0 | PASS 291 ]
Error: Test failures
Execution halted
- checking PDF version of manual ... [5s/7s] OK
- checking HTML version of manual ... [1s/1s] OK
- checking for non-standard things in the check directory ... OK
- DONE
Status: 1 ERROR