- using R Under development (unstable) (2025-10-10 r88914)
- using platform: x86_64-pc-linux-gnu
- R was compiled by
gcc-15 (Debian 15.2.0-4) 15.2.0
GNU Fortran (Debian 15.2.0-4) 15.2.0
- running under: Debian GNU/Linux forky/sid
- using session charset: UTF-8
- checking for file ‘ColombiAPI/DESCRIPTION’ ... OK
- checking extension type ... Package
- this is package ‘ColombiAPI’ version ‘0.3.0’
- package encoding: UTF-8
- checking CRAN incoming feasibility ... [1s/2s] OK
- checking package namespace information ... OK
- checking package dependencies ... OK
- checking if this is a source package ... OK
- checking if there is a namespace ... OK
- checking for executable files ... OK
- checking for hidden files and directories ... OK
- checking for portable file names ... OK
- checking for sufficient/correct file permissions ... OK
- checking whether package ‘ColombiAPI’ can be installed ... OK
See the install log for details.
- checking package directory ... OK
- checking for future file timestamps ... OK
- checking ‘build’ directory ... OK
- checking DESCRIPTION meta-information ... OK
- checking top-level files ... OK
- checking for left-over files ... OK
- checking index information ... OK
- checking package subdirectories ... OK
- checking code files for non-ASCII characters ... OK
- checking R files for syntax errors ... OK
- checking whether the package can be loaded ... [1s/1s] OK
- checking whether the package can be loaded with stated dependencies ... [1s/1s] OK
- checking whether the package can be unloaded cleanly ... [1s/1s] OK
- checking whether the namespace can be loaded with stated dependencies ... [1s/1s] OK
- checking whether the namespace can be unloaded cleanly ... [1s/1s] OK
- checking loading without being on the library search path ... [1s/1s] OK
- checking use of S3 registration ... OK
- checking dependencies in R code ... OK
- checking S3 generic/method consistency ... OK
- checking replacement functions ... OK
- checking foreign function calls ... OK
- checking R code for possible problems ... [9s/11s] OK
- checking Rd files ... [0s/1s] OK
- checking Rd metadata ... OK
- checking Rd line widths ... OK
- checking Rd cross-references ... OK
- checking for missing documentation entries ... OK
- checking for code/documentation mismatches ... OK
- checking Rd \usage sections ... OK
- checking Rd contents ... OK
- checking for unstated dependencies in examples ... OK
- checking contents of ‘data’ directory ... OK
- checking data for non-ASCII characters ... [2s/2s] OK
- checking data for ASCII and uncompressed saves ... OK
- checking installed files from ‘inst/doc’ ... OK
- checking files in ‘vignettes’ ... OK
- checking examples ... [1s/1s] OK
- checking for unstated dependencies in ‘tests’ ... OK
- checking tests ... [12s/26s] ERROR
Running ‘testthat.R’ [11s/26s]
Running the tests in ‘tests/testthat.R’ failed.
Complete output:
> # This file is part of the standard setup for testthat.
> # It is recommended that you do not modify it.
> #
> # Where should you do additional test configuration?
> # Learn more about the roles of various files in:
> # * https://r-pkgs.org/testing-design.html#sec-tests-files-overview
> # * https://testthat.r-lib.org/articles/special-files.html
>
> library(testthat)
> library(ColombiAPI)
>
> test_check("ColombiAPI")
Datasets available in the 'ColombiAPI' package:
Datasets available in the 'ColombiAPI' package:
[ FAIL 2 | WARN 0 | SKIP 159 | PASS 671 ]
══ Skipped tests (159) ═════════════════════════════════════════════════════════
• On CRAN (159): 'test-get_colombia_airports.R:24:3',
'test-get_colombia_airports.R:36:3', 'test-get_colombia_airports.R:51:3',
'test-get_colombia_airports.R:60:3', 'test-get_colombia_airports.R:68:3',
'test-get_colombia_airports.R:80:3', 'test-get_colombia_airports.R:92:3',
'test-get_colombia_airports.R:104:3', 'test-get_colombia_airports.R:112:3',
'test-get_colombia_airports.R:121:3', 'test-get_colombia_airports.R:142:3',
'test-get_colombia_airports.R:156:3', 'test-get_colombia_airports.R:166:3',
'test-get_colombia_airports.R:176:3', 'test-get_colombia_airports.R:186:3',
'test-get_colombia_airports.R:198:3', 'test-get_colombia_attractions.R:24:3',
'test-get_colombia_attractions.R:35:3',
'test-get_colombia_attractions.R:47:3',
'test-get_colombia_attractions.R:55:3',
'test-get_colombia_attractions.R:66:3',
'test-get_colombia_attractions.R:75:3',
'test-get_colombia_attractions.R:84:3',
'test-get_colombia_attractions.R:101:3',
'test-get_colombia_attractions.R:113:3',
'test-get_colombia_attractions.R:123:3',
'test-get_colombia_attractions.R:133:3',
'test-get_colombia_attractions.R:142:3',
'test-get_colombia_attractions.R:152:3',
'test-get_colombia_attractions.R:163:3',
'test-get_colombia_attractions.R:171:3',
'test-get_colombia_attractions.R:185:3',
'test-get_colombia_child_mortality.R:23:3',
'test-get_colombia_child_mortality.R:38:3',
'test-get_colombia_child_mortality.R:47:3',
'test-get_colombia_child_mortality.R:55:3',
'test-get_colombia_child_mortality.R:63:3',
'test-get_colombia_child_mortality.R:71:3',
'test-get_colombia_child_mortality.R:79:3',
'test-get_colombia_cities.R:23:3', 'test-get_colombia_cities.R:34:3',
'test-get_colombia_cities.R:42:3', 'test-get_colombia_cities.R:51:3',
'test-get_colombia_cities.R:63:3', 'test-get_colombia_cities.R:81:3',
'test-get_colombia_cities.R:93:3', 'test-get_colombia_cities.R:102:3',
'test-get_colombia_cities.R:116:3', 'test-get_colombia_cities.R:126:3',
'test-get_colombia_cities.R:134:3', 'test-get_colombia_cities.R:142:3',
'test-get_colombia_cities.R:152:3', 'test-get_colombia_cities.R:160:3',
'test-get_colombia_cpi.R:24:3', 'test-get_colombia_cpi.R:39:3',
'test-get_colombia_cpi.R:48:3', 'test-get_colombia_cpi.R:56:3',
'test-get_colombia_cpi.R:64:3', 'test-get_colombia_cpi.R:72:3',
'test-get_colombia_cpi.R:80:3', 'test-get_colombia_cpi.R:88:3',
'test-get_colombia_departments.R:24:3',
'test-get_colombia_departments.R:36:3',
'test-get_colombia_departments.R:50:3',
'test-get_colombia_departments.R:59:3',
'test-get_colombia_departments.R:68:3',
'test-get_colombia_departments.R:76:3',
'test-get_colombia_departments.R:88:3',
'test-get_colombia_departments.R:102:3',
'test-get_colombia_departments.R:119:3',
'test-get_colombia_departments.R:133:3',
'test-get_colombia_departments.R:145:3',
'test-get_colombia_departments.R:155:3',
'test-get_colombia_departments.R:167:3',
'test-get_colombia_departments.R:179:3',
'test-get_colombia_departments.R:191:3',
'test-get_colombia_energy_use.R:23:3', 'test-get_colombia_energy_use.R:38:3',
'test-get_colombia_energy_use.R:47:3', 'test-get_colombia_energy_use.R:55:3',
'test-get_colombia_energy_use.R:63:3', 'test-get_colombia_energy_use.R:71:3',
'test-get_colombia_energy_use.R:79:3', 'test-get_colombia_energy_use.R:87:3',
'test-get_colombia_gdp.R:23:3', 'test-get_colombia_gdp.R:39:3',
'test-get_colombia_gdp.R:48:3', 'test-get_colombia_gdp.R:56:3',
'test-get_colombia_gdp.R:64:3', 'test-get_colombia_gdp.R:72:3',
'test-get_colombia_gdp.R:80:3', 'test-get_colombia_gdp.R:88:3',
'test-get_colombia_gdp.R:97:3', 'test-get_colombia_holidays.R:24:3',
'test-get_colombia_holidays.R:39:3', 'test-get_colombia_holidays.R:54:3',
'test-get_colombia_holidays.R:64:3', 'test-get_colombia_holidays.R:74:3',
'test-get_colombia_invasive_species.R:24:3',
'test-get_colombia_invasive_species.R:36:3',
'test-get_colombia_invasive_species.R:50:3',
'test-get_colombia_invasive_species.R:59:3',
'test-get_colombia_invasive_species.R:68:3',
'test-get_colombia_invasive_species.R:79:3',
'test-get_colombia_native_communities.R:24:3',
'test-get_colombia_native_communities.R:35:3',
'test-get_colombia_native_communities.R:46:3',
'test-get_colombia_native_communities.R:55:3',
'test-get_colombia_native_communities.R:64:3',
'test-get_colombia_natural_areas.R:24:3',
'test-get_colombia_natural_areas.R:36:3',
'test-get_colombia_natural_areas.R:50:3',
'test-get_colombia_natural_areas.R:64:3',
'test-get_colombia_natural_areas.R:76:3',
'test-get_colombia_presidents.R:24:3', 'test-get_colombia_presidents.R:36:3',
'test-get_colombia_presidents.R:48:3', 'test-get_colombia_presidents.R:57:3',
'test-get_colombia_presidents.R:67:3', 'test-get_colombia_presidents.R:79:3',
'test-get_colombia_presidents.R:92:3',
'test-get_colombia_presidents.R:116:3',
'test-get_colombia_presidents.R:130:3',
'test-get_colombia_presidents.R:140:3',
'test-get_colombia_presidents.R:149:3',
'test-get_colombia_presidents.R:165:3',
'test-get_colombia_presidents.R:174:3', 'test-get_colombia_radios.R:23:3',
'test-get_colombia_radios.R:34:3', 'test-get_colombia_radios.R:45:3',
'test-get_colombia_radios.R:54:3', 'test-get_colombia_radios.R:64:3',
'test-get_colombia_radios.R:73:3', 'test-get_colombia_regions.R:23:3',
'test-get_colombia_regions.R:34:3', 'test-get_colombia_regions.R:43:3',
'test-get_colombia_regions.R:52:3', 'test-get_colombia_regions.R:61:3',
'test-get_colombia_regions.R:70:3', 'test-get_colombia_regions.R:87:3',
'test-get_colombia_regions.R:99:3', 'test-get_colombia_regions.R:108:3',
'test-get_colombia_regions.R:120:3', 'test-get_colombia_regions.R:139:3',
'test-get_colombia_typical_dishes.R:24:3',
'test-get_colombia_typical_dishes.R:35:3',
'test-get_colombia_typical_dishes.R:45:3',
'test-get_colombia_typical_dishes.R:55:3',
'test-get_colombia_typical_dishes.R:65:3',
'test-get_colombia_typical_dishes.R:73:3', 'test-get_country_info_co.R:23:3',
'test-get_country_info_co.R:35:3', 'test-get_country_info_co.R:49:3',
'test-get_country_info_co.R:63:3', 'test-get_country_info_co.R:73:3',
'test-get_country_info_co.R:83:3', 'test-get_country_info_co.R:103:3',
'test-get_country_info_co.R:116:3', 'test-get_country_info_co.R:126:3'
══ Failed tests ════════════════════════════════════════════════════════════════
── Failure ('test-get_colombia_literacy_rate.R:43:3'): get_colombia_literacy_rate() returns a tibble with correct structure and types ──
is.integer(result$value) is not TRUE
`actual`: FALSE
`expected`: TRUE
── Failure ('test-get_colombia_literacy_rate.R:124:3'): get_colombia_literacy_rate() value column is integer or NA ──
is.integer(result$value) is not TRUE
`actual`: FALSE
`expected`: TRUE
[ FAIL 2 | WARN 0 | SKIP 159 | PASS 671 ]
Error: Test failures
Execution halted
- checking for unstated dependencies in vignettes ... OK
- checking package vignettes ... OK
- checking re-building of vignette outputs ... [4s/7s] OK
- checking PDF version of manual ... [5s/8s] OK
- checking HTML version of manual ... [1s/3s] OK
- checking for non-standard things in the check directory ... OK
- DONE
Status: 1 ERROR