- using R Under development (unstable) (2025-11-10 r88994)
- using platform: x86_64-pc-linux-gnu
- R was compiled by
gcc-15 (Debian 15.2.0-7) 15.2.0
GNU Fortran (Debian 15.2.0-7) 15.2.0
- running under: Debian GNU/Linux forky/sid
- using session charset: UTF-8
- checking for file ‘CPAT/DESCRIPTION’ ... OK
- this is package ‘CPAT’ version ‘0.1.0’
- package encoding: UTF-8
- checking CRAN incoming feasibility ... [1s/1s] OK
- checking package namespace information ... OK
- checking package dependencies ... OK
- checking if this is a source package ... OK
- checking if there is a namespace ... OK
- checking for executable files ... OK
- checking for hidden files and directories ... OK
- checking for portable file names ... OK
- checking for sufficient/correct file permissions ... OK
- checking serialization versions ... OK
- checking whether package ‘CPAT’ can be installed ... OK
See the install log for details.
- used C++ compiler: ‘g++-15 (Debian 15.2.0-7) 15.2.0’
- checking package directory ... OK
- checking for future file timestamps ... OK
- checking DESCRIPTION meta-information ... OK
- checking top-level files ... OK
- checking for left-over files ... OK
- checking index information ... OK
- checking package subdirectories ... OK
- checking code files for non-ASCII characters ... OK
- checking R files for syntax errors ... OK
- checking whether the package can be loaded ... [0s/0s] OK
- checking whether the package can be loaded with stated dependencies ... [0s/1s] OK
- checking whether the package can be unloaded cleanly ... [0s/1s] OK
- checking whether the namespace can be loaded with stated dependencies ... [0s/1s] OK
- checking whether the namespace can be unloaded cleanly ... [0s/0s] OK
- checking loading without being on the library search path ... [0s/1s] OK
- checking whether startup messages can be suppressed ... [0s/0s] OK
- checking use of S3 registration ... OK
- checking dependencies in R code ... OK
- checking S3 generic/method consistency ... OK
- checking replacement functions ... OK
- checking foreign function calls ... OK
- checking R code for possible problems ... [4s/7s] OK
- checking Rd files ... [1s/1s] OK
- checking Rd metadata ... OK
- checking Rd line widths ... OK
- checking Rd cross-references ... OK
- checking for missing documentation entries ... OK
- checking for code/documentation mismatches ... OK
- checking Rd \usage sections ... OK
- checking Rd contents ... OK
- checking for unstated dependencies in examples ... OK
- checking contents of ‘data’ directory ... OK
- checking data for non-ASCII characters ... [0s/0s] OK
- checking LazyData ... OK
- checking data for ASCII and uncompressed saves ... OK
- checking line endings in C/C++/Fortran sources/headers ... OK
- checking pragmas in C/C++ headers and code ... OK
- checking compilation flags used ... OK
- checking compiled code ... OK
- checking examples ... [18s/21s] OK
- checking for unstated dependencies in ‘tests’ ... OK
- checking tests ... [2s/3s] ERROR
Running ‘testthat.R’ [2s/2s]
Running the tests in ‘tests/testthat.R’ failed.
Complete output:
> library(testthat)
> library(CPAT)
Package 'CPAT' version 0.1.0
Type citation("CPAT") for citing this R package in publications
>
> test_check("CPAT")
[ FAIL 4 | WARN 0 | SKIP 0 | PASS 97 ]
══ Failed tests ════════════════════════════════════════════════════════════════
── Error ('test-TestStatisticsFunctions.R:68:3'): stat_Zn() functions properly ──
Error in `custom_var_temp(x = dat, .lazy = FALSE, ...)`: unused argument (.lazy = FALSE)
Backtrace:
▆
1. ├─testthat::expect_equal(...) at test-TestStatisticsFunctions.R:68:3
2. │ └─testthat::quasi_label(enquo(object), label, arg = "object")
3. │ └─rlang::eval_bare(expr, quo_get_env(quo))
4. └─CPAT:::stat_Zn(...)
5. └─base::vapply(1:length(dat), custom_var, FUN.VALUE = numeric(1))
6. └─CPAT (local) FUN(X[[i]], ...)
── Error ('test-TestStatisticsFunctions.R:96:3'): stat_Vn() functions properly ──
Error in `custom_var_temp(x = dat, .lazy = FALSE, ...)`: unused argument (.lazy = FALSE)
Backtrace:
▆
1. ├─testthat::expect_equal(...) at test-TestStatisticsFunctions.R:96:3
2. │ └─testthat::quasi_label(enquo(object), label, arg = "object")
3. │ └─rlang::eval_bare(expr, quo_get_env(quo))
4. └─CPAT:::stat_Vn(...)
5. └─base::vapply(1:length(dat), custom_var, FUN.VALUE = numeric(1))
6. └─CPAT (local) FUN(X[[i]], ...)
── Error ('test-TestStatisticsFunctions.R:124:3'): stat_de() functions properly ──
Error in `custom_var_temp(x = dat, .lazy = FALSE, ...)`: unused argument (.lazy = FALSE)
Backtrace:
▆
1. ├─testthat::expect_equal(...) at test-TestStatisticsFunctions.R:124:3
2. │ └─testthat::quasi_label(enquo(object), label, arg = "object")
3. │ └─rlang::eval_bare(expr, quo_get_env(quo))
4. └─CPAT:::stat_de(...)
5. └─CPAT:::stat_Vn(...)
6. └─base::vapply(1:length(dat), custom_var, FUN.VALUE = numeric(1))
7. └─CPAT (local) FUN(X[[i]], ...)
── Error ('test-TestStatisticsFunctions.R:152:3'): stat_hs() functions properly ──
Error in `custom_var_temp(x = dat, .lazy = FALSE, ...)`: unused argument (.lazy = FALSE)
Backtrace:
▆
1. ├─testthat::expect_equal(...) at test-TestStatisticsFunctions.R:152:3
2. │ └─testthat::quasi_label(enquo(object), label, arg = "object")
3. │ └─rlang::eval_bare(expr, quo_get_env(quo))
4. └─CPAT:::stat_hs(...)
5. └─base::vapply(1:length(dat), custom_var, FUN.VALUE = numeric(1))
6. └─CPAT (local) FUN(X[[i]], ...)
[ FAIL 4 | WARN 0 | SKIP 0 | PASS 97 ]
Error: Test failures
Execution halted
- checking PDF version of manual ... [5s/7s] OK
- checking HTML version of manual ... [1s/2s] OK
- checking for non-standard things in the check directory ... OK
- DONE
Status: 1 ERROR