- using R Under development (unstable) (2021-04-14 r80164)
- using platform: x86_64-pc-linux-gnu (64-bit)
- using session charset: ISO8859-15
- checking for file 'webfakes/DESCRIPTION' ... OK
- this is package 'webfakes' version '1.1.2'
- package encoding: UTF-8
- checking package namespace information ... OK
- checking package dependencies ... OK
- checking if this is a source package ... OK
- checking if there is a namespace ... OK
- checking for executable files ... OK
- checking for hidden files and directories ... OK
- checking for portable file names ... OK
- checking for sufficient/correct file permissions ... OK
- checking serialization versions ... OK
- checking whether package 'webfakes' can be installed ... OK
- checking package directory ... OK
- checking for future file timestamps ... OK
- checking DESCRIPTION meta-information ... OK
- checking top-level files ... OK
- checking for left-over files ... OK
- checking index information ... OK
- checking package subdirectories ... OK
- checking R files for non-ASCII characters ... OK
- checking R files for syntax errors ... OK
- checking whether the package can be loaded ... OK
- checking whether the package can be loaded with stated dependencies ... OK
- checking whether the package can be unloaded cleanly ... OK
- checking whether the namespace can be loaded with stated dependencies ... OK
- checking whether the namespace can be unloaded cleanly ... OK
- checking loading without being on the library search path ... OK
- checking use of S3 registration ... OK
- checking dependencies in R code ... OK
- checking S3 generic/method consistency ... OK
- checking replacement functions ... OK
- checking foreign function calls ... OK
- checking R code for possible problems ... [12s/14s] OK
- checking Rd files ... [1s/1s] OK
- checking Rd metadata ... OK
- checking Rd line widths ... OK
- checking Rd cross-references ... OK
- checking for missing documentation entries ... OK
- checking for code/documentation mismatches ... OK
- checking Rd \usage sections ... OK
- checking Rd contents ... OK
- checking for unstated dependencies in examples ... OK
- checking line endings in C/C++/Fortran sources/headers ... OK
- checking line endings in Makefiles ... OK
- checking compilation flags in Makevars ... OK
- checking for GNU extensions in Makefiles ... OK
- checking for portable use of $(BLAS_LIBS) and $(LAPACK_LIBS) ... OK
- checking use of PKG_*FLAGS in Makefiles ... OK
- checking use of SHLIB_OPENMP_*FLAGS in Makefiles ... OK
- checking pragmas in C/C++ headers and code ... OK
- checking compilation flags used ... OK
- checking compiled code ... OK
- checking examples ... [2s/2s] OK
- checking for unstated dependencies in 'tests' ... OK
- checking tests ... [17s/25s] ERROR
Running 'testthat.R' [17s/25s]
Running the tests in 'tests/testthat.R' failed.
Complete output:
> library(testthat)
> library(webfakes)
>
> test_check("webfakes")
== Skipped tests ===============================================================
* On CRAN (7)
== Failed tests ================================================================
-- Error (test-app-process.R:14:3): error if cannot start ----------------------
Error: Unexpected message from webfakes app subprocess. Report a bug please.
Backtrace:
x
1. +-testthat::expect_error(...) test-app-process.R:14:2
2. | \-testthat:::expect_condition_matching(...)
3. | \-testthat:::quasi_capture(...)
4. | +-testthat:::.capture(...)
5. | | \-base::withCallingHandlers(...)
6. | \-rlang::eval_bare(quo_get_expr(.quo), quo_get_env(.quo))
7. \-webfakes::new_app_process(app, start = TRUE)
8. \-self$start()
[ FAIL 1 | WARN 0 | SKIP 7 | PASS 295 ]
Error: Test failures
Execution halted
- checking PDF version of manual ... OK
- checking for non-standard things in the check directory ... OK
- DONE
Status: 1 ERROR