- using R Under development (unstable) (2025-10-10 r88914)
- using platform: x86_64-pc-linux-gnu
- R was compiled by
Debian clang version 19.1.7 (7)
Debian flang-new version 19.1.7 (7)
- running under: Debian GNU/Linux forky/sid
- using session charset: UTF-8
- checking for file ‘weathR/DESCRIPTION’ ... OK
- this is package ‘weathR’ version ‘0.1.0’
- package encoding: UTF-8
- checking CRAN incoming feasibility ... [1s/1s] OK
- checking package namespace information ... OK
- checking package dependencies ... OK
- checking if this is a source package ... OK
- checking if there is a namespace ... OK
- checking for executable files ... OK
- checking for hidden files and directories ... OK
- checking for portable file names ... OK
- checking for sufficient/correct file permissions ... OK
- checking serialization versions ... OK
- checking whether package ‘weathR’ can be installed ... OK
See the install log for details.
- checking package directory ... OK
- checking for future file timestamps ... OK
- checking DESCRIPTION meta-information ... OK
- checking top-level files ... OK
- checking for left-over files ... OK
- checking index information ... OK
- checking package subdirectories ... OK
- checking code files for non-ASCII characters ... OK
- checking R files for syntax errors ... OK
- checking whether the package can be loaded ... [3s/3s] OK
- checking whether the package can be loaded with stated dependencies ... [2s/2s] OK
- checking whether the package can be unloaded cleanly ... [2s/3s] OK
- checking whether the namespace can be loaded with stated dependencies ... [2s/2s] OK
- checking whether the namespace can be unloaded cleanly ... [3s/3s] OK
- checking loading without being on the library search path ... [2s/3s] OK
- checking use of S3 registration ... OK
- checking dependencies in R code ... OK
- checking S3 generic/method consistency ... OK
- checking replacement functions ... OK
- checking foreign function calls ... OK
- checking R code for possible problems ... [12s/17s] OK
- checking Rd files ... [0s/1s] OK
- checking Rd metadata ... OK
- checking Rd line widths ... OK
- checking Rd cross-references ... OK
- checking for missing documentation entries ... OK
- checking for code/documentation mismatches ... OK
- checking Rd \usage sections ... OK
- checking Rd contents ... OK
- checking for unstated dependencies in examples ... OK
- checking examples ... [3s/65s] ERROR
Running examples in ‘weathR-Ex.R’ failed
The error most likely occurred in:
> base::assign(".ptime", proc.time(), pos = "CheckExEnv")
> ### Name: .point_forecast
> ### Title: Raw JSON Point Forecast Data
> ### Aliases: .point_forecast
>
> ### ** Examples
>
> .point_forecast(33, -80)
Error in `httr2::req_perform()`:
! HTTP 504 Gateway Timeout.
Backtrace:
▆
1. ├─weathR::.point_forecast(33, -80)
2. │ └─... %>% return()
3. ├─httr2::resp_body_json(.)
4. │ └─httr2:::check_response(resp)
5. │ └─httr2:::is_response(resp)
6. └─httr2::req_perform(.)
7. └─httr2:::handle_resp(req, resp, error_call = error_call)
8. └─httr2:::resp_failure_cnd(req, resp, error_call = error_call)
9. ├─rlang::catch_cnd(...)
10. │ ├─rlang::eval_bare(...)
11. │ ├─base::tryCatch(...)
12. │ │ └─base (local) tryCatchList(expr, classes, parentenv, handlers)
13. │ │ └─base (local) tryCatchOne(expr, names, parentenv, handlers[[1L]])
14. │ │ └─base (local) doTryCatch(return(expr), name, parentenv, handler)
15. │ └─base::force(expr)
16. └─rlang::abort(...)
Execution halted
- checking PDF version of manual ... [6s/8s] OK
- checking HTML version of manual ... [1s/1s] OK
- checking for non-standard things in the check directory ... OK
- DONE
Status: 1 ERROR