- using R Under development (unstable) (2025-11-16 r89026)
- using platform: x86_64-pc-linux-gnu
- R was compiled by
Debian clang version 21.1.5 (1)
Debian flang version 21.1.5 (1)
- running under: Debian GNU/Linux forky/sid
- using session charset: UTF-8
- checking for file ‘validate/DESCRIPTION’ ... OK
- checking extension type ... Package
- this is package ‘validate’ version ‘1.1.6’
- package encoding: UTF-8
- checking CRAN incoming feasibility ... [1s/2s] OK
- checking package namespace information ... OK
- checking package dependencies ... OK
- checking if this is a source package ... OK
- checking if there is a namespace ... OK
- checking for executable files ... OK
- checking for hidden files and directories ... OK
- checking for portable file names ... OK
- checking for sufficient/correct file permissions ... OK
- checking whether package ‘validate’ can be installed ... OK
See the install log for details.
- used C compiler: ‘Debian clang version 21.1.5 (1)’
- checking package directory ... OK
- checking for future file timestamps ... OK
- checking ‘build’ directory ... OK
- checking DESCRIPTION meta-information ... OK
- checking top-level files ... OK
- checking for left-over files ... OK
- checking index information ... OK
- checking package subdirectories ... OK
- checking code files for non-ASCII characters ... OK
- checking R files for syntax errors ... OK
- checking whether the package can be loaded ... [1s/1s] OK
- checking whether the package can be loaded with stated dependencies ... [1s/1s] OK
- checking whether the package can be unloaded cleanly ... [1s/1s] OK
- checking whether the namespace can be loaded with stated dependencies ... [1s/1s] OK
- checking whether the namespace can be unloaded cleanly ... [1s/1s] OK
- checking loading without being on the library search path ... [1s/1s] OK
- checking use of S3 registration ... OK
- checking dependencies in R code ... OK
- checking S3 generic/method consistency ... OK
- checking replacement functions ... OK
- checking foreign function calls ... OK
- checking R code for possible problems ... [15s/20s] OK
- checking Rd files ... [1s/2s] OK
- checking Rd metadata ... OK
- checking Rd line widths ... OK
- checking Rd cross-references ... OK
- checking for missing documentation entries ... OK
- checking for code/documentation mismatches ... OK
- checking Rd \usage sections ... OK
- checking Rd contents ... OK
- checking for unstated dependencies in examples ... OK
- checking contents of ‘data’ directory ... OK
- checking data for non-ASCII characters ... [0s/0s] OK
- checking data for ASCII and uncompressed saves ... OK
- checking line endings in C/C++/Fortran sources/headers ... OK
- checking pragmas in C/C++ headers and code ... OK
- checking compilation flags used ... OK
- checking compiled code ... OK
- checking sizes of PDF files under ‘inst/doc’ ... OK
- checking installed files from ‘inst/doc’ ... OK
- checking files in ‘vignettes’ ... OK
- checking examples ... [3s/4s] OK
- checking for unstated dependencies in ‘tests’ ... OK
- checking tests ... [5s/7s] ERROR
Running ‘tinytest.R’ [5s/7s]
Running the tests in ‘tests/tinytest.R’ failed.
Complete output:
>
> if ( requireNamespace("tinytest", quietly=TRUE) ){
+ # redirect plots
+ pdf(file=tempfile())
+ tinytest::test_package("validate")
+ }
test_confrontation.R.......... 0 tests
test_confrontation.R.......... 1 tests [0;32mOK [0m
test_confrontation.R.......... 2 tests [0;32mOK [0m
test_confrontation.R.......... 2 tests [0;32mOK [0m
test_confrontation.R.......... 2 tests [0;32mOK [0m
test_confrontation.R.......... 3 tests [0;32mOK [0m
test_confrontation.R.......... 4 tests [0;32mOK [0m
test_confrontation.R.......... 5 tests [0;32mOK [0m
test_confrontation.R.......... 5 tests [0;32mOK [0m
test_confrontation.R.......... 6 tests [0;32mOK [0m
test_confrontation.R.......... 7 tests [0;32mOK [0m
test_confrontation.R.......... 8 tests [0;32mOK [0m
test_confrontation.R.......... 9 tests [0;32mOK [0m
test_confrontation.R.......... 9 tests [0;32mOK [0m
test_confrontation.R.......... 10 tests [0;32mOK [0m
test_confrontation.R.......... 10 tests [0;32mOK [0m
test_confrontation.R.......... 10 tests [0;32mOK [0m
test_confrontation.R.......... 11 tests [0;32mOK [0m
test_confrontation.R.......... 11 tests [0;32mOK [0m
test_confrontation.R.......... 11 tests [0;32mOK [0m
test_confrontation.R.......... 11 tests [0;32mOK [0m
test_confrontation.R.......... 11 tests [0;32mOK [0m
test_confrontation.R.......... 12 tests [0;32mOK [0m
test_confrontation.R.......... 12 tests [0;32mOK [0m
test_confrontation.R.......... 13 tests [0;32mOK [0m
test_confrontation.R.......... 14 tests [0;32mOK [0m
test_confrontation.R.......... 15 tests [0;32mOK [0m
test_confrontation.R.......... 15 tests [0;32mOK [0m
test_confrontation.R.......... 15 tests [0;32mOK [0m
test_confrontation.R.......... 16 tests [0;32mOK [0m
test_confrontation.R.......... 17 tests [0;32mOK [0m
test_confrontation.R.......... 17 tests [0;32mOK [0m
test_confrontation.R.......... 17 tests [0;32mOK [0m
test_confrontation.R.......... 18 tests [0;32mOK [0m
test_confrontation.R.......... 19 tests [0;32mOK [0m
test_confrontation.R.......... 19 tests [0;32mOK [0m
test_confrontation.R.......... 19 tests [0;32mOK [0m
test_confrontation.R.......... 20 tests [0;32mOK [0m
test_confrontation.R.......... 20 tests [0;32mOK [0m
test_confrontation.R.......... 20 tests [0;32mOK [0m
test_confrontation.R.......... 21 tests [0;32mOK [0m
test_confrontation.R.......... 22 tests [0;32mOK [0m
test_confrontation.R.......... 23 tests [0;32mOK [0m
test_confrontation.R.......... 24 tests [0;32mOK [0m
test_confrontation.R.......... 25 tests [0;32mOK [0m
test_confrontation.R.......... 25 tests [0;32mOK [0m
test_confrontation.R.......... 26 tests [0;32mOK [0m
test_confrontation.R.......... 26 tests [0;32mOK [0m
test_confrontation.R.......... 26 tests [0;32mOK [0m
test_confrontation.R.......... 27 tests [0;32mOK [0m
test_confrontation.R.......... 28 tests [0;32mOK [0m
test_confrontation.R.......... 29 tests [0;32mOK [0m
test_confrontation.R.......... 29 tests [0;32mOK [0m
test_confrontation.R.......... 29 tests [0;32mOK [0m
test_confrontation.R.......... 29 tests [0;32mOK [0m
test_confrontation.R.......... 29 tests [0;32mOK [0m
test_confrontation.R.......... 29 tests [0;32mOK [0m
test_confrontation.R.......... 29 tests [0;32mOK [0m
test_confrontation.R.......... 29 tests [0;32mOK [0m
test_confrontation.R.......... 30 tests [0;32mOK [0m
test_confrontation.R.......... 31 tests [0;32mOK [0m
test_confrontation.R.......... 31 tests [0;32mOK [0m
test_confrontation.R.......... 32 tests [0;32mOK [0m
test_confrontation.R.......... 33 tests [0;32mOK [0m
test_confrontation.R.......... 34 tests [0;32mOK [0m
test_confrontation.R.......... 34 tests [0;32mOK [0m
test_confrontation.R.......... 34 tests [0;32mOK [0m
test_confrontation.R.......... 34 tests [0;32mOK [0m
test_confrontation.R.......... 34 tests [0;32mOK [0m
test_confrontation.R.......... 35 tests [0;32mOK [0m
test_confrontation.R.......... 35 tests [0;32mOK [0m
test_confrontation.R.......... 36 tests [0;32mOK [0m
test_confrontation.R.......... 36 tests [0;32mOK [0m
test_confrontation.R.......... 37 tests [0;32mOK [0m
test_confrontation.R.......... 37 tests [0;32mOK [0m
test_confrontation.R.......... 38 tests [0;32mOK [0m
test_confrontation.R.......... 38 tests [0;32mOK [0m
test_confrontation.R.......... 38 tests [0;32mOK [0m
test_confrontation.R.......... 39 tests [0;32mOK [0m
test_confrontation.R.......... 39 tests [0;32mOK [0m
test_confrontation.R.......... 39 tests [0;32mOK [0m
test_confrontation.R.......... 40 tests [0;32mOK [0m
test_confrontation.R.......... 41 tests [0;32mOK [0m
test_confrontation.R.......... 41 tests [0;32mOK [0m
test_confrontation.R.......... 42 tests [0;32mOK [0m
test_confrontation.R.......... 43 tests [0;32mOK [0m
test_confrontation.R.......... 43 tests [0;32mOK [0m
test_confrontation.R.......... 43 tests [0;32mOK [0m
test_confrontation.R.......... 44 tests [0;32mOK [0m
test_confrontation.R.......... 45 tests [0;32mOK [0m
test_confrontation.R.......... 45 tests [0;32mOK [0m
test_confrontation.R.......... 45 tests [0;32mOK [0m
test_confrontation.R.......... 46 tests [0;32mOK [0m
test_confrontation.R.......... 46 tests [0;32mOK [0m
test_confrontation.R.......... 46 tests [0;32mOK [0m
test_confrontation.R.......... 47 tests [0;32mOK [0m
test_confrontation.R.......... 47 tests [0;32mOK [0m
test_confrontation.R.......... 47 tests [0;32mOK [0m
test_confrontation.R.......... 47 tests [0;32mOK [0m
test_confrontation.R.......... 47 tests [0;32mOK [0m
test_confrontation.R.......... 48 tests [0;32mOK [0m
test_confrontation.R.......... 49 tests [0;32mOK [0m
test_confrontation.R.......... 50 tests [0;32mOK [0m
test_confrontation.R.......... 50 tests [0;32mOK [0m
test_confrontation.R.......... 51 tests [0;32mOK [0m
test_confrontation.R.......... 52 tests [0;32mOK [0m
test_confrontation.R.......... 53 tests [0;32mOK [0m
test_confrontation.R.......... 54 tests [0;32mOK [0m
test_confrontation.R.......... 55 tests [0;32mOK [0m
test_confrontation.R.......... 55 tests [0;32mOK [0m
test_confrontation.R.......... 56 tests [0;32mOK [0m
test_confrontation.R.......... 57 tests [0;32mOK [0m
test_confrontation.R.......... 57 tests [0;32mOK [0m
test_confrontation.R.......... 57 tests [0;32mOK [0m
test_confrontation.R.......... 58 tests [0;32mOK [0m
test_confrontation.R.......... 58 tests [0;32mOK [0m
test_confrontation.R.......... 59 tests [0;32mOK [0m
test_confrontation.R.......... 59 tests [0;32mOK [0m
test_confrontation.R.......... 60 tests [0;32mOK [0m [0;34m1.5s [0m
test_genericrules.R........... 1 tests [0;32mOK [0m
test_genericrules.R........... 2 tests [0;32mOK [0m
test_genericrules.R........... 3 tests [0;32mOK [0m
test_genericrules.R........... 4 tests [0;32mOK [0m
test_genericrules.R........... 5 tests [0;32mOK [0m
test_genericrules.R........... 6 tests [0;32mOK [0m
test_genericrules.R........... 7 tests [0;32mOK [0m
test_genericrules.R........... 8 tests [0;32mOK [0m
test_genericrules.R........... 9 tests [0;32mOK [0m
test_genericrules.R........... 10 tests [0;32mOK [0m
test_genericrules.R........... 11 tests [0;32mOK [0m
test_genericrules.R........... 12 tests [0;32mOK [0m
test_genericrules.R........... 13 tests [0;32mOK [0m
test_genericrules.R........... 14 tests [0;32mOK [0m
test_genericrules.R........... 15 tests [0;32mOK [0m
test_genericrules.R........... 16 tests [0;32mOK [0m
test_genericrules.R........... 17 tests [0;32mOK [0m
test_genericrules.R........... 18 tests [0;32mOK [0m
test_genericrules.R........... 19 tests [0;32mOK [0m
test_genericrules.R........... 20 tests [0;32mOK [0m
test_genericrules.R........... 21 tests [0;32mOK [0m
test_genericrules.R........... 22 tests [0;32mOK [0m
test_genericrules.R........... 23 tests [0;32mOK [0m
test_genericrules.R........... 24 tests [0;32mOK [0m
test_genericrules.R........... 25 tests [0;32mOK [0m
test_genericrules.R........... 26 tests [0;32mOK [0m
test_genericrules.R........... 27 tests [0;32mOK [0m
test_genericrules.R........... 27 tests [0;32mOK [0m
test_genericrules.R........... 27 tests [0;32mOK [0m
test_genericrules.R........... 28 tests [0;32mOK [0m
test_genericrules.R........... 28 tests [0;32mOK [0m
test_genericrules.R........... 29 tests [0;32mOK [0m
test_genericrules.R........... 30 tests [0;32mOK [0m
test_genericrules.R........... 31 tests [0;32mOK [0m
test_genericrules.R........... 32 tests [0;32mOK [0m
test_genericrules.R........... 33 tests [0;32mOK [0m
test_genericrules.R........... 34 tests [0;32mOK [0m
test_genericrules.R........... 34 tests [0;32mOK [0m
test_genericrules.R........... 34 tests [0;32mOK [0m
test_genericrules.R........... 35 tests [0;32mOK [0m
test_genericrules.R........... 35 tests [0;32mOK [0m
test_genericrules.R........... 36 tests [0;32mOK [0m
test_genericrules.R........... 36 tests [0;32mOK [0m
test_genericrules.R........... 36 tests [0;32mOK [0m
test_genericrules.R........... 36 tests [0;32mOK [0m
test_genericrules.R........... 36 tests [0;32mOK [0m
test_genericrules.R........... 37 tests [0;32mOK [0m
test_genericrules.R........... 37 tests [0;32mOK [0m
test_genericrules.R........... 38 tests [0;32mOK [0m
test_genericrules.R........... 39 tests [0;32mOK [0m
test_genericrules.R........... 40 tests [0;32mOK [0m
test_genericrules.R........... 40 tests [0;32mOK [0m
test_genericrules.R........... 40 tests [0;32mOK [0m
test_genericrules.R........... 41 tests [0;32mOK [0m
test_genericrules.R........... 41 tests [0;32mOK [0m
test_genericrules.R........... 42 tests [0;32mOK [0m
test_genericrules.R........... 43 tests [0;32mOK [0m
test_genericrules.R........... 44 tests [0;32mOK [0m
test_genericrules.R........... 45 tests [0;32mOK [0m
test_genericrules.R........... 46 tests [0;32mOK [0m
test_genericrules.R........... 47 tests [0;32mOK [0m
test_genericrules.R........... 48 tests [0;32mOK [0m
test_genericrules.R........... 49 tests [0;32mOK [0m
test_genericrules.R........... 50 tests [0;32mOK [0m
test_genericrules.R........... 51 tests [0;32mOK [0m
test_genericrules.R........... 52 tests [0;32mOK [0m
test_genericrules.R........... 53 tests [0;32mOK [0m
test_genericrules.R........... 54 tests [0;32mOK [0m
test_genericrules.R........... 55 tests [0;32mOK [0m
test_genericrules.R........... 56 tests [0;32mOK [0m
test_genericrules.R........... 57 tests [0;32mOK [0m
test_genericrules.R........... 58 tests [0;32mOK [0m
test_genericrules.R........... 59 tests [0;32mOK [0m
test_genericrules.R........... 60 tests [0;32mOK [0m
test_genericrules.R........... 61 tests [0;32mOK [0m
test_genericrules.R........... 62 tests [0;32mOK [0m
test_genericrules.R........... 63 tests [0;32mOK [0m
test_genericrules.R........... 64 tests [0;32mOK [0m
test_genericrules.R........... 64 tests [0;32mOK [0m
test_genericrules.R........... 64 tests [0;32mOK [0m
test_genericrules.R........... 65 tests [0;32mOK [0m
test_genericrules.R........... 65 tests [0;32mOK [0m
test_genericrules.R........... 65 tests [0;32mOK [0m
test_genericrules.R........... 65 tests [0;32mOK [0m
test_genericrules.R........... 65 tests [0;32mOK [0m
test_genericrules.R........... 65 tests [0;32mOK [0m
test_genericrules.R........... 66 tests [0;32mOK [0m
test_genericrules.R........... 66 tests [0;32mOK [0m
test_genericrules.R........... 66 tests [0;32mOK [0m
test_genericrules.R........... 66 tests [0;32mOK [0m
test_genericrules.R........... 67 tests [0;32mOK [0m
test_genericrules.R........... 68 tests [0;32mOK [0m
test_genericrules.R........... 68 tests [0;32mOK [0m
test_genericrules.R........... 68 tests [0;32mOK [0m
test_genericrules.R........... 69 tests [0;32mOK [0m
test_genericrules.R........... 70 tests [0;32mOK [0m
test_genericrules.R........... 70 tests [0;32mOK [0m
test_genericrules.R........... 71 tests [0;32mOK [0m
test_genericrules.R........... 72 tests [0;32mOK [0m
test_genericrules.R........... 72 tests [0;32mOK [0m
test_genericrules.R........... 73 tests [0;32mOK [0m
test_genericrules.R........... 73 tests [0;32mOK [0m
test_genericrules.R........... 73 tests [0;32mOK [0m
test_genericrules.R........... 74 tests [0;32mOK [0m
test_genericrules.R........... 74 tests [0;32mOK [0m
test_genericrules.R........... 76 tests [0;32mOK [0m
test_genericrules.R........... 76 tests [0;32mOK [0m
test_genericrules.R........... 76 tests [0;32mOK [0m
test_genericrules.R........... 76 tests [0;32mOK [0m
test_genericrules.R........... 76 tests [0;32mOK [0m
test_genericrules.R........... 76 tests [0;32mOK [0m
test_genericrules.R........... 77 tests [0;32mOK [0m
test_genericrules.R........... 77 tests [0;32mOK [0m
test_genericrules.R........... 77 tests [0;32mOK [0m
test_genericrules.R........... 77 tests [0;32mOK [0m
test_genericrules.R........... 78 tests [0;32mOK [0m
test_genericrules.R........... 79 tests [0;32mOK [0m
test_genericrules.R........... 80 tests [0;32mOK [0m
test_genericrules.R........... 80 tests [0;32mOK [0m
test_genericrules.R........... 80 tests [0;32mOK [0m
test_genericrules.R........... 81 tests [0;32mOK [0m
test_genericrules.R........... 81 tests [0;32mOK [0m
test_genericrules.R........... 82 tests [0;32mOK [0m
test_genericrules.R........... 83 tests [0;32mOK [0m [0;34m0.4s [0m
test_gh_issue_091.R........... 0 tests
test_gh_issue_091.R........... 0 tests
test_gh_issue_091.R........... 0 tests
test_gh_issue_091.R........... 1 tests [0;32mOK [0m
test_gh_issue_091.R........... 2 tests [0;32mOK [0m [0;34m0.2s [0m
test_gh_issue_092.R........... 0 tests
test_gh_issue_092.R........... 1 tests [0;32mOK [0m
test_gh_issue_092.R........... 2 tests [0;32mOK [0m [0;36m22ms [0m
test_gh_issue_098.R........... 0 tests
test_gh_issue_098.R........... 0 tests
test_gh_issue_098.R........... 1 tests [0;32mOK [0m
test_gh_issue_098.R........... 2 tests [0;32mOK [0m [0;36m45ms [0m
test_gh_issue_109.R........... 0 tests
test_gh_issue_109.R........... 0 tests
test_gh_issue_109.R........... 1 tests [0;32mOK [0m [0;36m6ms [0m
test_gh_issue_112.R........... 1 tests [0;32mOK [0m [0;36m34ms [0m
test_gh_issue_116.R........... 0 tests
test_gh_issue_116.R........... 0 tests
test_gh_issue_116.R........... 0 tests
test_gh_issue_116.R........... 0 tests
test_gh_issue_116.R........... 1 tests [0;32mOK [0m [0;36m33ms [0m
test_gh_issue_128.R........... 1 tests [0;32mOK [0m
test_gh_issue_128.R........... 1 tests [0;32mOK [0m
test_gh_issue_128.R........... 1 tests [0;32mOK [0m
test_gh_issue_128.R........... 1 tests [0;32mOK [0m
test_gh_issue_128.R........... 2 tests [0;32mOK [0m
test_gh_issue_128.R........... 3 tests [0;32mOK [0m [0;36m22ms [0m
test_gh_issue_148.R........... 0 tests
test_gh_issue_148.R........... 1 tests [0;32mOK [0m [0;36m22ms [0m
test_gh_issue_149.R........... 0 tests
test_gh_issue_149.R........... 0 tests
test_gh_issue_149.R........... 0 tests
test_gh_issue_149.R........... 1 tests [0;32mOK [0m [0;36m24ms [0m
test_gh_issue_151.R........... 0 tests
test_gh_issue_151.R........... 0 tests
test_gh_issue_151.R........... 0 tests
test_gh_issue_151.R........... 1 tests [0;32mOK [0m [0;36m24ms [0m
test_indicator.R.............. 0 tests
test_indicator.R.............. 0 tests
test_indicator.R.............. 1 tests [0;32mOK [0m
test_indicator.R.............. 1 tests [0;32mOK [0m
test_indicator.R.............. 1 tests [0;32mOK [0m
test_indicator.R.............. 2 tests [0;32mOK [0m
test_indicator.R.............. 3 tests [0;32mOK [0m
test_indicator.R.............. 3 tests [0;32mOK [0m
test_indicator.R.............. 4 tests [0;32mOK [0m
test_indicator.R.............. 4 tests [0;32mOK [0m
test_indicator.R.............. 4 tests [0;32mOK [0m
test_indicator.R.............. 5 tests [0;32mOK [0m
test_indicator.R.............. 6 tests [0;32mOK [0m
test_indicator.R.............. 6 tests [0;32mOK [0m
test_indicator.R.............. 6 tests [0;32mOK [0m
test_indicator.R.............. 7 tests [0;32mOK [0m [0;36m61ms [0m
test_linear_coefficients.R.... 0 tests
test_linear_coefficients.R.... 1 tests [0;32mOK [0m
test_linear_coefficients.R.... 2 tests [0;32mOK [0m
test_linear_coefficients.R.... 2 tests [0;32mOK [0m
test_linear_coefficients.R.... 3 tests [0;32mOK [0m
test_linear_coefficients.R.... 4 tests [0;32mOK [0m
test_linear_coefficients.R.... 4 tests [0;32mOK [0m
test_linear_coefficients.R.... 5 tests [0;32mOK [0m
test_linear_coefficients.R.... 6 tests [0;32mOK [0m
test_linear_coefficients.R.... 6 tests [0;32mOK [0m
test_linear_coefficients.R.... 7 tests [0;32mOK [0m
test_linear_coefficients.R.... 8 tests [0;32mOK [0m
test_linear_coefficients.R.... 8 tests [0;32mOK [0m
test_linear_coefficients.R.... 9 tests [0;32mOK [0m
test_linear_coefficients.R.... 10 tests [0;32mOK [0m
test_linear_coefficients.R.... 15 tests [0;32mOK [0m
test_linear_coefficients.R.... 16 tests [0;32mOK [0m
test_linear_coefficients.R.... 17 tests [0;32mOK [0m
test_linear_coefficients.R.... 17 tests [0;32mOK [0m
test_linear_coefficients.R.... 18 tests [0;32mOK [0m
test_linear_coefficients.R.... 19 tests [0;32mOK [0m [0;34m0.2s [0m
test_lumberjack.R............. 0 tests
test_lumberjack.R............. 0 tests
test_lumberjack.R............. 0 tests
test_lumberjack.R............. 0 tests
test_lumberjack.R............. 0 tests
test_lumberjack.R............. 0 tests
test_lumberjack.R............. 0 tests
test_lumberjack.R............. 1 tests [0;32mOK [0m
test_lumberjack.R............. 1 tests [0;32mOK [0m
test_lumberjack.R............. 2 tests [0;32mOK [0m
test_lumberjack.R............. 3 tests [0;32mOK [0m
test_lumberjack.R............. 4 tests [0;32mOK [0m
test_lumberjack.R............. 4 tests [0;32mOK [0m
test_lumberjack.R............. 4 tests [0;32mOK [0m
test_lumberjack.R............. 4 tests [0;32mOK [0m
test_lumberjack.R............. 4 tests [0;32mOK [0m
test_lumberjack.R............. 4 tests [0;32mOK [0m
test_lumberjack.R............. 4 tests [0;32mOK [0m
test_lumberjack.R............. 4 tests [0;32mOK [0m
test_lumberjack.R............. 5 tests [0;32mOK [0m
test_lumberjack.R............. 5 tests [0;32mOK [0m
test_lumberjack.R............. 6 tests [0;32mOK [0m
test_lumberjack.R............. 7 tests [0;32mOK [0m
test_lumberjack.R............. 8 tests [0;32mOK [0m [0;34m0.1s [0m
test_methods.R................ 0 tests
test_methods.R................ 1 tests [0;32mOK [0m
test_methods.R................ 2 tests [0;32mOK [0m
test_methods.R................ 3 tests [0;32mOK [0m
test_methods.R................ 4 tests [0;32mOK [0m
test_methods.R................ 5 tests [0;32mOK [0m
test_methods.R................ 6 tests [0;32mOK [0m
test_methods.R................ 7 tests [0;32mOK [0m
test_methods.R................ 8 tests [0;32mOK [0m
test_methods.R................ 9 tests [0;32mOK [0m
test_methods.R................ 9 tests [0;32mOK [0m
test_methods.R................ 10 tests [0;32mOK [0m
test_methods.R................ 11 tests [0;32mOK [0m
test_methods.R................ 12 tests [0;32mOK [0m
test_methods.R................ 13 tests [0;32mOK [0m
test_methods.R................ 14 tests [0;32mOK [0m
test_methods.R................ 15 tests [0;32mOK [0m
test_methods.R................ 16 tests [0;32mOK [0m
test_methods.R................ 17 tests [0;32mOK [0m
test_methods.R................ 17 tests [0;32mOK [0m
test_methods.R................ 18 tests [0;32mOK [0m
test_methods.R................ 19 tests [0;32mOK [0m
test_methods.R................ 19 tests [0;32mOK [0m
test_methods.R................ 20 tests [0;32mOK [0m
test_methods.R................ 20 tests [0;32mOK [0m
test_methods.R................ 21 tests [0;32mOK [0m
test_methods.R................ 21 tests [0;32mOK [0m
test_methods.R................ 21 tests [0;32mOK [0m
test_methods.R................ 22 tests [0;32mOK [0m
test_methods.R................ 22 tests [0;32mOK [0m
test_methods.R................ 23 tests [0;32mOK [0m
test_methods.R................ 23 tests [0;32mOK [0m
test_methods.R................ 24 tests [0;32mOK [0m
test_methods.R................ 24 tests [0;32mOK [0m
test_methods.R................ 25 tests [0;32mOK [0m
test_methods.R................ 26 tests [0;32mOK [0m
test_methods.R................ 26 tests [0;32mOK [0m
test_methods.R................ 27 tests [0;32mOK [0m
test_methods.R................ 28 tests [0;32mOK [0m
test_methods.R................ 29 tests [0;32mOK [0m
test_methods.R................ 30 tests [0;32mOK [0m
test_methods.R................ 30 tests [0;32mOK [0m
test_methods.R................ 31 tests [0;32mOK [0m
test_methods.R................ 31 tests [0;32mOK [0m
test_methods.R................ 32 tests [0;32mOK [0m
test_methods.R................ 32 tests [0;32mOK [0m
test_methods.R................ 32 tests [0;32mOK [0m
test_methods.R................ 32 tests [0;32mOK [0m
test_methods.R................ 33 tests [0;32mOK [0m
test_methods.R................ 33 tests [0;32mOK [0m
test_methods.R................ 34 tests [0;32mOK [0m [0;34m0.4s [0m
test_options.R................ 0 tests
test_options.R................ 0 tests
test_options.R................ 1 tests [0;32mOK [0m
test_options.R................ 1 tests [0;32mOK [0m
test_options.R................ 2 tests [0;32mOK [0m
test_options.R................ 2 tests [0;32mOK [0m
test_options.R................ 2 tests [0;32mOK [0m
test_options.R................ 2 tests [0;32mOK [0m
test_options.R................ 3 tests [0;32mOK [0m
test_options.R................ 4 tests [0;32mOK [0m
test_options.R................ 5 tests [0;32mOK [0m
test_options.R................ 5 tests [0;32mOK [0m
test_options.R................ 6 tests [0;32mOK [0m
test_options.R................ 7 tests [0;32mOK [0m
test_options.R................ 8 tests [0;32mOK [0m [0;36m58ms [0m
test_parse.R.................. 1 tests [0;32mOK [0m
test_parse.R.................. 2 tests [0;32mOK [0m
test_parse.R.................. 3 tests [0;32mOK [0m
test_parse.R.................. 4 tests [0;32mOK [0m
test_parse.R.................. 5 tests [0;32mOK [0m
test_parse.R.................. 6 tests [0;32mOK [0m
test_parse.R.................. 7 tests [0;32mOK [0m
test_parse.R.................. 8 tests [0;32mOK [0m
test_parse.R.................. 9 tests [0;32mOK [0m
test_parse.R.................. 10 tests [0;32mOK [0m
test_parse.R.................. 11 tests [0;32mOK [0m
test_parse.R.................. 12 tests [0;32mOK [0m
test_parse.R.................. 13 tests [0;32mOK [0m
test_parse.R.................. 13 tests [0;32mOK [0m
test_parse.R.................. 13 tests [0;32mOK [0m
test_parse.R.................. 14 tests [0;32mOK [0m
test_parse.R.................. 15 tests [0;32mOK [0m
test_parse.R.................. 16 tests [0;32mOK [0m
test_parse.R.................. 17 tests [0;32mOK [0m
test_parse.R.................. 18 tests [0;32mOK [0m
test_parse.R.................. 19 tests [0;32mOK [0m
test_parse.R.................. 20 tests [0;32mOK [0m
test_parse.R.................. 21 tests [0;32mOK [0m
test_parse.R.................. 22 tests [0;32mOK [0m
test_parse.R.................. 22 tests [0;32mOK [0m
test_parse.R.................. 22 tests [0;32mOK [0m
test_parse.R.................. 23 tests [0;32mOK [0m
test_parse.R.................. 23 tests [0;32mOK [0m
test_parse.R.................. 24 tests [0;32mOK [0m
test_parse.R.................. 25 tests [0;32mOK [0m
test_parse.R.................. 25 tests [0;32mOK [0m
test_parse.R.................. 26 tests [0;32mOK [0m
test_parse.R.................. 27 tests [0;32mOK [0m
test_parse.R.................. 27 tests [0;32mOK [0m
test_parse.R.................. 28 tests [0;32mOK [0m
test_parse.R.................. 29 tests [0;32mOK [0m
test_parse.R.................. 29 tests [0;32mOK [0m
test_parse.R.................. 30 tests [0;32mOK [0m
test_parse.R.................. 31 tests [0;32mOK [0m
test_parse.R.................. 32 tests [0;32mOK [0m
test_parse.R.................. 32 tests [0;32mOK [0m
test_parse.R.................. 33 tests [0;32mOK [0m
test_parse.R.................. 34 tests [0;32mOK [0m
test_parse.R.................. 35 tests [0;32mOK [0m
test_parse.R.................. 36 tests [0;32mOK [0m
test_parse.R.................. 37 tests [0;32mOK [0m
test_parse.R.................. 38 tests [0;32mOK [0m
test_parse.R.................. 39 tests [0;32mOK [0m
test_parse.R.................. 40 tests [0;32mOK [0m
test_parse.R.................. 41 tests [0;32mOK [0m
test_parse.R.................. 42 tests [0;32mOK [0m
test_parse.R.................. 43 tests [0;32mOK [0m
test_parse.R.................. 44 tests [0;32mOK [0m
test_parse.R.................. 45 tests [0;32mOK [0m
test_parse.R.................. 46 tests [0;32mOK [0m
test_parse.R.................. 47 tests [0;32mOK [0m
test_parse.R.................. 48 tests [0;32mOK [0m
test_parse.R.................. 49 tests [0;32mOK [0m
test_parse.R.................. 49 tests [0;32mOK [0m
test_parse.R.................. 49 tests [0;32mOK [0m
test_parse.R.................. 50 tests [0;32mOK [0m
test_parse.R.................. 50 tests [0;32mOK [0m
test_parse.R.................. 50 tests [0;32mOK [0m
test_parse.R.................. 51 tests [0;32mOK [0m
test_parse.R.................. 51 tests [0;32mOK [0m
test_parse.R.................. 51 tests [0;32mOK [0m
test_parse.R.................. 52 tests [0;32mOK [0m
test_parse.R.................. 52 tests [0;32mOK [0m
test_parse.R.................. 52 tests [0;32mOK [0m
test_parse.R.................. 53 tests [0;32mOK [0m
test_parse.R.................. 53 tests [0;32mOK [0m
test_parse.R.................. 53 tests [0;32mOK [0m
test_parse.R.................. 54 tests [0;32mOK [0m
test_parse.R.................. 54 tests [0;32mOK [0m
test_parse.R.................. 54 tests [0;32mOK [0m
test_parse.R.................. 55 tests [0;32mOK [0m
test_parse.R.................. 55 tests [0;32mOK [0m
test_parse.R.................. 55 tests [0;32mOK [0m
test_parse.R.................. 55 tests [0;32mOK [0m
test_parse.R.................. 56 tests [0;32mOK [0m
test_parse.R.................. 56 tests [0;32mOK [0m
test_parse.R.................. 57 tests [0;32mOK [0m
test_parse.R.................. 57 tests [0;32mOK [0m
test_parse.R.................. 58 tests [0;32mOK [0m
test_parse.R.................. 58 tests [0;32mOK [0m
test_parse.R.................. 59 tests [0;32mOK [0m
test_parse.R.................. 59 tests [0;32mOK [0m
test_parse.R.................. 60 tests [0;32mOK [0m
test_parse.R.................. 60 tests [0;32mOK [0m
test_parse.R.................. 60 tests [0;32mOK [0m
test_parse.R.................. 61 tests [0;32mOK [0m
test_parse.R.................. 61 tests [0;32mOK [0m
test_parse.R.................. 62 tests [0;32mOK [0m
test_parse.R.................. 62 tests [0;32mOK [0m
test_parse.R.................. 63 tests [0;32mOK [0m
test_parse.R.................. 63 tests [0;32mOK [0m
test_parse.R.................. 64 tests [0;32mOK [0m
test_parse.R.................. 64 tests [0;32mOK [0m
test_parse.R.................. 65 tests [0;32mOK [0m
test_parse.R.................. 65 tests [0;32mOK [0m
test_parse.R.................. 65 tests [0;32mOK [0m
test_parse.R.................. 65 tests [0;32mOK [0m
test_parse.R.................. 66 tests [0;32mOK [0m
test_parse.R.................. 66 tests [0;32mOK [0m
test_parse.R.................. 66 tests [0;32mOK [0m
test_parse.R.................. 67 tests [0;32mOK [0m
test_parse.R.................. 67 tests [0;32mOK [0m
test_parse.R.................. 67 tests [0;32mOK [0m
test_parse.R.................. 68 tests [0;32mOK [0m [0;34m0.3s [0m
test_poc.R.................... 0 tests
test_poc.R.................... 0 tests
test_poc.R.................... 1 tests [0;32mOK [0m
test_poc.R.................... 1 tests [0;32mOK [0m
test_poc.R.................... 1 tests [0;32mOK [0m
test_poc.R.................... 2 tests [0;32mOK [0m
test_poc.R.................... 2 tests [0;32mOK [0m
test_poc.R.................... 2 tests [0;32mOK [0m
test_poc.R.................... 3 tests [0;32mOK [0m
test_poc.R.................... 3 tests [0;32mOK [0m
test_poc.R.................... 4 tests [0;32mOK [0m
test_poc.R.................... 4 tests [0;32mOK [0m
test_poc.R.................... 5 tests [0;32mOK [0m
test_poc.R.................... 5 tests [0;32mOK [0m
test_poc.R.................... 5 tests [0;32mOK [0m
test_poc.R.................... 6 tests [0;32mOK [0m
test_poc.R.................... 6 tests [0;32mOK [0m
test_poc.R.................... 6 tests [0;32mOK [0m
test_poc.R.................... 7 tests [0;32mOK [0m
test_poc.R.................... 7 tests [0;32mOK [0m
test_poc.R.................... 7 tests [0;32mOK [0m
test_poc.R.................... 8 tests [0;32mOK [0m
test_poc.R.................... 8 tests [0;32mOK [0m
test_poc.R.................... 8 tests [0;32mOK [0m
test_poc.R.................... 9 tests [0;32mOK [0m
test_poc.R.................... 9 tests [0;32mOK [0m
test_poc.R.................... 9 tests [0;32mOK [0m
test_poc.R.................... 9 tests [0;32mOK [0m
test_poc.R.................... 10 tests [0;32mOK [0m
test_poc.R.................... 10 tests [0;32mOK [0m
test_poc.R.................... 10 tests [0;32mOK [0m
test_poc.R.................... 11 tests [0;32mOK [0m
test_poc.R.................... 11 tests [0;32mOK [0m
test_poc.R.................... 12 tests [0;32mOK [0m
test_poc.R.................... 12 tests [0;32mOK [0m
test_poc.R.................... 13 tests [0;32mOK [0m
test_poc.R.................... 13 tests [0;32mOK [0m
test_poc.R.................... 13 tests [0;32mOK [0m
test_poc.R.................... 14 tests [0;32mOK [0m
test_poc.R.................... 14 tests [0;32mOK [0m
test_poc.R.................... 15 tests [0;32mOK [0m
test_poc.R.................... 15 tests [0;32mOK [0m
test_poc.R.................... 16 tests [0;32mOK [0m
test_poc.R.................... 16 tests [0;32mOK [0m
test_poc.R.................... 16 tests [0;32mOK [0m
test_poc.R.................... 17 tests [0;32mOK [0m
test_poc.R.................... 17 tests [0;32mOK [0m
test_poc.R.................... 18 tests [0;32mOK [0m
test_poc.R.................... 18 tests [0;32mOK [0m
test_poc.R.................... 19 tests [0;32mOK [0m
test_poc.R.................... 19 tests [0;32mOK [0m
test_poc.R.................... 20 tests [0;32mOK [0m
test_poc.R.................... 20 tests [0;32mOK [0m
test_poc.R.................... 21 tests [0;32mOK [0m
test_poc.R.................... 21 tests [0;32mOK [0m
test_poc.R.................... 21 tests [0;32mOK [0m
test_poc.R.................... 22 tests [0;32mOK [0m
test_poc.R.................... 22 tests [0;32mOK [0m
test_poc.R.................... 23 tests [0;32mOK [0m
test_poc.R.................... 23 tests [0;32mOK [0m
test_poc.R.................... 24 tests [0;32mOK [0m
test_poc.R.................... 24 tests [0;32mOK [0m
test_poc.R.................... 24 tests [0;32mOK [0m
test_poc.R.................... 25 tests [0;32mOK [0m
test_poc.R.................... 25 tests [0;32mOK [0m
test_poc.R.................... 26 tests [0;32mOK [0m
test_poc.R.................... 26 tests [0;32mOK [0m
test_poc.R.................... 26 tests [0;32mOK [0m
test_poc.R.................... 27 tests [0;32mOK [0m
test_poc.R.................... 27 tests [0;32mOK [0m
test_poc.R.................... 28 tests [0;32mOK [0m
test_poc.R.................... 28 tests [0;32mOK [0m
test_poc.R.................... 28 tests [0;32mOK [0m
test_poc.R.................... 29 tests [0;32mOK [0m
test_poc.R.................... 29 tests [0;32mOK [0m
test_poc.R.................... 29 tests [0;32mOK [0m
test_poc.R.................... 30 tests [0;32mOK [0m
test_poc.R.................... 30 tests [0;32mOK [0m
test_poc.R.................... 31 tests [0;32mOK [0m
test_poc.R.................... 31 tests [0;32mOK [0m
test_poc.R.................... 31 tests [0;32mOK [0m
test_poc.R.................... 31 tests [0;32mOK [0m
test_poc.R.................... 32 tests [0;32mOK [0m
test_poc.R.................... 32 tests [0;32mOK [0m
test_poc.R.................... 32 tests [0;32mOK [0m
test_poc.R.................... 32 tests [0;32mOK [0m
test_poc.R.................... 33 tests [0;32mOK [0m
test_poc.R.................... 33 tests [0;32mOK [0m
test_poc.R.................... 34 tests [0;32mOK [0m [0;34m0.8s [0m
test_run_validation.R......... 1 tests [0;32mOK [0m
test_run_validation.R......... 2 tests [0;32mOK [0m
test_run_validation.R......... 3 tests [0;32mOK [0m
test_run_validation.R......... 4 tests [0;32mOK [0m
test_run_validation.R......... 4 tests [0;32mOK [0m
test_run_validation.R......... 4 tests [0;32mOK [0m
test_run_validation.R......... 5 tests [0;32mOK [0m [0;36m75ms [0m
test_sdmx.R................... 0 tests
test_sdmx.R................... 0 tests [0;34m0.6s [0m [Exited at #6: skipping API-calling sdmx tests]
test_syntax.R................. 1 tests [0;32mOK [0m
test_syntax.R................. 2 tests [0;32mOK [0m
test_syntax.R................. 3 tests [0;32mOK [0m
test_syntax.R................. 3 tests [0;32mOK [0m
test_syntax.R................. 4 tests [0;32mOK [0m
test_syntax.R................. 5 tests [0;32mOK [0m
test_syntax.R................. 5 tests [0;32mOK [0m
test_syntax.R................. 6 tests [0;32mOK [0m
test_syntax.R................. 6 tests [0;32mOK [0m
test_syntax.R................. 7 tests [0;32mOK [0m
test_syntax.R................. 8 tests [0;32mOK [0m
test_syntax.R................. 8 tests [0;32mOK [0m
test_syntax.R................. 8 tests [0;32mOK [0m
test_syntax.R................. 8 tests [0;32mOK [0m
test_syntax.R................. 8 tests [0;32mOK [0m
test_syntax.R................. 9 tests [0;32mOK [0m
test_syntax.R................. 9 tests [0;32mOK [0m
test_syntax.R................. 10 tests [0;32mOK [0m
test_syntax.R................. 10 tests [0;32mOK [0m
test_syntax.R................. 11 tests [0;32mOK [0m
test_syntax.R................. 11 tests [0;32mOK [0m
test_syntax.R................. 12 tests [0;32mOK [0m
test_syntax.R................. 13 tests [0;32mOK [0m
test_syntax.R................. 14 tests [0;32mOK [0m
test_syntax.R................. 15 tests [0;32mOK [0m
test_syntax.R................. 16 tests [0;32mOK [0m
test_syntax.R................. 17 tests [0;32mOK [0m
test_syntax.R................. 17 tests [0;32mOK [0m
test_syntax.R................. 17 tests [0;32mOK [0m
test_syntax.R................. 18 tests [0;32mOK [0m
test_syntax.R................. 19 tests [0;32mOK [0m
test_syntax.R................. 20 tests [0;32mOK [0m
test_syntax.R................. 20 tests [0;32mOK [0m
test_syntax.R................. 20 tests [0;32mOK [0m
test_syntax.R................. 21 tests [0;32mOK [0m
test_syntax.R................. 21 tests [0;32mOK [0m
test_syntax.R................. 21 tests [0;32mOK [0m
test_syntax.R................. 22 tests [0;32mOK [0m
test_syntax.R................. 22 tests [0;32mOK [0m
test_syntax.R................. 23 tests [0;32mOK [0m
test_syntax.R................. 23 tests [0;32mOK [0m
test_syntax.R................. 24 tests [0;32mOK [0m [0;34m0.1s [0m
test_utils.R.................. 1 tests [0;32mOK [0m
test_utils.R.................. 1 tests [0;32mOK [0m
test_utils.R.................. 2 tests [0;32mOK [0m
test_utils.R.................. 2 tests [0;32mOK [0m
test_utils.R.................. 2 tests [0;32mOK [0m
test_utils.R.................. 3 tests [0;32mOK [0m
test_utils.R.................. 4 tests [0;32mOK [0m
test_utils.R.................. 5 tests [0;32mOK [0m
test_utils.R.................. 6 tests [0;32mOK [0m
test_utils.R.................. 6 tests [0;32mOK [0m
test_utils.R.................. 7 tests [0;32mOK [0m
test_utils.R.................. 7 tests [0;32mOK [0m
test_utils.R.................. 8 tests [0;32mOK [0m
test_utils.R.................. 9 tests [0;32mOK [0m
test_utils.R.................. 10 tests [0;32mOK [0m
test_utils.R.................. 11 tests [0;32mOK [0m
test_utils.R.................. 12 tests [0;32mOK [0m
test_utils.R.................. 13 tests [0;32mOK [0m
test_utils.R.................. 13 tests [0;32mOK [0m
test_utils.R.................. 13 tests [0;32mOK [0m
test_utils.R.................. 13 tests [0;32mOK [0m
test_utils.R.................. 13 tests [0;32mOK [0m
test_utils.R.................. 14 tests [0;32mOK [0m
test_utils.R.................. 14 tests [0;32mOK [0m
test_utils.R.................. 15 tests [0;32mOK [0m
test_utils.R.................. 16 tests [0;32mOK [0m
test_utils.R.................. 17 tests [0;32mOK [0m
test_utils.R.................. 17 tests [0;32mOK [0m
test_utils.R.................. 17 tests [0;32mOK [0m
test_utils.R.................. 17 tests [0;32mOK [0m
test_utils.R.................. 18 tests [0;32mOK [0m
test_utils.R.................. 19 tests [0;32mOK [0m
test_utils.R.................. 20 tests [0;32mOK [0m
test_utils.R.................. 21 tests [0;32mOK [0m
test_utils.R.................. 21 tests [0;32mOK [0m
test_utils.R.................. 22 tests [0;32mOK [0m
test_utils.R.................. 23 tests [0;32mOK [0m
test_utils.R.................. 23 tests [0;32mOK [0m
test_utils.R.................. 24 tests [0;32mOK [0m
test_utils.R.................. 24 tests [0;32mOK [0m
test_utils.R.................. 25 tests [0;32mOK [0m
test_utils.R.................. 26 tests [0;32mOK [0m
test_utils.R.................. 27 tests [0;32mOK [0m
test_utils.R.................. 28 tests [0;32mOK [0m
test_utils.R.................. 29 tests [0;32mOK [0m
test_utils.R.................. 30 tests [0;32mOK [0m
test_utils.R.................. 31 tests [0;32mOK [0m
test_utils.R.................. 32 tests [0;32mOK [0m
test_utils.R.................. 33 tests [0;32mOK [0m
test_utils.R.................. 34 tests [0;32mOK [0m
test_utils.R.................. 35 tests [0;32mOK [0m
test_utils.R.................. 37 tests [0;32mOK [0m [0;34m0.3s [0m
test_validator.R.............. 0 tests
test_validator.R.............. 0 tests
test_validator.R.............. 1 tests [0;32mOK [0m
test_validator.R.............. 1 tests [0;32mOK [0m
test_validator.R.............. 2 tests [0;32mOK [0m
test_validator.R.............. 2 tests [0;32mOK [0m
test_validator.R.............. 3 tests [0;32mOK [0m
test_validator.R.............. 3 tests [0;32mOK [0m
test_validator.R.............. 4 tests [0;32mOK [0m
test_validator.R.............. 5 tests [0;32mOK [0m
test_validator.R.............. 6 tests [0;32mOK [0m
test_validator.R.............. 7 tests [0;32mOK [0m
test_validator.R.............. 8 tests [0;32mOK [0m
test_validator.R.............. 9 tests [0;32mOK [0m
test_validator.R.............. 9 tests [0;32mOK [0m
test_validator.R.............. 10 tests [0;32mOK [0m
test_validator.R.............. 11 tests [0;32mOK [0m
test_validator.R.............. 11 tests [0;32mOK [0m
test_validator.R.............. 11 tests [0;32mOK [0m
test_validator.R.............. 11 tests [0;32mOK [0m
test_validator.R.............. 12 tests [0;32mOK [0m
test_validator.R.............. 12 tests [0;32mOK [0m
test_validator.R.............. 12 tests [0;32mOK [0m
test_validator.R.............. 12 tests [0;32mOK [0m
test_validator.R.............. 12 tests [0;32mOK [0m
test_validator.R.............. 12 tests [0;32mOK [0m
test_validator.R.............. 12 tests [0;32mOK [0m
test_validator.R.............. 12 tests [0;32mOK [0m
test_validator.R.............. 12 tests [0;32mOK [0m
test_validator.R.............. 12 tests [0;32mOK [0m
test_validator.R.............. 13 tests [0;32mOK [0m
test_validator.R.............. 13 tests [0;32mOK [0m
test_validator.R.............. 13 tests [0;32mOK [0m
test_validator.R.............. 13 tests [0;32mOK [0m Error in file(file, ifelse(append, "a", "w")) :
cannot open the connection
Calls: <Anonymous> ... eval -> export_yaml -> export_yaml -> write -> cat -> file
In addition: Warning message:
In file(file, ifelse(append, "a", "w")) :
cannot open file 'yamltests/tricky_rules.yaml': Read-only file system
Execution halted
- checking for unstated dependencies in vignettes ... OK
- checking package vignettes ... OK
- checking re-building of vignette outputs ... [20s/31s] OK
- checking PDF version of manual ... [11s/14s] OK
- checking HTML version of manual ... [9s/12s] OK
- checking for non-standard things in the check directory ... OK
- DONE
Status: 1 ERROR