- using R Under development (unstable) (2025-10-03 r88899)
- using platform: x86_64-pc-linux-gnu
- R was compiled by
Debian clang version 19.1.7 (7)
Debian flang-new version 19.1.7 (7)
- running under: Debian GNU/Linux forky/sid
- using session charset: UTF-8
- checking for file ‘stats19/DESCRIPTION’ ... OK
- this is package ‘stats19’ version ‘3.3.1’
- package encoding: UTF-8
- checking CRAN incoming feasibility ... [2s/2s] OK
- checking package namespace information ... OK
- checking package dependencies ... OK
- checking if this is a source package ... OK
- checking if there is a namespace ... OK
- checking for executable files ... OK
- checking for hidden files and directories ... OK
- checking for portable file names ... OK
- checking for sufficient/correct file permissions ... OK
- checking whether package ‘stats19’ can be installed ... OK
See the install log for details.
- checking package directory ... OK
- checking for future file timestamps ... OK
- checking ‘build’ directory ... OK
- checking DESCRIPTION meta-information ... OK
- checking top-level files ... OK
- checking for left-over files ... OK
- checking index information ... OK
- checking package subdirectories ... OK
- checking code files for non-ASCII characters ... OK
- checking R files for syntax errors ... OK
- checking whether the package can be loaded ... [0s/0s] OK
- checking whether the package can be loaded with stated dependencies ... [0s/0s] OK
- checking whether the package can be unloaded cleanly ... [0s/0s] OK
- checking whether the namespace can be loaded with stated dependencies ... [0s/0s] OK
- checking whether the namespace can be unloaded cleanly ... [0s/0s] OK
- checking loading without being on the library search path ... [0s/0s] OK
- checking whether startup messages can be suppressed ... [0s/0s] OK
- checking use of S3 registration ... OK
- checking dependencies in R code ... OK
- checking S3 generic/method consistency ... OK
- checking replacement functions ... OK
- checking foreign function calls ... OK
- checking R code for possible problems ... [5s/7s] OK
- checking Rd files ... [0s/1s] OK
- checking Rd metadata ... OK
- checking Rd line widths ... OK
- checking Rd cross-references ... OK
- checking for missing documentation entries ... OK
- checking for code/documentation mismatches ... OK
- checking Rd \usage sections ... OK
- checking Rd contents ... OK
- checking for unstated dependencies in examples ... OK
- checking contents of ‘data’ directory ... OK
- checking data for non-ASCII characters ... [0s/0s] OK
- checking LazyData ... OK
- checking data for ASCII and uncompressed saves ... OK
- checking installed files from ‘inst/doc’ ... OK
- checking files in ‘vignettes’ ... OK
- checking examples ... [3s/4s] OK
- checking for unstated dependencies in vignettes ... OK
- checking package vignettes ... OK
- checking re-building of vignette outputs ... [52s/73s] ERROR
Error(s) in re-building vignettes:
...
--- re-building ‘blog.Rmd’ using rmarkdown
[WARNING] Deprecated: --highlight-style. Use --syntax-highlighting instead.
[WARNING] Citeproc: citation sarkar_street_2018 not found
--- finished re-building ‘blog.Rmd’
--- re-building ‘stats19-training-setup.Rmd’ using rmarkdown
[WARNING] Deprecated: --highlight-style. Use --syntax-highlighting instead.
--- finished re-building ‘stats19-training-setup.Rmd’
--- re-building ‘stats19-training.Rmd’ using rmarkdown
[WARNING] Deprecated: --highlight-style. Use --syntax-highlighting instead.
[WARNING] Could not fetch resource https://raw.githubusercontent.com/ITSLeeds/TDS/master/courses/2day/images/rstudio-ui.png: HttpExceptionRequest Request {
host = "raw.githubusercontent.com"
port = 443
secure = True
requestHeaders = []
path = "/ITSLeeds/TDS/master/courses/2day/images/rstudio-ui.png"
queryString = ""
method = "GET"
proxy = Nothing
rawBody = False
redirectCount = 10
responseTimeout = ResponseTimeoutDefault
requestVersion = HTTP/1.1
proxySecureMode = ProxySecureWithConnect
}
(StatusCodeException (Response {responseStatus = Status {statusCode = 404, statusMessage = "Not Found"}, responseVersion = HTTP/1.1, responseHeaders = [("Connection","keep-alive"),("Content-Length","14"),("Content-Security-Policy","default-src 'none'; style-src 'unsafe-inline'; sandbox"),("Strict-Transport-Security","max-age=31536000"),("X-Content-Type-Options","nosniff"),("X-Frame-Options","deny"),("X-XSS-Protection","1; mode=block"),("Content-Type","text/plain; charset=utf-8"),("X-GitHub-Request-Id","1DFF:384765:76A636:8D8D98:68E4B9BB"),("Accept-Ranges","bytes"),("Date","Tue, 07 Oct 2025 06:57:00 GMT"),("Via","1.1 varnish"),("X-Served-By","cache-vie6369-VIE"),("X-Cache","MISS"),("X-Cache-Hits","0"),("X-Timer","S1759820220.157434,VS0,VE148"),("Vary","Authorization,Accept-Encoding"),("Access-Control-Allow-Origin","*"),("Cross-Origin-Resource-Policy","cross-origin"),("X-Fastly-Request-ID","6429e611704473698f3920a2ad35b86f41e6e736"),("Expires","Tue, 07 Oct 2025 07:02:00 GMT"),("Source-Age","0")], responseBody = (), responseCookieJar = CJ {expose = []}, responseClose' = ResponseClose, responseOriginalRequest = Request {
host = "raw.githubusercontent.com"
port = 443
secure = True
requestHeaders = []
path = "/ITSLeeds/TDS/master/courses/2day/images/rstudio-ui.png"
queryString = ""
method = "GET"
proxy = Nothing
rawBody = False
redirectCount = 10
responseTimeout = ResponseTimeoutDefault
requestVersion = HTTP/1.1
proxySecureMode = ProxySecureWithConnect
}
, responseEarlyHints = []}) "404: Not Found")
[WARNING] Could not fetch resource https://raw.githubusercontent.com/ITSLeeds/TDS/master/courses/2day/images/autocomplete.jpg: HttpExceptionRequest Request {
host = "raw.githubusercontent.com"
port = 443
secure = True
requestHeaders = []
path = "/ITSLeeds/TDS/master/courses/2day/images/autocomplete.jpg"
queryString = ""
method = "GET"
proxy = Nothing
rawBody = False
redirectCount = 10
responseTimeout = ResponseTimeoutDefault
requestVersion = HTTP/1.1
proxySecureMode = ProxySecureWithConnect
}
(StatusCodeException (Response {responseStatus = Status {statusCode = 404, statusMessage = "Not Found"}, responseVersion = HTTP/1.1, responseHeaders = [("Connection","keep-alive"),("Content-Length","14"),("Content-Security-Policy","default-src 'none'; style-src 'unsafe-inline'; sandbox"),("Strict-Transport-Security","max-age=31536000"),("X-Content-Type-Options","nosniff"),("X-Frame-Options","deny"),("X-XSS-Protection","1; mode=block"),("Content-Type","text/plain; charset=utf-8"),("X-GitHub-Request-Id","3885:368F28:759421:8C7C31:68E4B9BC"),("Accept-Ranges","bytes"),("Date","Tue, 07 Oct 2025 06:57:00 GMT"),("Via","1.1 varnish"),("X-Served-By","cache-vie6369-VIE"),("X-Cache","MISS"),("X-Cache-Hits","0"),("X-Timer","S1759820220.335163,VS0,VE169"),("Vary","Authorization,Accept-Encoding"),("Access-Control-Allow-Origin","*"),("Cross-Origin-Resource-Policy","cross-origin"),("X-Fastly-Request-ID","2a7caf91b8f092d4d9d660e8a561fc5cfedb3a20"),("Expires","Tue, 07 Oct 2025 07:02:00 GMT"),("Source-Age","0")], responseBody = (), responseCookieJar = CJ {expose = []}, responseClose' = ResponseClose, responseOriginalRequest = Request {
host = "raw.githubusercontent.com"
port = 443
secure = True
requestHeaders = []
path = "/ITSLeeds/TDS/master/courses/2day/images/autocomplete.jpg"
queryString = ""
method = "GET"
proxy = Nothing
rawBody = False
redirectCount = 10
responseTimeout = ResponseTimeoutDefault
requestVersion = HTTP/1.1
proxySecureMode = ProxySecureWithConnect
}
, responseEarlyHints = []}) "404: Not Found")
[WARNING] Could not fetch resource https://raw.githubusercontent.com/ITSLeeds/TDS/master/courses/2day/images/fucntionhelp.jpg: HttpExceptionRequest Request {
host = "raw.githubusercontent.com"
port = 443
secure = True
requestHeaders = []
path = "/ITSLeeds/TDS/master/courses/2day/images/fucntionhelp.jpg"
queryString = ""
method = "GET"
proxy = Nothing
rawBody = False
redirectCount = 10
responseTimeout = ResponseTimeoutDefault
requestVersion = HTTP/1.1
proxySecureMode = ProxySecureWithConnect
}
(StatusCodeException (Response {responseStatus = Status {statusCode = 404, statusMessage = "Not Found"}, responseVersion = HTTP/1.1, responseHeaders = [("Connection","keep-alive"),("Content-Length","14"),("Content-Security-Policy","default-src 'none'; style-src 'unsafe-inline'; sandbox"),("Strict-Transport-Security","max-age=31536000"),("X-Content-Type-Options","nosniff"),("X-Frame-Options","deny"),("X-XSS-Protection","1; mode=block"),("Content-Type","text/plain; charset=utf-8"),("X-GitHub-Request-Id","2763:3EB6B9:7B4095:922848:68E4B9BB"),("Accept-Ranges","bytes"),("Date","Tue, 07 Oct 2025 06:57:00 GMT"),("Via","1.1 varnish"),("X-Served-By","cache-vie6369-VIE"),("X-Cache","MISS"),("X-Cache-Hits","0"),("X-Timer","S1759820221.537713,VS0,VE162"),("Vary","Authorization,Accept-Encoding"),("Access-Control-Allow-Origin","*"),("Cross-Origin-Resource-Policy","cross-origin"),("X-Fastly-Request-ID","917bdbe1d8b07708df64f80a6c96504ecf44bc23"),("Expires","Tue, 07 Oct 2025 07:02:00 GMT"),("Source-Age","0")], responseBody = (), responseCookieJar = CJ {expose = []}, responseClose' = ResponseClose, responseOriginalRequest = Request {
host = "raw.githubusercontent.com"
port = 443
secure = True
requestHeaders = []
path = "/ITSLeeds/TDS/master/courses/2day/images/fucntionhelp.jpg"
queryString = ""
method = "GET"
proxy = Nothing
rawBody = False
redirectCount = 10
responseTimeout = ResponseTimeoutDefault
requestVersion = HTTP/1.1
proxySecureMode = ProxySecureWithConnect
}
, responseEarlyHints = []}) "404: Not Found")
--- finished re-building ‘stats19-training.Rmd’
--- re-building ‘stats19-vehicles.Rmd’ using rmarkdown
[WARNING] Deprecated: --highlight-style. Use --syntax-highlighting instead.
--- finished re-building ‘stats19-vehicles.Rmd’
--- re-building ‘stats19.Rmd’ using rmarkdown
Quitting from stats19.Rmd:366-374 [nfatalities]
~~~~~~~~~~~~~~~~~~~~~~~~~~~~~~~~~~~~~~~~~~~~~~~~~~~~~~~~~~~~~~~~~~~~~~~~~~~~~~~~
NULL
~~~~~~~~~~~~~~~~~~~~~~~~~~~~~~~~~~~~~~~~~~~~~~~~~~~~~~~~~~~~~~~~~~~~~~~~~~~~~~~~
Error: processing vignette 'stats19.Rmd' failed with diagnostics:
ℹ In argument: `accident_severity == "Fatal"`.
Caused by error:
! object 'accident_severity' not found
--- failed re-building ‘stats19.Rmd’
SUMMARY: processing the following file failed:
‘stats19.Rmd’
Error: Vignette re-building failed.
Execution halted
- checking PDF version of manual ... [6s/9s] OK
- checking HTML version of manual ... [1s/2s] OK
- checking for non-standard things in the check directory ... OK
- DONE
Status: 1 ERROR