- using R Under development (unstable) (2025-10-28 r88973)
 
- using platform: x86_64-pc-linux-gnu
 
- R was compiled by
    Debian clang version 19.1.7 (7)
    Debian flang-new version 19.1.7 (7)
 
- running under: Debian GNU/Linux forky/sid
 
- using session charset: UTF-8
 
- checking for file ‘sdpdth/DESCRIPTION’ ... OK
 
- checking extension type ... Package
 
- this is package ‘sdpdth’ version ‘0.2’
 
- package encoding: UTF-8
 
- checking CRAN incoming feasibility ... [0s/1s] NOTE
Maintainer: ‘Junyue Wu <wu.junyue.p1@dc.tohoku.ac.jp>’
No Authors@R field in DESCRIPTION.
Please add one, modifying
  Authors@R: person(given = "Junyue",
                    family = "Wu",
                    role = c("aut", "cre"),
                    email = "wu.junyue.p1@dc.tohoku.ac.jp")
as necessary.
 
- checking package namespace information ... OK
 
- checking package dependencies ... OK
 
- checking if this is a source package ... OK
 
- checking if there is a namespace ... OK
 
- checking for executable files ... OK
 
- checking for hidden files and directories ... OK
 
- checking for portable file names ... OK
 
- checking for sufficient/correct file permissions ... OK
 
- checking serialization versions ... OK
 
- checking whether package ‘sdpdth’ can be installed ... WARNING
Found the following significant warnings:
  /home/hornik/tmp/R.check/r-devel-clang/Work/build/Packages/RcppArmadillo/include/RcppArmadillo/version/arma.h:66:17: warning: Using fallback compilation with Armadillo 14.6.3. Please consider defining -DARMA_USE_CURRENT and also removing C++11 compilation directive. See GitHub issue #475 for more. [-W#pragma-messages]
See the install log for details.
 
- used C++ compiler: ‘Debian clang version 19.1.7 (7)’
 
- checking C++ specification ... NOTE
  Specified C++11: please drop specification unless essential
 
- checking package directory ... OK
 
- checking for future file timestamps ... OK
 
- checking DESCRIPTION meta-information ... OK
 
- checking top-level files ... OK
 
- checking for left-over files ... OK
 
- checking index information ... OK
 
- checking package subdirectories ... OK
 
- checking code files for non-ASCII characters ... OK
 
- checking R files for syntax errors ... OK
 
- checking whether the package can be loaded ... [2s/3s] OK
 
- checking whether the package can be loaded with stated dependencies ... [2s/3s] OK
 
- checking whether the package can be unloaded cleanly ... [2s/3s] OK
 
- checking whether the namespace can be loaded with stated dependencies ... [2s/3s] OK
 
- checking whether the namespace can be unloaded cleanly ... [2s/3s] OK
 
- checking loading without being on the library search path ... [2s/3s] OK
 
- checking use of S3 registration ... OK
 
- checking dependencies in R code ... OK
 
- checking S3 generic/method consistency ... OK
 
- checking replacement functions ... OK
 
- checking foreign function calls ... OK
 
- checking R code for possible problems ... [36s/46s] OK
 
- checking Rd files ... [0s/0s] NOTE
checkRd: (-1) msdpd.Rd:69: Lost braces in \itemize; meant \describe ?
checkRd: (-1) msdpd.Rd:76: Lost braces in \itemize; meant \describe ?
checkRd: (-1) msdpd.Rd:77: Lost braces in \itemize; meant \describe ?
checkRd: (-1) msdpd.Rd:78: Lost braces in \itemize; meant \describe ?
checkRd: (-1) msdpd.Rd:53: Lost braces in \itemize; \value handles \item{}{} directly
checkRd: (-1) msdpd.Rd:54: Lost braces in \itemize; \value handles \item{}{} directly
checkRd: (-1) msdpd.Rd:55: Lost braces in \itemize; \value handles \item{}{} directly
checkRd: (-1) msdpd.Rd:56: Lost braces in \itemize; \value handles \item{}{} directly
checkRd: (-1) msdpdth.Rd:84: Lost braces in \itemize; meant \describe ?
checkRd: (-1) msdpdth.Rd:91: Lost braces in \itemize; meant \describe ?
checkRd: (-1) msdpdth.Rd:92: Lost braces in \itemize; meant \describe ?
checkRd: (-1) msdpdth.Rd:93: Lost braces in \itemize; meant \describe ?
checkRd: (-1) msdpdth.Rd:65: Lost braces in \itemize; \value handles \item{}{} directly
checkRd: (-1) msdpdth.Rd:66: Lost braces in \itemize; \value handles \item{}{} directly
checkRd: (-1) msdpdth.Rd:67: Lost braces in \itemize; \value handles \item{}{} directly
checkRd: (-1) msdpdth.Rd:68: Lost braces in \itemize; \value handles \item{}{} directly
checkRd: (-1) msdpdth.Rd:69: Lost braces in \itemize; \value handles \item{}{} directly
checkRd: (-1) msdpdth.Rd:70: Lost braces in \itemize; \value handles \item{}{} directly
 
- checking Rd metadata ... OK
 
- checking Rd line widths ... OK
 
- checking Rd cross-references ... OK
 
- checking for missing documentation entries ... OK
 
- checking for code/documentation mismatches ... OK
 
- checking Rd \usage sections ... OK
 
- checking Rd contents ... OK
 
- checking for unstated dependencies in examples ... OK
 
- checking contents of ‘data’ directory ... OK
 
- checking data for non-ASCII characters ... [0s/1s] OK
 
- checking LazyData ... OK
 
- checking data for ASCII and uncompressed saves ... OK
 
- checking line endings in C/C++/Fortran sources/headers ... OK
 
- checking line endings in Makefiles ... OK
 
- checking compilation flags in Makevars ... OK
 
- checking for GNU extensions in Makefiles ... OK
 
- checking for portable use of $(BLAS_LIBS) and $(LAPACK_LIBS) ... OK
 
- checking use of PKG_*FLAGS in Makefiles ... OK
 
- checking use of SHLIB_OPENMP_*FLAGS in Makefiles ... OK
 
- checking pragmas in C/C++ headers and code ... OK
 
- checking compilation flags used ... OK
 
- checking compiled code ... OK
 
- checking examples ... [3s/3s] OK
 
- checking PDF version of manual ... [5s/8s] OK
 
- checking HTML version of manual ... [1s/2s] OK
 
- checking for non-standard things in the check directory ... OK
 
- DONE
 
Status: 1 WARNING, 3 NOTEs