- using R Under development (unstable) (2025-11-12 r89009)
- using platform: x86_64-pc-linux-gnu
- R was compiled by
Debian clang version 21.1.5 (1)
Debian flang version 21.1.5 (1)
- running under: Debian GNU/Linux forky/sid
- using session charset: UTF-8
- checking for file ‘praznik/DESCRIPTION’ ... OK
- checking extension type ... Package
- this is package ‘praznik’ version ‘12.0.0’
- package encoding: UTF-8
- checking CRAN incoming feasibility ... [1s/1s] OK
- checking package namespace information ... OK
- checking package dependencies ... OK
- checking if this is a source package ... OK
- checking if there is a namespace ... OK
- checking for executable files ... OK
- checking for hidden files and directories ... OK
- checking for portable file names ... OK
- checking for sufficient/correct file permissions ... OK
- checking whether package ‘praznik’ can be installed ... OK
See the install log for details.
- used C compiler: ‘Debian clang version 21.1.5 (1)’
- checking package directory ... OK
- checking for future file timestamps ... OK
- checking DESCRIPTION meta-information ... OK
- checking top-level files ... OK
- checking for left-over files ... OK
- checking index information ... OK
- checking package subdirectories ... OK
- checking code files for non-ASCII characters ... OK
- checking R files for syntax errors ... OK
- checking whether the package can be loaded ... [0s/1s] OK
- checking whether the package can be loaded with stated dependencies ... [0s/0s] OK
- checking whether the package can be unloaded cleanly ... [0s/0s] OK
- checking whether the namespace can be loaded with stated dependencies ... [0s/0s] OK
- checking whether the namespace can be unloaded cleanly ... [0s/0s] OK
- checking loading without being on the library search path ... [0s/0s] OK
- checking use of S3 registration ... OK
- checking dependencies in R code ... OK
- checking S3 generic/method consistency ... OK
- checking replacement functions ... OK
- checking foreign function calls ... OK
- checking R code for possible problems ... [3s/5s] OK
- checking Rd files ... [1s/1s] OK
- checking Rd metadata ... OK
- checking Rd line widths ... OK
- checking Rd cross-references ... OK
- checking for missing documentation entries ... OK
- checking for code/documentation mismatches ... OK
- checking Rd \usage sections ... OK
- checking Rd contents ... OK
- checking for unstated dependencies in examples ... OK
- checking contents of ‘data’ directory ... OK
- checking data for non-ASCII characters ... [0s/0s] OK
- checking data for ASCII and uncompressed saves ... OK
- checking line endings in C/C++/Fortran sources/headers ... OK
- checking line endings in Makefiles ... OK
- checking compilation flags in Makevars ... OK
- checking for GNU extensions in Makefiles ... OK
- checking for portable use of $(BLAS_LIBS) and $(LAPACK_LIBS) ... OK
- checking use of PKG_*FLAGS in Makefiles ... OK
- checking use of SHLIB_OPENMP_*FLAGS in Makefiles ... OK
- checking pragmas in C/C++ headers and code ... OK
- checking compilation flags used ... OK
- checking compiled code ... OK
- checking examples ... [4s/2s] OK
- checking for unstated dependencies in ‘tests’ ... OK
- checking tests ... [9s/5s] ERROR
Running ‘tinytest.R’ [8s/5s]
Running the tests in ‘tests/tinytest.R’ failed.
Complete output:
>
> if ( requireNamespace("tinytest", quietly=TRUE) ){
+ tinytest::test_package("praznik")
+ }
test-engine.R................. 0 tests
test-engine.R................. 0 tests
test-engine.R................. 25 tests [0;32mOK [0m [0;34m0.2s [0m
test-input.R.................. 0 tests
test-input.R.................. 0 tests
test-input.R.................. 1 tests [0;32mOK [0m
test-input.R.................. 2 tests [0;32mOK [0m
test-input.R.................. 2 tests [0;32mOK [0m
test-input.R.................. 2 tests [0;32mOK [0m
test-input.R.................. 2 tests [0;32mOK [0m
test-input.R.................. 2 tests [0;32mOK [0m
test-input.R.................. 3 tests [0;32mOK [0m
test-input.R.................. 4 tests [0;32mOK [0m
test-input.R.................. 5 tests [0;32mOK [0m
test-input.R.................. 6 tests [0;32mOK [0m
test-input.R.................. 7 tests [0;32mOK [0m
test-input.R.................. 7 tests [0;32mOK [0m
test-input.R.................. 7 tests [0;32mOK [0m
test-input.R.................. 7 tests [0;32mOK [0m
test-input.R.................. 8 tests [0;32mOK [0m
test-input.R.................. 9 tests [0;32mOK [0m
test-input.R.................. 10 tests [0;32mOK [0m
test-input.R.................. 10 tests [0;32mOK [0m
test-input.R.................. 11 tests [0;32mOK [0m
test-input.R.................. 11 tests [0;32mOK [0m
test-input.R.................. 11 tests [0;32mOK [0m
test-input.R.................. 12 tests [0;32mOK [0m
test-input.R.................. 12 tests [0;32mOK [0m
test-input.R.................. 49 tests [0;32mOK [0m
test-input.R.................. 50 tests [0;32mOK [0m
test-input.R.................. 50 tests [0;32mOK [0m
test-input.R.................. 51 tests [0;32mOK [0m
test-input.R.................. 51 tests [0;32mOK [0m
test-input.R.................. 52 tests [0;32mOK [0m
test-input.R.................. 52 tests [0;32mOK [0m
test-input.R.................. 52 tests [0;32mOK [0m
test-input.R.................. 52 tests [0;32mOK [0m
test-input.R.................. 52 tests [0;32mOK [0m
test-input.R.................. 55 tests [0;32mOK [0m
test-input.R.................. 67 tests [0;32mOK [0m
test-input.R.................. 67 tests [0;32mOK [0m
test-input.R.................. 67 tests [0;32mOK [0m
test-input.R.................. 68 tests [0;32mOK [0m
test-input.R.................. 68 tests [0;32mOK [0m
test-input.R.................. 68 tests [0;32mOK [0m
test-input.R.................. 68 tests [0;32mOK [0m
test-input.R.................. 68 tests [0;32mOK [0m
test-input.R.................. 78 tests [0;32mOK [0m
test-input.R.................. 83 tests [0;32mOK [0m
test-input.R.................. 83 tests [0;32mOK [0m
test-input.R.................. 83 tests [0;32mOK [0m
test-input.R.................. 83 tests [0;32mOK [0m
test-input.R.................. 83 tests [0;32mOK [0m
test-input.R.................. 84 tests [0;32mOK [0m
test-input.R.................. 84 tests [0;32mOK [0m
test-input.R.................. 85 tests [0;32mOK [0m
test-input.R.................. 85 tests [0;32mOK [0m
test-input.R.................. 86 tests [0;32mOK [0m
test-input.R.................. 86 tests [0;32mOK [0m
test-input.R.................. 86 tests [0;32mOK [0m
test-input.R.................. 87 tests [0;32mOK [0m
test-input.R.................. 87 tests [0;32mOK [0m
test-input.R.................. 87 tests [0;32mOK [0m
test-input.R.................. 87 tests [0;32mOK [0m
test-input.R.................. 88 tests [0;32mOK [0m
test-input.R.................. 89 tests [0;32mOK [0m
test-input.R.................. 90 tests [0;32mOK [0m
test-input.R.................. 91 tests [0;32mOK [0m
test-input.R.................. 92 tests [0;32mOK [0m
test-input.R.................. 93 tests [0;32mOK [0m
test-input.R.................. 94 tests [0;32mOK [0m
test-input.R.................. 94 tests [0;32mOK [0m
test-input.R.................. 95 tests [0;32mOK [0m
test-input.R.................. 96 tests [0;32mOK [0m
test-input.R.................. 97 tests [0;32mOK [0m
test-input.R.................. 98 tests [0;32mOK [0m
test-input.R.................. 99 tests [0;32mOK [0m
test-input.R.................. 100 tests [0;32mOK [0m [0;34m0.2s [0m
test-joinf.R.................. 0 tests
test-joinf.R.................. 1 tests [0;32mOK [0m [0;36m8ms [0m
test-madelon.R................ 0 tests
test-madelon.R................ 0 tests
test-madelon.R................ 0 tests
test-madelon.R................ 0 tests
test-madelon.R................ 0 tests
test-madelon.R................ 0 tests
test-madelon.R................ 16 tests [0;32mOK [0m
test-madelon.R................ 16 tests [0;32mOK [0m
test-madelon.R................ 16 tests [0;32mOK [0m
test-madelon.R................ 16 tests [0;32mOK [0m
test-madelon.R................ 17 tests [0;32mOK [0m
test-madelon.R................ 18 tests [0;32mOK [0m [0;34m2.5s [0m
test-matrix.R................. 0 tests
test-matrix.R................. 0 tests
test-matrix.R................. 0 tests
test-matrix.R................. 0 tests
test-matrix.R................. 0 tests
test-matrix.R................. 0 tests
test-matrix.R................. 0 tests
test-matrix.R................. 0 tests
test-matrix.R................. 1 tests [0;32mOK [0m
test-matrix.R................. 2 tests [0;32mOK [0m
test-matrix.R................. 3 tests [0;32mOK [0m
test-matrix.R................. 4 tests [0;32mOK [0m
test-matrix.R................. 5 tests [0;32mOK [0m
test-matrix.R................. 6 tests [0;32mOK [0m
test-matrix.R................. 7 tests [0;32mOK [0m
test-matrix.R................. 8 tests [0;32mOK [0m
test-matrix.R................. 9 tests [0;32mOK [0m
test-matrix.R................. 10 tests [0;32mOK [0m
test-matrix.R................. 11 tests [0;32mOK [0m
test-matrix.R................. 12 tests [0;32mOK [0m
test-matrix.R................. 12 tests [0;32mOK [0m
test-matrix.R................. 13 tests [0;32mOK [0m
test-matrix.R................. 14 tests [0;32mOK [0m
test-matrix.R................. 14 tests [0;32mOK [0m
test-matrix.R................. 15 tests [0;32mOK [0m
test-matrix.R................. 16 tests [0;32mOK [0m [0;36m40ms [0m
test-native-pure.R............ 0 tests
test-native-pure.R............ 0 tests
test-native-pure.R............ 0 tests
test-native-pure.R............ 0 tests
test-native-pure.R............ 0 tests
test-native-pure.R............ 0 tests
test-native-pure.R............ 0 tests
test-native-pure.R............ 9 tests [0;32mOK [0m
test-native-pure.R............ 18 tests [0;32mOK [0m
test-native-pure.R............ 27 tests [0;32mOK [0m
test-native-pure.R............ 27 tests [0;32mOK [0m
test-native-pure.R............ 28 tests [0;32mOK [0m
test-native-pure.R............ 28 tests [0;32mOK [0m
test-native-pure.R............ 29 tests [0;32mOK [0m
test-native-pure.R............ 29 tests [0;32mOK [0m
test-native-pure.R............ 29 tests [0;32mOK [0m
test-native-pure.R............ 30 tests [0;32mOK [0m
test-native-pure.R............ 31 tests [0;32mOK [0m
test-native-pure.R............ 32 tests [0;32mOK [0m
test-native-pure.R............ 32 tests [0;32mOK [0m
test-native-pure.R............ 33 tests [0;32mOK [0m
test-native-pure.R............ 34 tests [0;32mOK [0m
test-native-pure.R............ 34 tests [0;32mOK [0m
test-native-pure.R............ 35 tests [0;32mOK [0m
test-native-pure.R............ 36 tests [0;32mOK [0m
test-native-pure.R............ 42 tests [0;32mOK [0m
test-native-pure.R............ 42 tests [0;32mOK [0m
test-native-pure.R............ 42 tests [0;32mOK [0m
test-native-pure.R............ 43 tests [0;32mOK [0m
test-native-pure.R............ 43 tests [0;32mOK [0m
test-native-pure.R............ 43 tests [0;32mOK [0m
test-native-pure.R............ 44 tests [0;32mOK [0m
test-native-pure.R............ 45 tests [0;32mOK [0m
test-native-pure.R............ 46 tests [0;32mOK [0m
test-native-pure.R............ 55 tests [0;31m1 fails [0m
test-native-pure.R............ 55 tests [0;31m1 fails [0m
test-native-pure.R............ 56 tests [0;31m1 fails [0m
test-native-pure.R............ 56 tests [0;31m1 fails [0m
test-native-pure.R............ 56 tests [0;31m1 fails [0m
test-native-pure.R............ 57 tests [0;31m1 fails [0m
test-native-pure.R............ 58 tests [0;31m1 fails [0m [0;34m1.1s [0m
test-transform.R.............. 54 tests [0;32mOK [0m
test-transform.R.............. 55 tests [0;32mOK [0m
test-transform.R.............. 56 tests [0;32mOK [0m
test-transform.R.............. 57 tests [0;32mOK [0m
test-transform.R.............. 57 tests [0;32mOK [0m
test-transform.R.............. 57 tests [0;32mOK [0m
test-transform.R.............. 57 tests [0;32mOK [0m
test-transform.R.............. 57 tests [0;32mOK [0m
test-transform.R.............. 58 tests [0;32mOK [0m
test-transform.R.............. 59 tests [0;32mOK [0m
test-transform.R.............. 60 tests [0;32mOK [0m
test-transform.R.............. 61 tests [0;32mOK [0m
test-transform.R.............. 62 tests [0;32mOK [0m
test-transform.R.............. 63 tests [0;32mOK [0m
test-transform.R.............. 64 tests [0;32mOK [0m
test-transform.R.............. 65 tests [0;32mOK [0m
test-transform.R.............. 66 tests [0;32mOK [0m
test-transform.R.............. 66 tests [0;32mOK [0m
test-transform.R.............. 67 tests [0;32mOK [0m
test-transform.R.............. 87 tests [0;32mOK [0m
test-transform.R.............. 88 tests [0;32mOK [0m
test-transform.R.............. 89 tests [0;32mOK [0m
test-transform.R.............. 90 tests [0;32mOK [0m
test-transform.R.............. 91 tests [0;32mOK [0m
test-transform.R.............. 92 tests [0;32mOK [0m
test-transform.R.............. 93 tests [0;32mOK [0m
test-transform.R.............. 94 tests [0;32mOK [0m
test-transform.R.............. 94 tests [0;32mOK [0m
test-transform.R.............. 94 tests [0;32mOK [0m
test-transform.R.............. 95 tests [0;32mOK [0m
test-transform.R.............. 96 tests [0;32mOK [0m
test-transform.R.............. 97 tests [0;32mOK [0m
test-transform.R.............. 98 tests [0;32mOK [0m
test-transform.R.............. 99 tests [0;32mOK [0m
test-transform.R.............. 100 tests [0;32mOK [0m
test-transform.R.............. 100 tests [0;32mOK [0m
test-transform.R.............. 101 tests [0;32mOK [0m
test-transform.R.............. 101 tests [0;32mOK [0m
test-transform.R.............. 101 tests [0;32mOK [0m
test-transform.R.............. 102 tests [0;32mOK [0m
test-transform.R.............. 102 tests [0;32mOK [0m
test-transform.R.............. 103 tests [0;32mOK [0m
test-transform.R.............. 103 tests [0;32mOK [0m
test-transform.R.............. 104 tests [0;32mOK [0m [0;36m66ms [0m
----- FAILED[data]: test-native-pure.R<131--136>
call| expect_equal(current = met(iris[, rep(1:4, 10)], iris$Species,
call| threads = 2), target = met(iris[, rep(1:4, 10)], iris$Species,
call| threads = 1))
diff| Component "selection": Names: 1 string mismatch
diff| Component "selection": Mean relative difference: 1
diff| Component "score": Names: 1 string mismatch
Error: 1 out of 322 tests failed
Execution halted
- checking PDF version of manual ... [7s/10s] OK
- checking HTML version of manual ... [2s/3s] OK
- checking for non-standard things in the check directory ... OK
- DONE
Status: 1 ERROR