- using R Under development (unstable) (2025-11-23 r89052)
- using platform: x86_64-pc-linux-gnu
- R was compiled by
Debian clang version 21.1.5 (1)
Debian flang version 21.1.5 (1)
- running under: Debian GNU/Linux forky/sid
- using session charset: UTF-8
- checking for file ‘panstarrs/DESCRIPTION’ ... OK
- this is package ‘panstarrs’ version ‘0.2.2’
- package encoding: UTF-8
- checking CRAN incoming feasibility ... [1s/2s] OK
- checking package namespace information ... OK
- checking package dependencies ... OK
- checking if this is a source package ... OK
- checking if there is a namespace ... OK
- checking for executable files ... OK
- checking for hidden files and directories ... OK
- checking for portable file names ... OK
- checking for sufficient/correct file permissions ... OK
- checking whether package ‘panstarrs’ can be installed ... OK
See the install log for details.
- checking package directory ... OK
- checking for future file timestamps ... OK
- checking ‘build’ directory ... OK
- checking DESCRIPTION meta-information ... OK
- checking top-level files ... OK
- checking for left-over files ... OK
- checking index information ... OK
- checking package subdirectories ... OK
- checking code files for non-ASCII characters ... OK
- checking R files for syntax errors ... OK
- checking whether the package can be loaded ... [0s/1s] OK
- checking whether the package can be loaded with stated dependencies ... [0s/0s] OK
- checking whether the package can be unloaded cleanly ... [0s/0s] OK
- checking whether the namespace can be loaded with stated dependencies ... [0s/0s] OK
- checking whether the namespace can be unloaded cleanly ... [0s/0s] OK
- checking loading without being on the library search path ... [0s/0s] OK
- checking use of S3 registration ... OK
- checking dependencies in R code ... OK
- checking S3 generic/method consistency ... OK
- checking replacement functions ... OK
- checking foreign function calls ... OK
- checking R code for possible problems ... [4s/6s] OK
- checking Rd files ... [0s/0s] OK
- checking Rd metadata ... OK
- checking Rd line widths ... OK
- checking Rd cross-references ... OK
- checking for missing documentation entries ... OK
- checking for code/documentation mismatches ... OK
- checking Rd \usage sections ... OK
- checking Rd contents ... OK
- checking for unstated dependencies in examples ... OK
- checking R/sysdata.rda ... OK
- checking installed files from ‘inst/doc’ ... OK
- checking files in ‘vignettes’ ... OK
- checking examples ... [0s/1s] OK
- checking for unstated dependencies in ‘tests’ ... OK
- checking tests ... [2s/4s] OK
Running ‘testthat.R’ [1s/4s]
- checking for unstated dependencies in vignettes ... OK
- checking package vignettes ... OK
- checking re-building of vignette outputs ... [5s/14s] ERROR
Error(s) in re-building vignettes:
...
--- re-building ‘PS1_Cat.Rmd’ using rmarkdown
Quitting from PS1_Cat.Rmd:35-50 [unnamed-chunk-3]
~~~~~~~~~~~~~~~~~~~~~~~~~~~~~~~~~~~~~~~~~~~~~~~~~~~~~~~~~~~~~~~~~~~~~~~~~~~~~~~~
<error/rlang_error>
Error in `convert_function[[types[i]]]()`:
! attempt to apply non-function
---
Backtrace:
▆
1. └─panstarrs::ps1_cone(...)
2. └─panstarrs::ps1_search(...)
3. └─panstarrs:::convert_types(dt, cols, types)
4. └─base::lapply(seq_along(cols), function(i) convert_function[[types[i]]](dt[[i]]))
5. └─panstarrs (local) FUN(X[[i]], ...)
~~~~~~~~~~~~~~~~~~~~~~~~~~~~~~~~~~~~~~~~~~~~~~~~~~~~~~~~~~~~~~~~~~~~~~~~~~~~~~~~
Error: processing vignette 'PS1_Cat.Rmd' failed with diagnostics:
attempt to apply non-function
--- failed re-building ‘PS1_Cat.Rmd’
--- re-building ‘PS1_Images.Rmd’ using rmarkdown
[WARNING] Deprecated: --highlight-style. Use --syntax-highlighting instead.
--- finished re-building ‘PS1_Images.Rmd’
SUMMARY: processing the following file failed:
‘PS1_Cat.Rmd’
Error: Vignette re-building failed.
Execution halted
- checking PDF version of manual ... [5s/8s] OK
- checking HTML version of manual ... [1s/1s] OK
- checking for non-standard things in the check directory ... OK
- DONE
Status: 1 ERROR