- using R Under development (unstable) (2022-06-18 r82503)
- using platform: x86_64-pc-linux-gnu (64-bit)
- using session charset: ISO8859-15
- checking for file 'netdiffuseR/DESCRIPTION' ... OK
- this is package 'netdiffuseR' version '1.22.3'
- package encoding: UTF-8
- checking package namespace information ... OK
- checking package dependencies ... OK
- checking if this is a source package ... OK
- checking if there is a namespace ... OK
- checking for executable files ... OK
- checking for hidden files and directories ... OK
- checking for portable file names ... OK
- checking for sufficient/correct file permissions ... OK
- checking serialization versions ... OK
- checking whether package 'netdiffuseR' can be installed ... WARNING
Found the following significant warnings:
netdiffuser_extra.cpp:84:12: warning: use of bitwise '|' with boolean operands [-Wbitwise-instead-of-logical]
netdiffuser_extra.cpp:85:12: warning: use of bitwise '|' with boolean operands [-Wbitwise-instead-of-logical]
netdiffuser_extra.cpp:86:12: warning: use of bitwise '|' with boolean operands [-Wbitwise-instead-of-logical]
netdiffuser_extra.cpp:87:12: warning: use of bitwise '|' with boolean operands [-Wbitwise-instead-of-logical]
netdiffuser_extra.cpp:88:12: warning: use of bitwise '|' with boolean operands [-Wbitwise-instead-of-logical]
netdiffuser_extra.cpp:89:12: warning: use of bitwise '|' with boolean operands [-Wbitwise-instead-of-logical]
netdiffuser_extra.cpp:90:12: warning: use of bitwise '|' with boolean operands [-Wbitwise-instead-of-logical]
netdiffuser_extra.cpp:91:12: warning: use of bitwise '|' with boolean operands [-Wbitwise-instead-of-logical]
netdiffuser_extra.cpp:92:12: warning: use of bitwise '|' with boolean operands [-Wbitwise-instead-of-logical]
plot.cpp:70:14: warning: use of bitwise '&' with boolean operands [-Wbitwise-instead-of-logical]
plot.cpp:70:58: warning: use of bitwise '&' with boolean operands [-Wbitwise-instead-of-logical]
plot.cpp:70:15: warning: use of bitwise '&' with boolean operands [-Wbitwise-instead-of-logical]
rgraph.cpp:257:7: warning: use of bitwise '|' with boolean operands [-Wbitwise-instead-of-logical]
See https://www.r-project.org/nosvn/R.check/r-devel-linux-x86_64-debian-clang/netdiffuseR-00install.html for details.
- checking package directory ... OK
- checking for future file timestamps ... OK
- checking 'build' directory ... OK
- checking DESCRIPTION meta-information ... OK
- checking top-level files ... OK
- checking for left-over files ... OK
- checking index information ... OK
- checking package subdirectories ... OK
- checking R files for non-ASCII characters ... OK
- checking R files for syntax errors ... OK
- checking whether the package can be loaded ... OK
- checking whether the package can be loaded with stated dependencies ... OK
- checking whether the package can be unloaded cleanly ... OK
- checking whether the namespace can be loaded with stated dependencies ... OK
- checking whether the namespace can be unloaded cleanly ... OK
- checking loading without being on the library search path ... OK
- checking use of S3 registration ... OK
- checking dependencies in R code ... OK
- checking S3 generic/method consistency ... OK
- checking replacement functions ... OK
- checking foreign function calls ... OK
- checking R code for possible problems ... [45s/52s] OK
- checking Rd files ... [2s/2s] OK
- checking Rd metadata ... OK
- checking Rd line widths ... OK
- checking Rd cross-references ... OK
- checking for missing documentation entries ... OK
- checking for code/documentation mismatches ... OK
- checking Rd \usage sections ... OK
- checking Rd contents ... OK
- checking for unstated dependencies in examples ... OK
- checking contents of 'data' directory ... OK
- checking data for non-ASCII characters ... OK
- checking LazyData ... OK
- checking data for ASCII and uncompressed saves ... OK
- checking line endings in shell scripts ... OK
- checking line endings in C/C++/Fortran sources/headers ... OK
- checking line endings in Makefiles ... OK
- checking compilation flags in Makevars ... OK
- checking for GNU extensions in Makefiles ... OK
- checking for portable use of $(BLAS_LIBS) and $(LAPACK_LIBS) ... OK
- checking use of PKG_*FLAGS in Makefiles ... OK
- checking use of SHLIB_OPENMP_*FLAGS in Makefiles ... OK
- checking pragmas in C/C++ headers and code ... OK
- checking compilation flags used ... OK
- checking compiled code ... OK
- checking installed files from 'inst/doc' ... OK
- checking files in 'vignettes' ... OK
- checking examples ... [43s/49s] OK
Examples with CPU (user + system) or elapsed time > 5s
user system elapsed
diffusionMap 8.239 0.131 9.888
exposure 6.137 0.080 7.291
c.diffnet 5.711 0.266 6.611
rewire_graph 5.162 0.023 6.087
Examples with CPU time > 2.5 times elapsed time
user system elapsed ratio
summary.diffnet 1.062 0.144 0.126 9.571
- checking for unstated dependencies in 'tests' ... OK
- checking tests ... [39s/42s] OK
Running 'testthat.R' [39s/42s]
- checking for unstated dependencies in vignettes ... OK
- checking package vignettes in 'inst/doc' ... OK
- checking re-building of vignette outputs ... [136s/119s] OK
- checking PDF version of manual ... OK
- checking for non-standard things in the check directory ... OK
- DONE
Status: 1 WARNING