- using R Under development (unstable) (2019-12-11 r77556)
- using platform: x86_64-pc-linux-gnu (64-bit)
- using session charset: ISO8859-15
- checking for file 'ggenealogy/DESCRIPTION' ... OK
- this is package 'ggenealogy' version '1.0.0'
- checking package namespace information ... OK
- checking package dependencies ... OK
- checking if this is a source package ... OK
- checking if there is a namespace ... OK
- checking for executable files ... OK
- checking for hidden files and directories ... OK
- checking for portable file names ... OK
- checking for sufficient/correct file permissions ... OK
- checking whether package 'ggenealogy' can be installed ... OK
- checking package directory ... OK
- checking for future file timestamps ... OK
- checking 'build' directory ... OK
- checking DESCRIPTION meta-information ... OK
- checking top-level files ... OK
- checking for left-over files ... OK
- checking index information ... OK
- checking package subdirectories ... OK
- checking R files for non-ASCII characters ... OK
- checking R files for syntax errors ... OK
- checking whether the package can be loaded ... OK
- checking whether the package can be loaded with stated dependencies ... OK
- checking whether the package can be unloaded cleanly ... OK
- checking whether the namespace can be loaded with stated dependencies ... OK
- checking whether the namespace can be unloaded cleanly ... OK
- checking loading without being on the library search path ... OK
- checking use of S3 registration ... OK
- checking dependencies in R code ... OK
- checking S3 generic/method consistency ... OK
- checking replacement functions ... OK
- checking foreign function calls ... OK
- checking R code for possible problems ... [8s/9s] OK
- checking Rd files ... OK
- checking Rd metadata ... OK
- checking Rd line widths ... OK
- checking Rd cross-references ... OK
- checking for missing documentation entries ... OK
- checking for code/documentation mismatches ... OK
- checking Rd \usage sections ... OK
- checking Rd contents ... OK
- checking for unstated dependencies in examples ... OK
- checking contents of 'data' directory ... OK
- checking data for non-ASCII characters ... OK
- checking data for ASCII and uncompressed saves ... OK
- checking sizes of PDF files under 'inst/doc' ... OK
- checking installed files from 'inst/doc' ... OK
- checking files in 'vignettes' ... OK
- checking examples ... [11s/12s] OK
- checking for unstated dependencies in vignettes ... OK
- checking package vignettes in 'inst/doc' ... OK
- checking re-building of vignette outputs ... [143s/156s] WARNING
Error(s) in re-building vignettes:
...
--- re-building 'ggenealogy.Rnw' using Sweave
dfToIG package:ggenealogy R Documentation
_ P_ r_ o_ c_ e_ s_ s _ t_ h_ e _ g_ e_ n_ e_ a_ l_ o_ g_ y _ g_ r_ a_ p_ h
_ D_ e_ s_ c_ r_ i_ p_ t_ i_ o_ n:
Processes the genealogy into an igraph object with appropriate
vertex information, graph type, and edge weights.
_ U_ s_ a_ g_ e:
dfToIG(geneal, vertexinfo = NULL, edgeweights = 1,
isDirected = FALSE)
_ A_ r_ g_ u_ m_ e_ n_ t_ s:
geneal: the full genealogy (in data frame format)
vertexinfo: (default NULL) either names of columns in the genealogy
which should be added to the database as vertex information
or a data frame with information for all vertices such that
the first column contains vertex names.
edgeweights: (default 1) name of a column which contains edge weights
isDirected: (default FALSE) should the graph be a directed graph?
_ S_ e_ e _ A_ l_ s_ o:
<URL: https://www.r-project.org> for iGraph information
Warning: Removed 1 rows containing missing values (geom_segment).
Warning: Removed 1 rows containing missing values (geom_segment).
Warning: Removed 1 rows containing missing values (geom_segment).
Warning: Removed 1 rows containing missing values (geom_segment).
Warning in graphics::strwidth(pMPDF$label, "inches") :
conversion failure on 'LubomÃr KubÃ¡Ä ek' in 'mbcsToSbcs': dot substituted for <c4>
Warning in graphics::strwidth(pMPDF$label, "inches") :
conversion failure on 'LubomÃr KubÃ¡Ä ek' in 'mbcsToSbcs': dot substituted for <8d>
Warning in graphics::strwidth(pMPDF$label, "inches") :
conversion failure on 'JiÅ Ã AndÄ l' in 'mbcsToSbcs': dot substituted for <c5>
Warning in graphics::strwidth(pMPDF$label, "inches") :
conversion failure on 'JiÅ Ã AndÄ l' in 'mbcsToSbcs': dot substituted for <99>
Warning in graphics::strwidth(pMPDF$label, "inches") :
conversion failure on 'JiÅ Ã AndÄ l' in 'mbcsToSbcs': dot substituted for <c4>
Warning in graphics::strwidth(pMPDF$label, "inches") :
conversion failure on 'JiÅ Ã AndÄ l' in 'mbcsToSbcs': dot substituted for <9b>
Warning in graphics::strwidth(pMPDF$label, "inches") :
conversion failure on 'Jana JureÄ ková' in 'mbcsToSbcs': dot substituted for <c4>
Warning in graphics::strwidth(pMPDF$label, "inches") :
conversion failure on 'Jana JureÄ ková' in 'mbcsToSbcs': dot substituted for <8d>
Warning in graphics::strwidth(pMPDF$label, "inches") :
conversion failure on 'Dana VorlÃÄ ková' in 'mbcsToSbcs': dot substituted for <c4>
Warning in graphics::strwidth(pMPDF$label, "inches") :
conversion failure on 'Dana VorlÃÄ ková' in 'mbcsToSbcs': dot substituted for <8d>
Warning in graphics::strwidth(pMPDF$label, "inches") :
conversion failure on 'BogusÅ awa Bednarek-Kozek' in 'mbcsToSbcs': dot substituted for <c5>
Warning in graphics::strwidth(pMPDF$label, "inches") :
conversion failure on 'BogusÅ awa Bednarek-Kozek' in 'mbcsToSbcs': dot substituted for <82>
Warning in graphics::strwidth(pMPDF$label, "inches") :
conversion failure on 'CzesÅ aw StÄ pniak' in 'mbcsToSbcs': dot substituted for <c5>
Warning in graphics::strwidth(pMPDF$label, "inches") :
conversion failure on 'CzesÅ aw StÄ pniak' in 'mbcsToSbcs': dot substituted for <82>
Warning in graphics::strwidth(pMPDF$label, "inches") :
conversion failure on 'CzesÅ aw StÄ pniak' in 'mbcsToSbcs': dot substituted for <c4>
Warning in graphics::strwidth(pMPDF$label, "inches") :
conversion failure on 'CzesÅ aw StÄ pniak' in 'mbcsToSbcs': dot substituted for <99>
Warning in graphics::strwidth(pMPDF$label, "inches") :
conversion failure on 'Biljana PopoviÄ ' in 'mbcsToSbcs': dot substituted for <c4>
Warning in graphics::strwidth(pMPDF$label, "inches") :
conversion failure on 'Biljana PopoviÄ ' in 'mbcsToSbcs': dot substituted for <87>
Warning in graphics::strwidth(pMPDF$label, "inches") :
conversion failure on 'Grzegorz RempaÅ a' in 'mbcsToSbcs': dot substituted for <c5>
Warning in graphics::strwidth(pMPDF$label, "inches") :
conversion failure on 'Grzegorz RempaÅ a' in 'mbcsToSbcs': dot substituted for <82>
Warning in graphics::strwidth(pMPDF$label, "inches") :
conversion failure on 'Miroslav RistiÄ ' in 'mbcsToSbcs': dot substituted for <c4>
Warning in graphics::strwidth(pMPDF$label, "inches") :
conversion failure on 'Miroslav RistiÄ ' in 'mbcsToSbcs': dot substituted for <87>
Warning in graphics::strwidth(pMPDF$label, "inches") :
conversion failure on 'Hana JaneÄ ková' in 'mbcsToSbcs': dot substituted for <c4>
Warning in graphics::strwidth(pMPDF$label, "inches") :
conversion failure on 'Hana JaneÄ ková' in 'mbcsToSbcs': dot substituted for <8d>
Warning in graphics::strwidth(pMPDF$label, "inches") :
conversion failure on 'Petr FranÄ k' in 'mbcsToSbcs': dot substituted for <c4>
Warning in graphics::strwidth(pMPDF$label, "inches") :
conversion failure on 'Petr FranÄ k' in 'mbcsToSbcs': dot substituted for <9b>
Warning in graphics::strwidth(pMPDF$label, "inches") :
conversion failure on 'Libor MaÅ¡ÃÄ ek' in 'mbcsToSbcs': dot substituted for <c4>
Warning in graphics::strwidth(pMPDF$label, "inches") :
conversion failure on 'Libor MaÅ¡ÃÄ ek' in 'mbcsToSbcs': dot substituted for <8d>
Warning in graphics::strwidth(pMPDF$label, "inches") :
conversion failure on 'Václav Ä apek' in 'mbcsToSbcs': dot substituted for <c4>
Warning in graphics::strwidth(pMPDF$label, "inches") :
conversion failure on 'Václav Ä apek' in 'mbcsToSbcs': dot substituted for <8c>
Warning in graphics::strwidth(pMPDF$label, "inches") :
conversion failure on 'Milovan KrnjajiÄ ' in 'mbcsToSbcs': dot substituted for <c4>
Warning in graphics::strwidth(pMPDF$label, "inches") :
conversion failure on 'Milovan KrnjajiÄ ' in 'mbcsToSbcs': dot substituted for <87>
Warning in graphics::strwidth(pMPDF$label, "inches") :
conversion failure on 'Alena Ä ernÃková' in 'mbcsToSbcs': dot substituted for <c4>
Warning in graphics::strwidth(pMPDF$label, "inches") :
conversion failure on 'Alena Ä ernÃková' in 'mbcsToSbcs': dot substituted for <8c>
Warning in graphics::strwidth(pMPDF$label, "inches") :
conversion failure on 'Jan PudeÅ ko' in 'mbcsToSbcs': dot substituted for <c5>
Warning in graphics::strwidth(pMPDF$label, "inches") :
conversion failure on 'Jan PudeÅ ko' in 'mbcsToSbcs': dot substituted for <82>
Warning in graphics::strwidth(pMPDF$label, "inches") :
conversion failure on 'Vladica StojanoviÄ ' in 'mbcsToSbcs': dot substituted for <c4>
Warning in graphics::strwidth(pMPDF$label, "inches") :
conversion failure on 'Vladica StojanoviÄ ' in 'mbcsToSbcs': dot substituted for <87>
Warning in graphics::strwidth(pMPDF$label, "inches") :
conversion failure on 'Pavel VanÄ Ä ek' in 'mbcsToSbcs': dot substituted for <c4>
Warning in graphics::strwidth(pMPDF$label, "inches") :
conversion failure on 'Pavel VanÄ Ä ek' in 'mbcsToSbcs': dot substituted for <9b>
Warning in graphics::strwidth(pMPDF$label, "inches") :
conversion failure on 'Pavel VanÄ Ä ek' in 'mbcsToSbcs': dot substituted for <c4>
Warning in graphics::strwidth(pMPDF$label, "inches") :
conversion failure on 'Pavel VanÄ Ä ek' in 'mbcsToSbcs': dot substituted for <8d>
Warning in graphics::strwidth(pMPDF$label, "inches") :
conversion failure on 'Inga MasiulaitytÄ ' in 'mbcsToSbcs': dot substituted for <c4>
Warning in graphics::strwidth(pMPDF$label, "inches") :
conversion failure on 'Inga MasiulaitytÄ ' in 'mbcsToSbcs': dot substituted for <97>
Warning in graphics::strwidth(pMPDF$label, "inches") :
conversion failure on 'Duygu SavaŠcı' in 'mbcsToSbcs': dot substituted for <c5>
Warning in graphics::strwidth(pMPDF$label, "inches") :
conversion failure on 'Duygu SavaŠcı' in 'mbcsToSbcs': dot substituted for <9f>
Warning in graphics::strwidth(pMPDF$label, "inches") :
conversion failure on 'Duygu SavaŠcı' in 'mbcsToSbcs': dot substituted for <c4>
Warning in graphics::strwidth(pMPDF$label, "inches") :
conversion failure on 'Duygu SavaŠcı' in 'mbcsToSbcs': dot substituted for <b1>
Warning in graphics::strwidth(pMPDF$label, "inches") :
conversion failure on 'OndŠej Vencálek' in 'mbcsToSbcs': dot substituted for <c5>
Warning in graphics::strwidth(pMPDF$label, "inches") :
conversion failure on 'OndŠej Vencálek' in 'mbcsToSbcs': dot substituted for <99>
Warning in graphics::strwidth(pMPDF$label, "inches") :
conversion failure on 'Aleksandar NastiÄ ' in 'mbcsToSbcs': dot substituted for <c4>
Warning in graphics::strwidth(pMPDF$label, "inches") :
conversion failure on 'Aleksandar NastiÄ ' in 'mbcsToSbcs': dot substituted for <87>
Warning in graphics::strwidth(pMPDF$label, "inches") :
conversion failure on 'Gábor Szűcs' in 'mbcsToSbcs': dot substituted for <c5>
Warning in graphics::strwidth(pMPDF$label, "inches") :
conversion failure on 'Gábor Szűcs' in 'mbcsToSbcs': dot substituted for <b1>
Warning in graphics::strwidth(pMPDF$label, "inches") :
conversion failure on 'Barbara ChoroÅ -Tomczyk' in 'mbcsToSbcs': dot substituted for <c5>
Warning in graphics::strwidth(pMPDF$label, "inches") :
conversion failure on 'Barbara ChoroÅ -Tomczyk' in 'mbcsToSbcs': dot substituted for <9b>
Warning in graphics::strwidth(pMPDF$label, "inches") :
conversion failure on 'OndÅ ej Chochola' in 'mbcsToSbcs': dot substituted for <c5>
Warning in graphics::strwidth(pMPDF$label, "inches") :
conversion failure on 'OndÅ ej Chochola' in 'mbcsToSbcs': dot substituted for <99>
Warning in graphics::strwidth(pMPDF$label, "inches") :
conversion failure on 'Anna JenÄ ová' in 'mbcsToSbcs': dot substituted for <c4>
Warning in graphics::strwidth(pMPDF$label, "inches") :
conversion failure on 'Anna JenÄ ová' in 'mbcsToSbcs': dot substituted for <8d>
Warning in graphics::strwidth(pMPDF$label, "inches") :
conversion failure on 'Peter Ä erÅ anskÜ' in 'mbcsToSbcs': dot substituted for <c4>
Warning in graphics::strwidth(pMPDF$label, "inches") :
conversion failure on 'Peter Ä erÅ anskÜ' in 'mbcsToSbcs': dot substituted for <8c>
Warning in graphics::strwidth(pMPDF$label, "inches") :
conversion failure on 'Peter Ä erÅ anskÜ' in 'mbcsToSbcs': dot substituted for <c5>
Warning in graphics::strwidth(pMPDF$label, "inches") :
conversion failure on 'Peter Ä erÅ anskÜ' in 'mbcsToSbcs': dot substituted for <88>
Warning: Removed 63 rows containing missing values (geom_segment).
Warning in grid.Call.graphics(C_text, as.graphicsAnnot(x$label), x$x, x$y, :
conversion failure on 'LubomÃr KubÃ¡Ä ek' in 'mbcsToSbcs': dot substituted for <c4>
Warning in grid.Call.graphics(C_text, as.graphicsAnnot(x$label), x$x, x$y, :
conversion failure on 'LubomÃr KubÃ¡Ä ek' in 'mbcsToSbcs': dot substituted for <8d>
Warning in grid.Call.graphics(C_text, as.graphicsAnnot(x$label), x$x, x$y, :
conversion failure on 'LubomÃr KubÃ¡Ä ek' in 'mbcsToSbcs': dot substituted for <c4>
Warning in grid.Call.graphics(C_text, as.graphicsAnnot(x$label), x$x, x$y, :
conversion failure on 'LubomÃr KubÃ¡Ä ek' in 'mbcsToSbcs': dot substituted for <8d>
Warning in grid.Call.graphics(C_text, as.graphicsAnnot(x$label), x$x, x$y, :
conversion failure on 'JiÅ Ã AndÄ l' in 'mbcsToSbcs': dot substituted for <c5>
Warning in grid.Call.graphics(C_text, as.graphicsAnnot(x$label), x$x, x$y, :
conversion failure on 'JiÅ Ã AndÄ l' in 'mbcsToSbcs': dot substituted for <99>
Warning in grid.Call.graphics(C_text, as.graphicsAnnot(x$label), x$x, x$y, :
conversion failure on 'JiÅ Ã AndÄ l' in 'mbcsToSbcs': dot substituted for <c4>
Warning in grid.Call.graphics(C_text, as.graphicsAnnot(x$label), x$x, x$y, :
conversion failure on 'JiÅ Ã AndÄ l' in 'mbcsToSbcs': dot substituted for <9b>
Warning in grid.Call.graphics(C_text, as.graphicsAnnot(x$label), x$x, x$y, :
conversion failure on 'JiÅ Ã AndÄ l' in 'mbcsToSbcs': dot substituted for <c5>
Warning in grid.Call.graphics(C_text, as.graphicsAnnot(x$label), x$x, x$y, :
conversion failure on 'JiÅ Ã AndÄ l' in 'mbcsToSbcs': dot substituted for <99>
Warning in grid.Call.graphics(C_text, as.graphicsAnnot(x$label), x$x, x$y, :
conversion failure on 'JiÅ Ã AndÄ l' in 'mbcsToSbcs': dot substituted for <c4>
Warning in grid.Call.graphics(C_text, as.graphicsAnnot(x$label), x$x, x$y, :
conversion failure on 'JiÅ Ã AndÄ l' in 'mbcsToSbcs': dot substituted for <9b>
Warning in grid.Call.graphics(C_text, as.graphicsAnnot(x$label), x$x, x$y, :
conversion failure on 'Jana JureÄ ková' in 'mbcsToSbcs': dot substituted for <c4>
Warning in grid.Call.graphics(C_text, as.graphicsAnnot(x$label), x$x, x$y, :
conversion failure on 'Jana JureÄ ková' in 'mbcsToSbcs': dot substituted for <8d>
Warning in grid.Call.graphics(C_text, as.graphicsAnnot(x$label), x$x, x$y, :
conversion failure on 'Jana JureÄ ková' in 'mbcsToSbcs': dot substituted for <c4>
Warning in grid.Call.graphics(C_text, as.graphicsAnnot(x$label), x$x, x$y, :
conversion failure on 'Jana JureÄ ková' in 'mbcsToSbcs': dot substituted for <8d>
Warning in grid.Call.graphics(C_text, as.graphicsAnnot(x$label), x$x, x$y, :
conversion failure on 'Dana VorlÃÄ ková' in 'mbcsToSbcs': dot substituted for <c4>
Warning in grid.Call.graphics(C_text, as.graphicsAnnot(x$label), x$x, x$y, :
conversion failure on 'Dana VorlÃÄ ková' in 'mbcsToSbcs': dot substituted for <8d>
Warning in grid.Call.graphics(C_text, as.graphicsAnnot(x$label), x$x, x$y, :
conversion failure on 'Dana VorlÃÄ ková' in 'mbcsToSbcs': dot substituted for <c4>
Warning in grid.Call.graphics(C_text, as.graphicsAnnot(x$label), x$x, x$y, :
conversion failure on 'Dana VorlÃÄ ková' in 'mbcsToSbcs': dot substituted for <8d>
Warning in grid.Call.graphics(C_text, as.graphicsAnnot(x$label), x$x, x$y, :
conversion failure on 'BogusÅ awa Bednarek-Kozek' in 'mbcsToSbcs': dot substituted for <c5>
Warning in grid.Call.graphics(C_text, as.graphicsAnnot(x$label), x$x, x$y, :
conversion failure on 'BogusÅ awa Bednarek-Kozek' in 'mbcsToSbcs': dot substituted for <82>
Warning in grid.Call.graphics(C_text, as.graphicsAnnot(x$label), x$x, x$y, :
conversion failure on 'BogusÅ awa Bednarek-Kozek' in 'mbcsToSbcs': dot substituted for <c5>
Warning in grid.Call.graphics(C_text, as.graphicsAnnot(x$label), x$x, x$y, :
conversion failure on 'BogusÅ awa Bednarek-Kozek' in 'mbcsToSbcs': dot substituted for <82>
Warning in grid.Call.graphics(C_text, as.graphicsAnnot(x$label), x$x, x$y, :
conversion failure on 'CzesÅ aw StÄ pniak' in 'mbcsToSbcs': dot substituted for <c5>
Warning in grid.Call.graphics(C_text, as.graphicsAnnot(x$label), x$x, x$y, :
conversion failure on 'CzesÅ aw StÄ pniak' in 'mbcsToSbcs': dot substituted for <82>
Warning in grid.Call.graphics(C_text, as.graphicsAnnot(x$label), x$x, x$y, :
conversion failure on 'CzesÅ aw StÄ pniak' in 'mbcsToSbcs': dot substituted for <c4>
Warning in grid.Call.graphics(C_text, as.graphicsAnnot(x$label), x$x, x$y, :
conversion failure on 'CzesÅ aw StÄ pniak' in 'mbcsToSbcs': dot substituted for <99>
Warning in grid.Call.graphics(C_text, as.graphicsAnnot(x$label), x$x, x$y, :
conversion failure on 'CzesÅ aw StÄ pniak' in 'mbcsToSbcs': dot substituted for <c5>
Warning in grid.Call.graphics(C_text, as.graphicsAnnot(x$label), x$x, x$y, :
conversion failure on 'CzesÅ aw StÄ pniak' in 'mbcsToSbcs': dot substituted for <82>
Warning in grid.Call.graphics(C_text, as.graphicsAnnot(x$label), x$x, x$y, :
conversion failure on 'CzesÅ aw StÄ pniak' in 'mbcsToSbcs': dot substituted for <c4>
Warning in grid.Call.graphics(C_text, as.graphicsAnnot(x$label), x$x, x$y, :
conversion failure on 'CzesÅ aw StÄ pniak' in 'mbcsToSbcs': dot substituted for <99>
Warning in grid.Call.graphics(C_text, as.graphicsAnnot(x$label), x$x, x$y, :
conversion failure on 'Biljana PopoviÄ ' in 'mbcsToSbcs': dot substituted for <c4>
Warning in grid.Call.graphics(C_text, as.graphicsAnnot(x$label), x$x, x$y, :
conversion failure on 'Biljana PopoviÄ ' in 'mbcsToSbcs': dot substituted for <87>
Warning in grid.Call.graphics(C_text, as.graphicsAnnot(x$label), x$x, x$y, :
conversion failure on 'Biljana PopoviÄ ' in 'mbcsToSbcs': dot substituted for <c4>
Warning in grid.Call.graphics(C_text, as.graphicsAnnot(x$label), x$x, x$y, :
conversion failure on 'Biljana PopoviÄ ' in 'mbcsToSbcs': dot substituted for <87>
Warning in grid.Call.graphics(C_text, as.graphicsAnnot(x$label), x$x, x$y, :
conversion failure on 'Grzegorz RempaÅ a' in 'mbcsToSbcs': dot substituted for <c5>
Warning in grid.Call.graphics(C_text, as.graphicsAnnot(x$label), x$x, x$y, :
conversion failure on 'Grzegorz RempaÅ a' in 'mbcsToSbcs': dot substituted for <82>
Warning in grid.Call.graphics(C_text, as.graphicsAnnot(x$label), x$x, x$y, :
conversion failure on 'Grzegorz RempaÅ a' in 'mbcsToSbcs': dot substituted for <c5>
Warning in grid.Call.graphics(C_text, as.graphicsAnnot(x$label), x$x, x$y, :
conversion failure on 'Grzegorz RempaÅ a' in 'mbcsToSbcs': dot substituted for <82>
Warning in grid.Call.graphics(C_text, as.graphicsAnnot(x$label), x$x, x$y, :
conversion failure on 'Miroslav RistiÄ ' in 'mbcsToSbcs': dot substituted for <c4>
Warning in grid.Call.graphics(C_text, as.graphicsAnnot(x$label), x$x, x$y, :
conversion failure on 'Miroslav RistiÄ ' in 'mbcsToSbcs': dot substituted for <87>
Warning in grid.Call.graphics(C_text, as.graphicsAnnot(x$label), x$x, x$y, :
conversion failure on 'Miroslav RistiÄ ' in 'mbcsToSbcs': dot substituted for <c4>
Warning in grid.Call.graphics(C_text, as.graphicsAnnot(x$label), x$x, x$y, :
conversion failure on 'Miroslav RistiÄ ' in 'mbcsToSbcs': dot substituted for <87>
Warning in grid.Call.graphics(C_text, as.graphicsAnnot(x$label), x$x, x$y, :
conversion failure on 'Hana JaneÄ ková' in 'mbcsToSbcs': dot substituted for <c4>
Warning in grid.Call.graphics(C_text, as.graphicsAnnot(x$label), x$x, x$y, :
conversion failure on 'Hana JaneÄ ková' in 'mbcsToSbcs': dot substituted for <8d>
Warning in grid.Call.graphics(C_text, as.graphicsAnnot(x$label), x$x, x$y, :
conversion failure on 'Hana JaneÄ ková' in 'mbcsToSbcs': dot substituted for <c4>
Warning in grid.Call.graphics(C_text, as.graphicsAnnot(x$label), x$x, x$y, :
conversion failure on 'Hana JaneÄ ková' in 'mbcsToSbcs': dot substituted for <8d>
Warning in grid.Call.graphics(C_text, as.graphicsAnnot(x$label), x$x, x$y, :
conversion failure on 'Petr FranÄ k' in 'mbcsToSbcs': dot substituted for <c4>
Warning in grid.Call.graphics(C_text, as.graphicsAnnot(x$label), x$x, x$y, :
conversion failure on 'Petr FranÄ k' in 'mbcsToSbcs': dot substituted for <9b>
Warning in grid.Call.graphics(C_text, as.graphicsAnnot(x$label), x$x, x$y, :
conversion failure on 'Petr FranÄ k' in 'mbcsToSbcs': dot substituted for <c4>
Warning in grid.Call.graphics(C_text, as.graphicsAnnot(x$label), x$x, x$y, :
conversion failure on 'Petr FranÄ k' in 'mbcsToSbcs': dot substituted for <9b>
Warning in grid.Call.graphics(C_text, as.graphicsAnnot(x$label), x$x, x$y, :
conversion failure on 'Libor MaÅ¡ÃÄ ek' in 'mbcsToSbcs': dot substituted for <c4>
Warning in grid.Call.graphics(C_text, as.graphicsAnnot(x$label), x$x, x$y, :
conversion failure on 'Libor MaÅ¡ÃÄ ek' in 'mbcsToSbcs': dot substituted for <8d>
Warning in grid.Call.graphics(C_text, as.graphicsAnnot(x$label), x$x, x$y, :
conversion failure on 'Libor MaÅ¡ÃÄ ek' in 'mbcsToSbcs': dot substituted for <c4>
Warning in grid.Call.graphics(C_text, as.graphicsAnnot(x$label), x$x, x$y, :
conversion failure on 'Libor MaÅ¡ÃÄ ek' in 'mbcsToSbcs': dot substituted for <8d>
Warning in grid.Call.graphics(C_text, as.graphicsAnnot(x$label), x$x, x$y, :
conversion failure on 'Václav Ä apek' in 'mbcsToSbcs': dot substituted for <c4>
Warning in grid.Call.graphics(C_text, as.graphicsAnnot(x$label), x$x, x$y, :
conversion failure on 'Václav Ä apek' in 'mbcsToSbcs': dot substituted for <8c>
Warning in grid.Call.graphics(C_text, as.graphicsAnnot(x$label), x$x, x$y, :
conversion failure on 'Václav Ä apek' in 'mbcsToSbcs': dot substituted for <c4>
Warning in grid.Call.graphics(C_text, as.graphicsAnnot(x$label), x$x, x$y, :
conversion failure on 'Václav Ä apek' in 'mbcsToSbcs': dot substituted for <8c>
Warning in grid.Call.graphics(C_text, as.graphicsAnnot(x$label), x$x, x$y, :
conversion failure on 'Milovan KrnjajiÄ ' in 'mbcsToSbcs': dot substituted for <c4>
Warning in grid.Call.graphics(C_text, as.graphicsAnnot(x$label), x$x, x$y, :
conversion failure on 'Milovan KrnjajiÄ ' in 'mbcsToSbcs': dot substituted for <87>
Warning in grid.Call.graphics(C_text, as.graphicsAnnot(x$label), x$x, x$y, :
conversion failure on 'Milovan KrnjajiÄ ' in 'mbcsToSbcs': dot substituted for <c4>
Warning in grid.Call.graphics(C_text, as.graphicsAnnot(x$label), x$x, x$y, :
conversion failure on 'Milovan KrnjajiÄ ' in 'mbcsToSbcs': dot substituted for <87>
Warning in grid.Call.graphics(C_text, as.graphicsAnnot(x$label), x$x, x$y, :
conversion failure on 'Alena Ä ernÃková' in 'mbcsToSbcs': dot substituted for <c4>
Warning in grid.Call.graphics(C_text, as.graphicsAnnot(x$label), x$x, x$y, :
conversion failure on 'Alena Ä ernÃková' in 'mbcsToSbcs': dot substituted for <8c>
Warning in grid.Call.graphics(C_text, as.graphicsAnnot(x$label), x$x, x$y, :
conversion failure on 'Alena Ä ernÃková' in 'mbcsToSbcs': dot substituted for <c4>
Warning in grid.Call.graphics(C_text, as.graphicsAnnot(x$label), x$x, x$y, :
conversion failure on 'Alena Ä ernÃková' in 'mbcsToSbcs': dot substituted for <8c>
Warning in grid.Call.graphics(C_text, as.graphicsAnnot(x$label), x$x, x$y, :
conversion failure on 'Jan PudeÅ ko' in 'mbcsToSbcs': dot substituted for <c5>
Warning in grid.Call.graphics(C_text, as.graphicsAnnot(x$label), x$x, x$y, :
conversion failure on 'Jan PudeÅ ko' in 'mbcsToSbcs': dot substituted for <82>
Warning in grid.Call.graphics(C_text, as.graphicsAnnot(x$label), x$x, x$y, :
conversion failure on 'Jan PudeÅ ko' in 'mbcsToSbcs': dot substituted for <c5>
Warning in grid.Call.graphics(C_text, as.graphicsAnnot(x$label), x$x, x$y, :
conversion failure on 'Jan PudeÅ ko' in 'mbcsToSbcs': dot substituted for <82>
Warning in grid.Call.graphics(C_text, as.graphicsAnnot(x$label), x$x, x$y, :
conversion failure on 'Vladica StojanoviÄ ' in 'mbcsToSbcs': dot substituted for <c4>
Warning in grid.Call.graphics(C_text, as.graphicsAnnot(x$label), x$x, x$y, :
conversion failure on 'Vladica StojanoviÄ ' in 'mbcsToSbcs': dot substituted for <87>
Warning in grid.Call.graphics(C_text, as.graphicsAnnot(x$label), x$x, x$y, :
conversion failure on 'Vladica StojanoviÄ ' in 'mbcsToSbcs': dot substituted for <c4>
Warning in grid.Call.graphics(C_text, as.graphicsAnnot(x$label), x$x, x$y, :
conversion failure on 'Vladica StojanoviÄ ' in 'mbcsToSbcs': dot substituted for <87>
Warning in grid.Call.graphics(C_text, as.graphicsAnnot(x$label), x$x, x$y, :
conversion failure on 'Pavel VanÄ Ä ek' in 'mbcsToSbcs': dot substituted for <c4>
Warning in grid.Call.graphics(C_text, as.graphicsAnnot(x$label), x$x, x$y, :
conversion failure on 'Pavel VanÄ Ä ek' in 'mbcsToSbcs': dot substituted for <9b>
Warning in grid.Call.graphics(C_text, as.graphicsAnnot(x$label), x$x, x$y, :
conversion failure on 'Pavel VanÄ Ä ek' in 'mbcsToSbcs': dot substituted for <c4>
Warning in grid.Call.graphics(C_text, as.graphicsAnnot(x$label), x$x, x$y, :
conversion failure on 'Pavel VanÄ Ä ek' in 'mbcsToSbcs': dot substituted for <8d>
Warning in grid.Call.graphics(C_text, as.graphicsAnnot(x$label), x$x, x$y, :
conversion failure on 'Pavel VanÄ Ä ek' in 'mbcsToSbcs': dot substituted for <c4>
Warning in grid.Call.graphics(C_text, as.graphicsAnnot(x$label), x$x, x$y, :
conversion failure on 'Pavel VanÄ Ä ek' in 'mbcsToSbcs': dot substituted for <9b>
Warning in grid.Call.graphics(C_text, as.graphicsAnnot(x$label), x$x, x$y, :
conversion failure on 'Pavel VanÄ Ä ek' in 'mbcsToSbcs': dot substituted for <c4>
Warning in grid.Call.graphics(C_text, as.graphicsAnnot(x$label), x$x, x$y, :
conversion failure on 'Pavel VanÄ Ä ek' in 'mbcsToSbcs': dot substituted for <8d>
Warning in grid.Call.graphics(C_text, as.graphicsAnnot(x$label), x$x, x$y, :
conversion failure on 'Inga MasiulaitytÄ ' in 'mbcsToSbcs': dot substituted for <c4>
Warning in grid.Call.graphics(C_text, as.graphicsAnnot(x$label), x$x, x$y, :
conversion failure on 'Inga MasiulaitytÄ ' in 'mbcsToSbcs': dot substituted for <97>
Warning in grid.Call.graphics(C_text, as.graphicsAnnot(x$label), x$x, x$y, :
conversion failure on 'Inga MasiulaitytÄ ' in 'mbcsToSbcs': dot substituted for <c4>
Warning in grid.Call.graphics(C_text, as.graphicsAnnot(x$label), x$x, x$y, :
conversion failure on 'Inga MasiulaitytÄ ' in 'mbcsToSbcs': dot substituted for <97>
Warning in grid.Call.graphics(C_text, as.graphicsAnnot(x$label), x$x, x$y, :
conversion failure on 'Duygu SavaŠcı' in 'mbcsToSbcs': dot substituted for <c5>
Warning in grid.Call.graphics(C_text, as.graphicsAnnot(x$label), x$x, x$y, :
conversion failure on 'Duygu SavaŠcı' in 'mbcsToSbcs': dot substituted for <9f>
Warning in grid.Call.graphics(C_text, as.graphicsAnnot(x$label), x$x, x$y, :
conversion failure on 'Duygu SavaŠcı' in 'mbcsToSbcs': dot substituted for <c4>
Warning in grid.Call.graphics(C_text, as.graphicsAnnot(x$label), x$x, x$y, :
conversion failure on 'Duygu SavaŠcı' in 'mbcsToSbcs': dot substituted for <b1>
Warning in grid.Call.graphics(C_text, as.graphicsAnnot(x$label), x$x, x$y, :
conversion failure on 'Duygu SavaŠcı' in 'mbcsToSbcs': dot substituted for <c5>
Warning in grid.Call.graphics(C_text, as.graphicsAnnot(x$label), x$x, x$y, :
conversion failure on 'Duygu SavaŠcı' in 'mbcsToSbcs': dot substituted for <9f>
Warning in grid.Call.graphics(C_text, as.graphicsAnnot(x$label), x$x, x$y, :
conversion failure on 'Duygu SavaŠcı' in 'mbcsToSbcs': dot substituted for <c4>
Warning in grid.Call.graphics(C_text, as.graphicsAnnot(x$label), x$x, x$y, :
conversion failure on 'Duygu SavaŠcı' in 'mbcsToSbcs': dot substituted for <b1>
Warning in grid.Call.graphics(C_text, as.graphicsAnnot(x$label), x$x, x$y, :
conversion failure on 'OndŠej Vencálek' in 'mbcsToSbcs': dot substituted for <c5>
Warning in grid.Call.graphics(C_text, as.graphicsAnnot(x$label), x$x, x$y, :
conversion failure on 'OndŠej Vencálek' in 'mbcsToSbcs': dot substituted for <99>
Warning in grid.Call.graphics(C_text, as.graphicsAnnot(x$label), x$x, x$y, :
conversion failure on 'OndŠej Vencálek' in 'mbcsToSbcs': dot substituted for <c5>
Warning in grid.Call.graphics(C_text, as.graphicsAnnot(x$label), x$x, x$y, :
conversion failure on 'OndŠej Vencálek' in 'mbcsToSbcs': dot substituted for <99>
Warning in grid.Call.graphics(C_text, as.graphicsAnnot(x$label), x$x, x$y, :
conversion failure on 'Aleksandar NastiÄ ' in 'mbcsToSbcs': dot substituted for <c4>
Warning in grid.Call.graphics(C_text, as.graphicsAnnot(x$label), x$x, x$y, :
conversion failure on 'Aleksandar NastiÄ ' in 'mbcsToSbcs': dot substituted for <87>
Warning in grid.Call.graphics(C_text, as.graphicsAnnot(x$label), x$x, x$y, :
conversion failure on 'Aleksandar NastiÄ ' in 'mbcsToSbcs': dot substituted for <c4>
Warning in grid.Call.graphics(C_text, as.graphicsAnnot(x$label), x$x, x$y, :
conversion failure on 'Aleksandar NastiÄ ' in 'mbcsToSbcs': dot substituted for <87>
Warning in grid.Call.graphics(C_text, as.graphicsAnnot(x$label), x$x, x$y, :
conversion failure on 'Gábor Szűcs' in 'mbcsToSbcs': dot substituted for <c5>
Warning in grid.Call.graphics(C_text, as.graphicsAnnot(x$label), x$x, x$y, :
conversion failure on 'Gábor Szűcs' in 'mbcsToSbcs': dot substituted for <b1>
Warning in grid.Call.graphics(C_text, as.graphicsAnnot(x$label), x$x, x$y, :
conversion failure on 'Gábor Szűcs' in 'mbcsToSbcs': dot substituted for <c5>
Warning in grid.Call.graphics(C_text, as.graphicsAnnot(x$label), x$x, x$y, :
conversion failure on 'Gábor Szűcs' in 'mbcsToSbcs': dot substituted for <b1>
Warning in grid.Call.graphics(C_text, as.graphicsAnnot(x$label), x$x, x$y, :
conversion failure on 'Barbara ChoroÅ -Tomczyk' in 'mbcsToSbcs': dot substituted for <c5>
Warning in grid.Call.graphics(C_text, as.graphicsAnnot(x$label), x$x, x$y, :
conversion failure on 'Barbara ChoroÅ -Tomczyk' in 'mbcsToSbcs': dot substituted for <9b>
Warning in grid.Call.graphics(C_text, as.graphicsAnnot(x$label), x$x, x$y, :
conversion failure on 'Barbara ChoroÅ -Tomczyk' in 'mbcsToSbcs': dot substituted for <c5>
Warning in grid.Call.graphics(C_text, as.graphicsAnnot(x$label), x$x, x$y, :
conversion failure on 'Barbara ChoroÅ -Tomczyk' in 'mbcsToSbcs': dot substituted for <9b>
Warning in grid.Call.graphics(C_text, as.graphicsAnnot(x$label), x$x, x$y, :
conversion failure on 'OndÅ ej Chochola' in 'mbcsToSbcs': dot substituted for <c5>
Warning in grid.Call.graphics(C_text, as.graphicsAnnot(x$label), x$x, x$y, :
conversion failure on 'OndÅ ej Chochola' in 'mbcsToSbcs': dot substituted for <99>
Warning in grid.Call.graphics(C_text, as.graphicsAnnot(x$label), x$x, x$y, :
conversion failure on 'OndÅ ej Chochola' in 'mbcsToSbcs': dot substituted for <c5>
Warning in grid.Call.graphics(C_text, as.graphicsAnnot(x$label), x$x, x$y, :
conversion failure on 'OndÅ ej Chochola' in 'mbcsToSbcs': dot substituted for <99>
Warning in graphics::strwidth(pMPDF$label, "inches") :
conversion failure on 'LubomÃr KubÃ¡Ä ek' in 'mbcsToSbcs': dot substituted for <c4>
Warning in graphics::strwidth(pMPDF$label, "inches") :
conversion failure on 'LubomÃr KubÃ¡Ä ek' in 'mbcsToSbcs': dot substituted for <8d>
Warning in graphics::strwidth(pMPDF$label, "inches") :
conversion failure on 'JiÅ Ã AndÄ l' in 'mbcsToSbcs': dot substituted for <c5>
Warning in graphics::strwidth(pMPDF$label, "inches") :
conversion failure on 'JiÅ Ã AndÄ l' in 'mbcsToSbcs': dot substituted for <99>
Warning in graphics::strwidth(pMPDF$label, "inches") :
conversion failure on 'JiÅ Ã AndÄ l' in 'mbcsToSbcs': dot substituted for <c4>
Warning in graphics::strwidth(pMPDF$label, "inches") :
conversion failure on 'JiÅ Ã AndÄ l' in 'mbcsToSbcs': dot substituted for <9b>
Warning in graphics::strwidth(pMPDF$label, "inches") :
conversion failure on 'Jana JureÄ ková' in 'mbcsToSbcs': dot substituted for <c4>
Warning in graphics::strwidth(pMPDF$label, "inches") :
conversion failure on 'Jana JureÄ ková' in 'mbcsToSbcs': dot substituted for <8d>
Warning in graphics::strwidth(pMPDF$label, "inches") :
conversion failure on 'Dana VorlÃÄ ková' in 'mbcsToSbcs': dot substituted for <c4>
Warning in graphics::strwidth(pMPDF$label, "inches") :
conversion failure on 'Dana VorlÃÄ ková' in 'mbcsToSbcs': dot substituted for <8d>
Warning in graphics::strwidth(pMPDF$label, "inches") :
conversion failure on 'BogusÅ awa Bednarek-Kozek' in 'mbcsToSbcs': dot substituted for <c5>
Warning in graphics::strwidth(pMPDF$label, "inches") :
conversion failure on 'BogusÅ awa Bednarek-Kozek' in 'mbcsToSbcs': dot substituted for <82>
Warning in graphics::strwidth(pMPDF$label, "inches") :
conversion failure on 'CzesÅ aw StÄ pniak' in 'mbcsToSbcs': dot substituted for <c5>
Warning in graphics::strwidth(pMPDF$label, "inches") :
conversion failure on 'CzesÅ aw StÄ pniak' in 'mbcsToSbcs': dot substituted for <82>
Warning in graphics::strwidth(pMPDF$label, "inches") :
conversion failure on 'CzesÅ aw StÄ pniak' in 'mbcsToSbcs': dot substituted for <c4>
Warning in graphics::strwidth(pMPDF$label, "inches") :
conversion failure on 'CzesÅ aw StÄ pniak' in 'mbcsToSbcs': dot substituted for <99>
Warning in graphics::strwidth(pMPDF$label, "inches") :
conversion failure on 'Biljana PopoviÄ ' in 'mbcsToSbcs': dot substituted for <c4>
Warning in graphics::strwidth(pMPDF$label, "inches") :
conversion failure on 'Biljana PopoviÄ ' in 'mbcsToSbcs': dot substituted for <87>
Warning in graphics::strwidth(pMPDF$label, "inches") :
conversion failure on 'Grzegorz RempaÅ a' in 'mbcsToSbcs': dot substituted for <c5>
Warning in graphics::strwidth(pMPDF$label, "inches") :
conversion failure on 'Grzegorz RempaÅ a' in 'mbcsToSbcs': dot substituted for <82>
Warning in graphics::strwidth(pMPDF$label, "inches") :
conversion failure on 'Miroslav RistiÄ ' in 'mbcsToSbcs': dot substituted for <c4>
Warning in graphics::strwidth(pMPDF$label, "inches") :
conversion failure on 'Miroslav RistiÄ ' in 'mbcsToSbcs': dot substituted for <87>
Warning in graphics::strwidth(pMPDF$label, "inches") :
conversion failure on 'Hana JaneÄ ková' in 'mbcsToSbcs': dot substituted for <c4>
Warning in graphics::strwidth(pMPDF$label, "inches") :
conversion failure on 'Hana JaneÄ ková' in 'mbcsToSbcs': dot substituted for <8d>
Warning in graphics::strwidth(pMPDF$label, "inches") :
conversion failure on 'Petr FranÄ k' in 'mbcsToSbcs': dot substituted for <c4>
Warning in graphics::strwidth(pMPDF$label, "inches") :
conversion failure on 'Petr FranÄ k' in 'mbcsToSbcs': dot substituted for <9b>
Warning in graphics::strwidth(pMPDF$label, "inches") :
conversion failure on 'Libor MaÅ¡ÃÄ ek' in 'mbcsToSbcs': dot substituted for <c4>
Warning in graphics::strwidth(pMPDF$label, "inches") :
conversion failure on 'Libor MaÅ¡ÃÄ ek' in 'mbcsToSbcs': dot substituted for <8d>
Warning in graphics::strwidth(pMPDF$label, "inches") :
conversion failure on 'Václav Ä apek' in 'mbcsToSbcs': dot substituted for <c4>
Warning in graphics::strwidth(pMPDF$label, "inches") :
conversion failure on 'Václav Ä apek' in 'mbcsToSbcs': dot substituted for <8c>
Warning in graphics::strwidth(pMPDF$label, "inches") :
conversion failure on 'Milovan KrnjajiÄ ' in 'mbcsToSbcs': dot substituted for <c4>
Warning in graphics::strwidth(pMPDF$label, "inches") :
conversion failure on 'Milovan KrnjajiÄ ' in 'mbcsToSbcs': dot substituted for <87>
Warning in graphics::strwidth(pMPDF$label, "inches") :
conversion failure on 'Alena Ä ernÃková' in 'mbcsToSbcs': dot substituted for <c4>
Warning in graphics::strwidth(pMPDF$label, "inches") :
conversion failure on 'Alena Ä ernÃková' in 'mbcsToSbcs': dot substituted for <8c>
Warning in graphics::strwidth(pMPDF$label, "inches") :
conversion failure on 'Jan PudeÅ ko' in 'mbcsToSbcs': dot substituted for <c5>
Warning in graphics::strwidth(pMPDF$label, "inches") :
conversion failure on 'Jan PudeÅ ko' in 'mbcsToSbcs': dot substituted for <82>
Warning in graphics::strwidth(pMPDF$label, "inches") :
conversion failure on 'Vladica StojanoviÄ ' in 'mbcsToSbcs': dot substituted for <c4>
Warning in graphics::strwidth(pMPDF$label, "inches") :
conversion failure on 'Vladica StojanoviÄ ' in 'mbcsToSbcs': dot substituted for <87>
Warning in graphics::strwidth(pMPDF$label, "inches") :
conversion failure on 'Pavel VanÄ Ä ek' in 'mbcsToSbcs': dot substituted for <c4>
Warning in graphics::strwidth(pMPDF$label, "inches") :
conversion failure on 'Pavel VanÄ Ä ek' in 'mbcsToSbcs': dot substituted for <9b>
Warning in graphics::strwidth(pMPDF$label, "inches") :
conversion failure on 'Pavel VanÄ Ä ek' in 'mbcsToSbcs': dot substituted for <c4>
Warning in graphics::strwidth(pMPDF$label, "inches") :
conversion failure on 'Pavel VanÄ Ä ek' in 'mbcsToSbcs': dot substituted for <8d>
Warning in graphics::strwidth(pMPDF$label, "inches") :
conversion failure on 'Inga MasiulaitytÄ ' in 'mbcsToSbcs': dot substituted for <c4>
Warning in graphics::strwidth(pMPDF$label, "inches") :
conversion failure on 'Inga MasiulaitytÄ ' in 'mbcsToSbcs': dot substituted for <97>
Warning in graphics::strwidth(pMPDF$label, "inches") :
conversion failure on 'Duygu SavaŠcı' in 'mbcsToSbcs': dot substituted for <c5>
Warning in graphics::strwidth(pMPDF$label, "inches") :
conversion failure on 'Duygu SavaŠcı' in 'mbcsToSbcs': dot substituted for <9f>
Warning in graphics::strwidth(pMPDF$label, "inches") :
conversion failure on 'Duygu SavaŠcı' in 'mbcsToSbcs': dot substituted for <c4>
Warning in graphics::strwidth(pMPDF$label, "inches") :
conversion failure on 'Duygu SavaŠcı' in 'mbcsToSbcs': dot substituted for <b1>
Warning in graphics::strwidth(pMPDF$label, "inches") :
conversion failure on 'OndŠej Vencálek' in 'mbcsToSbcs': dot substituted for <c5>
Warning in graphics::strwidth(pMPDF$label, "inches") :
conversion failure on 'OndŠej Vencálek' in 'mbcsToSbcs': dot substituted for <99>
Warning in graphics::strwidth(pMPDF$label, "inches") :
conversion failure on 'Aleksandar NastiÄ ' in 'mbcsToSbcs': dot substituted for <c4>
Warning in graphics::strwidth(pMPDF$label, "inches") :
conversion failure on 'Aleksandar NastiÄ ' in 'mbcsToSbcs': dot substituted for <87>
Warning in graphics::strwidth(pMPDF$label, "inches") :
conversion failure on 'Gábor Szűcs' in 'mbcsToSbcs': dot substituted for <c5>
Warning in graphics::strwidth(pMPDF$label, "inches") :
conversion failure on 'Gábor Szűcs' in 'mbcsToSbcs': dot substituted for <b1>
Warning in graphics::strwidth(pMPDF$label, "inches") :
conversion failure on 'Barbara ChoroÅ -Tomczyk' in 'mbcsToSbcs': dot substituted for <c5>
Warning in graphics::strwidth(pMPDF$label, "inches") :
conversion failure on 'Barbara ChoroÅ -Tomczyk' in 'mbcsToSbcs': dot substituted for <9b>
Warning in graphics::strwidth(pMPDF$label, "inches") :
conversion failure on 'OndÅ ej Chochola' in 'mbcsToSbcs': dot substituted for <c5>
Warning in graphics::strwidth(pMPDF$label, "inches") :
conversion failure on 'OndÅ ej Chochola' in 'mbcsToSbcs': dot substituted for <99>
Warning in graphics::strwidth(pMPDF$label, "inches") :
conversion failure on 'Anna JenÄ ová' in 'mbcsToSbcs': dot substituted for <c4>
Warning in graphics::strwidth(pMPDF$label, "inches") :
conversion failure on 'Anna JenÄ ová' in 'mbcsToSbcs': dot substituted for <8d>
Warning in graphics::strwidth(pMPDF$label, "inches") :
conversion failure on 'Peter Ä erÅ anskÜ' in 'mbcsToSbcs': dot substituted for <c4>
Warning in graphics::strwidth(pMPDF$label, "inches") :
conversion failure on 'Peter Ä erÅ anskÜ' in 'mbcsToSbcs': dot substituted for <8c>
Warning in graphics::strwidth(pMPDF$label, "inches") :
conversion failure on 'Peter Ä erÅ anskÜ' in 'mbcsToSbcs': dot substituted for <c5>
Warning in graphics::strwidth(pMPDF$label, "inches") :
conversion failure on 'Peter Ä erÅ anskÜ' in 'mbcsToSbcs': dot substituted for <88>
Warning: Removed 63 rows containing missing values (geom_segment).
Warning in grid.Call.graphics(C_text, as.graphicsAnnot(x$label), x$x, x$y, :
conversion failure on 'LubomÃr KubÃ¡Ä ek' in 'mbcsToSbcs': dot substituted for <c4>
Warning in grid.Call.graphics(C_text, as.graphicsAnnot(x$label), x$x, x$y, :
conversion failure on 'LubomÃr KubÃ¡Ä ek' in 'mbcsToSbcs': dot substituted for <8d>
Warning in grid.Call.graphics(C_text, as.graphicsAnnot(x$label), x$x, x$y, :
conversion failure on 'LubomÃr KubÃ¡Ä ek' in 'mbcsToSbcs': dot substituted for <c4>
Warning in grid.Call.graphics(C_text, as.graphicsAnnot(x$label), x$x, x$y, :
conversion failure on 'LubomÃr KubÃ¡Ä ek' in 'mbcsToSbcs': dot substituted for <8d>
Warning in grid.Call.graphics(C_text, as.graphicsAnnot(x$label), x$x, x$y, :
conversion failure on 'JiÅ Ã AndÄ l' in 'mbcsToSbcs': dot substituted for <c5>
Warning in grid.Call.graphics(C_text, as.graphicsAnnot(x$label), x$x, x$y, :
conversion failure on 'JiÅ Ã AndÄ l' in 'mbcsToSbcs': dot substituted for <99>
Warning in grid.Call.graphics(C_text, as.graphicsAnnot(x$label), x$x, x$y, :
conversion failure on 'JiÅ Ã AndÄ l' in 'mbcsToSbcs': dot substituted for <c4>
Warning in grid.Call.graphics(C_text, as.graphicsAnnot(x$label), x$x, x$y, :
conversion failure on 'JiÅ Ã AndÄ l' in 'mbcsToSbcs': dot substituted for <9b>
Warning in grid.Call.graphics(C_text, as.graphicsAnnot(x$label), x$x, x$y, :
conversion failure on 'JiÅ Ã AndÄ l' in 'mbcsToSbcs': dot substituted for <c5>
Warning in grid.Call.graphics(C_text, as.graphicsAnnot(x$label), x$x, x$y, :
conversion failure on 'JiÅ Ã AndÄ l' in 'mbcsToSbcs': dot substituted for <99>
Warning in grid.Call.graphics(C_text, as.graphicsAnnot(x$label), x$x, x$y, :
conversion failure on 'JiÅ Ã AndÄ l' in 'mbcsToSbcs': dot substituted for <c4>
Warning in grid.Call.graphics(C_text, as.graphicsAnnot(x$label), x$x, x$y, :
conversion failure on 'JiÅ Ã AndÄ l' in 'mbcsToSbcs': dot substituted for <9b>
Warning in grid.Call.graphics(C_text, as.graphicsAnnot(x$label), x$x, x$y, :
conversion failure on 'Jana JureÄ ková' in 'mbcsToSbcs': dot substituted for <c4>
Warning in grid.Call.graphics(C_text, as.graphicsAnnot(x$label), x$x, x$y, :
conversion failure on 'Jana JureÄ ková' in 'mbcsToSbcs': dot substituted for <8d>
Warning in grid.Call.graphics(C_text, as.graphicsAnnot(x$label), x$x, x$y, :
conversion failure on 'Jana JureÄ ková' in 'mbcsToSbcs': dot substituted for <c4>
Warning in grid.Call.graphics(C_text, as.graphicsAnnot(x$label), x$x, x$y, :
conversion failure on 'Jana JureÄ ková' in 'mbcsToSbcs': dot substituted for <8d>
Warning in grid.Call.graphics(C_text, as.graphicsAnnot(x$label), x$x, x$y, :
conversion failure on 'Dana VorlÃÄ ková' in 'mbcsToSbcs': dot substituted for <c4>
Warning in grid.Call.graphics(C_text, as.graphicsAnnot(x$label), x$x, x$y, :
conversion failure on 'Dana VorlÃÄ ková' in 'mbcsToSbcs': dot substituted for <8d>
Warning in grid.Call.graphics(C_text, as.graphicsAnnot(x$label), x$x, x$y, :
conversion failure on 'Dana VorlÃÄ ková' in 'mbcsToSbcs': dot substituted for <c4>
Warning in grid.Call.graphics(C_text, as.graphicsAnnot(x$label), x$x, x$y, :
conversion failure on 'Dana VorlÃÄ ková' in 'mbcsToSbcs': dot substituted for <8d>
Warning in grid.Call.graphics(C_text, as.graphicsAnnot(x$label), x$x, x$y, :
conversion failure on 'BogusÅ awa Bednarek-Kozek' in 'mbcsToSbcs': dot substituted for <c5>
Warning in grid.Call.graphics(C_text, as.graphicsAnnot(x$label), x$x, x$y, :
conversion failure on 'BogusÅ awa Bednarek-Kozek' in 'mbcsToSbcs': dot substituted for <82>
Warning in grid.Call.graphics(C_text, as.graphicsAnnot(x$label), x$x, x$y, :
conversion failure on 'BogusÅ awa Bednarek-Kozek' in 'mbcsToSbcs': dot substituted for <c5>
Warning in grid.Call.graphics(C_text, as.graphicsAnnot(x$label), x$x, x$y, :
conversion failure on 'BogusÅ awa Bednarek-Kozek' in 'mbcsToSbcs': dot substituted for <82>
Warning in grid.Call.graphics(C_text, as.graphicsAnnot(x$label), x$x, x$y, :
conversion failure on 'CzesÅ aw StÄ pniak' in 'mbcsToSbcs': dot substituted for <c5>
Warning in grid.Call.graphics(C_text, as.graphicsAnnot(x$label), x$x, x$y, :
conversion failure on 'CzesÅ aw StÄ pniak' in 'mbcsToSbcs': dot substituted for <82>
Warning in grid.Call.graphics(C_text, as.graphicsAnnot(x$label), x$x, x$y, :
conversion failure on 'CzesÅ aw StÄ pniak' in 'mbcsToSbcs': dot substituted for <c4>
Warning in grid.Call.graphics(C_text, as.graphicsAnnot(x$label), x$x, x$y, :
conversion failure on 'CzesÅ aw StÄ pniak' in 'mbcsToSbcs': dot substituted for <99>
Warning in grid.Call.graphics(C_text, as.graphicsAnnot(x$label), x$x, x$y, :
conversion failure on 'CzesÅ aw StÄ pniak' in 'mbcsToSbcs': dot substituted for <c5>
Warning in grid.Call.graphics(C_text, as.graphicsAnnot(x$label), x$x, x$y, :
conversion failure on 'CzesÅ aw StÄ pniak' in 'mbcsToSbcs': dot substituted for <82>
Warning in grid.Call.graphics(C_text, as.graphicsAnnot(x$label), x$x, x$y, :
conversion failure on 'CzesÅ aw StÄ pniak' in 'mbcsToSbcs': dot substituted for <c4>
Warning in grid.Call.graphics(C_text, as.graphicsAnnot(x$label), x$x, x$y, :
conversion failure on 'CzesÅ aw StÄ pniak' in 'mbcsToSbcs': dot substituted for <99>
Warning in grid.Call.graphics(C_text, as.graphicsAnnot(x$label), x$x, x$y, :
conversion failure on 'Biljana PopoviÄ ' in 'mbcsToSbcs': dot substituted for <c4>
Warning in grid.Call.graphics(C_text, as.graphicsAnnot(x$label), x$x, x$y, :
conversion failure on 'Biljana PopoviÄ ' in 'mbcsToSbcs': dot substituted for <87>
Warning in grid.Call.graphics(C_text, as.graphicsAnnot(x$label), x$x, x$y, :
conversion failure on 'Biljana PopoviÄ ' in 'mbcsToSbcs': dot substituted for <c4>
Warning in grid.Call.graphics(C_text, as.graphicsAnnot(x$label), x$x, x$y, :
conversion failure on 'Biljana PopoviÄ ' in 'mbcsToSbcs': dot substituted for <87>
Warning in grid.Call.graphics(C_text, as.graphicsAnnot(x$label), x$x, x$y, :
conversion failure on 'Grzegorz RempaÅ a' in 'mbcsToSbcs': dot substituted for <c5>
Warning in grid.Call.graphics(C_text, as.graphicsAnnot(x$label), x$x, x$y, :
conversion failure on 'Grzegorz RempaÅ a' in 'mbcsToSbcs': dot substituted for <82>
Warning in grid.Call.graphics(C_text, as.graphicsAnnot(x$label), x$x, x$y, :
conversion failure on 'Grzegorz RempaÅ a' in 'mbcsToSbcs': dot substituted for <c5>
Warning in grid.Call.graphics(C_text, as.graphicsAnnot(x$label), x$x, x$y, :
conversion failure on 'Grzegorz RempaÅ a' in 'mbcsToSbcs': dot substituted for <82>
Warning in grid.Call.graphics(C_text, as.graphicsAnnot(x$label), x$x, x$y, :
conversion failure on 'Miroslav RistiÄ ' in 'mbcsToSbcs': dot substituted for <c4>
Warning in grid.Call.graphics(C_text, as.graphicsAnnot(x$label), x$x, x$y, :
conversion failure on 'Miroslav RistiÄ ' in 'mbcsToSbcs': dot substituted for <87>
Warning in grid.Call.graphics(C_text, as.graphicsAnnot(x$label), x$x, x$y, :
conversion failure on 'Miroslav RistiÄ ' in 'mbcsToSbcs': dot substituted for <c4>
Warning in grid.Call.graphics(C_text, as.graphicsAnnot(x$label), x$x, x$y, :
conversion failure on 'Miroslav RistiÄ ' in 'mbcsToSbcs': dot substituted for <87>
Warning in grid.Call.graphics(C_text, as.graphicsAnnot(x$label), x$x, x$y, :
conversion failure on 'Hana JaneÄ ková' in 'mbcsToSbcs': dot substituted for <c4>
Warning in grid.Call.graphics(C_text, as.graphicsAnnot(x$label), x$x, x$y, :
conversion failure on 'Hana JaneÄ ková' in 'mbcsToSbcs': dot substituted for <8d>
Warning in grid.Call.graphics(C_text, as.graphicsAnnot(x$label), x$x, x$y, :
conversion failure on 'Hana JaneÄ ková' in 'mbcsToSbcs': dot substituted for <c4>
Warning in grid.Call.graphics(C_text, as.graphicsAnnot(x$label), x$x, x$y, :
conversion failure on 'Hana JaneÄ ková' in 'mbcsToSbcs': dot substituted for <8d>
Warning in grid.Call.graphics(C_text, as.graphicsAnnot(x$label), x$x, x$y, :
conversion failure on 'Petr FranÄ k' in 'mbcsToSbcs': dot substituted for <c4>
Warning in grid.Call.graphics(C_text, as.graphicsAnnot(x$label), x$x, x$y, :
conversion failure on 'Petr FranÄ k' in 'mbcsToSbcs': dot substituted for <9b>
Warning in grid.Call.graphics(C_text, as.graphicsAnnot(x$label), x$x, x$y, :
conversion failure on 'Petr FranÄ k' in 'mbcsToSbcs': dot substituted for <c4>
Warning in grid.Call.graphics(C_text, as.graphicsAnnot(x$label), x$x, x$y, :
conversion failure on 'Petr FranÄ k' in 'mbcsToSbcs': dot substituted for <9b>
Warning in grid.Call.graphics(C_text, as.graphicsAnnot(x$label), x$x, x$y, :
conversion failure on 'Libor MaÅ¡ÃÄ ek' in 'mbcsToSbcs': dot substituted for <c4>
Warning in grid.Call.graphics(C_text, as.graphicsAnnot(x$label), x$x, x$y, :
conversion failure on 'Libor MaÅ¡ÃÄ ek' in 'mbcsToSbcs': dot substituted for <8d>
Warning in grid.Call.graphics(C_text, as.graphicsAnnot(x$label), x$x, x$y, :
conversion failure on 'Libor MaÅ¡ÃÄ ek' in 'mbcsToSbcs': dot substituted for <c4>
Warning in grid.Call.graphics(C_text, as.graphicsAnnot(x$label), x$x, x$y, :
conversion failure on 'Libor MaÅ¡ÃÄ ek' in 'mbcsToSbcs': dot substituted for <8d>
Warning in grid.Call.graphics(C_text, as.graphicsAnnot(x$label), x$x, x$y, :
conversion failure on 'Václav Ä apek' in 'mbcsToSbcs': dot substituted for <c4>
Warning in grid.Call.graphics(C_text, as.graphicsAnnot(x$label), x$x, x$y, :
conversion failure on 'Václav Ä apek' in 'mbcsToSbcs': dot substituted for <8c>
Warning in grid.Call.graphics(C_text, as.graphicsAnnot(x$label), x$x, x$y, :
conversion failure on 'Václav Ä apek' in 'mbcsToSbcs': dot substituted for <c4>
Warning in grid.Call.graphics(C_text, as.graphicsAnnot(x$label), x$x, x$y, :
conversion failure on 'Václav Ä apek' in 'mbcsToSbcs': dot substituted for <8c>
Warning in grid.Call.graphics(C_text, as.graphicsAnnot(x$label), x$x, x$y, :
conversion failure on 'Milovan KrnjajiÄ ' in 'mbcsToSbcs': dot substituted for <c4>
Warning in grid.Call.graphics(C_text, as.graphicsAnnot(x$label), x$x, x$y, :
conversion failure on 'Milovan KrnjajiÄ ' in 'mbcsToSbcs': dot substituted for <87>
Warning in grid.Call.graphics(C_text, as.graphicsAnnot(x$label), x$x, x$y, :
conversion failure on 'Milovan KrnjajiÄ ' in 'mbcsToSbcs': dot substituted for <c4>
Warning in grid.Call.graphics(C_text, as.graphicsAnnot(x$label), x$x, x$y, :
conversion failure on 'Milovan KrnjajiÄ ' in 'mbcsToSbcs': dot substituted for <87>
Warning in grid.Call.graphics(C_text, as.graphicsAnnot(x$label), x$x, x$y, :
conversion failure on 'Alena Ä ernÃková' in 'mbcsToSbcs': dot substituted for <c4>
Warning in grid.Call.graphics(C_text, as.graphicsAnnot(x$label), x$x, x$y, :
conversion failure on 'Alena Ä ernÃková' in 'mbcsToSbcs': dot substituted for <8c>
Warning in grid.Call.graphics(C_text, as.graphicsAnnot(x$label), x$x, x$y, :
conversion failure on 'Alena Ä ernÃková' in 'mbcsToSbcs': dot substituted for <c4>
Warning in grid.Call.graphics(C_text, as.graphicsAnnot(x$label), x$x, x$y, :
conversion failure on 'Alena Ä ernÃková' in 'mbcsToSbcs': dot substituted for <8c>
Warning in grid.Call.graphics(C_text, as.graphicsAnnot(x$label), x$x, x$y, :
conversion failure on 'Jan PudeÅ ko' in 'mbcsToSbcs': dot substituted for <c5>
Warning in grid.Call.graphics(C_text, as.graphicsAnnot(x$label), x$x, x$y, :
conversion failure on 'Jan PudeÅ ko' in 'mbcsToSbcs': dot substituted for <82>
Warning in grid.Call.graphics(C_text, as.graphicsAnnot(x$label), x$x, x$y, :
conversion failure on 'Jan PudeÅ ko' in 'mbcsToSbcs': dot substituted for <c5>
Warning in grid.Call.graphics(C_text, as.graphicsAnnot(x$label), x$x, x$y, :
conversion failure on 'Jan PudeÅ ko' in 'mbcsToSbcs': dot substituted for <82>
Warning in grid.Call.graphics(C_text, as.graphicsAnnot(x$label), x$x, x$y, :
conversion failure on 'Vladica StojanoviÄ ' in 'mbcsToSbcs': dot substituted for <c4>
Warning in grid.Call.graphics(C_text, as.graphicsAnnot(x$label), x$x, x$y, :
conversion failure on 'Vladica StojanoviÄ ' in 'mbcsToSbcs': dot substituted for <87>
Warning in grid.Call.graphics(C_text, as.graphicsAnnot(x$label), x$x, x$y, :
conversion failure on 'Vladica StojanoviÄ ' in 'mbcsToSbcs': dot substituted for <c4>
Warning in grid.Call.graphics(C_text, as.graphicsAnnot(x$label), x$x, x$y, :
conversion failure on 'Vladica StojanoviÄ ' in 'mbcsToSbcs': dot substituted for <87>
Warning in grid.Call.graphics(C_text, as.graphicsAnnot(x$label), x$x, x$y, :
conversion failure on 'Pavel VanÄ Ä ek' in 'mbcsToSbcs': dot substituted for <c4>
Warning in grid.Call.graphics(C_text, as.graphicsAnnot(x$label), x$x, x$y, :
conversion failure on 'Pavel VanÄ Ä ek' in 'mbcsToSbcs': dot substituted for <9b>
Warning in grid.Call.graphics(C_text, as.graphicsAnnot(x$label), x$x, x$y, :
conversion failure on 'Pavel VanÄ Ä ek' in 'mbcsToSbcs': dot substituted for <c4>
Warning in grid.Call.graphics(C_text, as.graphicsAnnot(x$label), x$x, x$y, :
conversion failure on 'Pavel VanÄ Ä ek' in 'mbcsToSbcs': dot substituted for <8d>
Warning in grid.Call.graphics(C_text, as.graphicsAnnot(x$label), x$x, x$y, :
conversion failure on 'Pavel VanÄ Ä ek' in 'mbcsToSbcs': dot substituted for <c4>
Warning in grid.Call.graphics(C_text, as.graphicsAnnot(x$label), x$x, x$y, :
conversion failure on 'Pavel VanÄ Ä ek' in 'mbcsToSbcs': dot substituted for <9b>
Warning in grid.Call.graphics(C_text, as.graphicsAnnot(x$label), x$x, x$y, :
conversion failure on 'Pavel VanÄ Ä ek' in 'mbcsToSbcs': dot substituted for <c4>
Warning in grid.Call.graphics(C_text, as.graphicsAnnot(x$label), x$x, x$y, :
conversion failure on 'Pavel VanÄ Ä ek' in 'mbcsToSbcs': dot substituted for <8d>
Warning in grid.Call.graphics(C_text, as.graphicsAnnot(x$label), x$x, x$y, :
conversion failure on 'Inga MasiulaitytÄ ' in 'mbcsToSbcs': dot substituted for <c4>
Warning in grid.Call.graphics(C_text, as.graphicsAnnot(x$label), x$x, x$y, :
conversion failure on 'Inga MasiulaitytÄ ' in 'mbcsToSbcs': dot substituted for <97>
Warning in grid.Call.graphics(C_text, as.graphicsAnnot(x$label), x$x, x$y, :
conversion failure on 'Inga MasiulaitytÄ ' in 'mbcsToSbcs': dot substituted for <c4>
Warning in grid.Call.graphics(C_text, as.graphicsAnnot(x$label), x$x, x$y, :
conversion failure on 'Inga MasiulaitytÄ ' in 'mbcsToSbcs': dot substituted for <97>
Warning in grid.Call.graphics(C_text, as.graphicsAnnot(x$label), x$x, x$y, :
conversion failure on 'Duygu SavaŠcı' in 'mbcsToSbcs': dot substituted for <c5>
Warning in grid.Call.graphics(C_text, as.graphicsAnnot(x$label), x$x, x$y, :
conversion failure on 'Duygu SavaŠcı' in 'mbcsToSbcs': dot substituted for <9f>
Warning in grid.Call.graphics(C_text, as.graphicsAnnot(x$label), x$x, x$y, :
conversion failure on 'Duygu SavaŠcı' in 'mbcsToSbcs': dot substituted for <c4>
Warning in grid.Call.graphics(C_text, as.graphicsAnnot(x$label), x$x, x$y, :
conversion failure on 'Duygu SavaŠcı' in 'mbcsToSbcs': dot substituted for <b1>
Warning in grid.Call.graphics(C_text, as.graphicsAnnot(x$label), x$x, x$y, :
conversion failure on 'Duygu SavaŠcı' in 'mbcsToSbcs': dot substituted for <c5>
Warning in grid.Call.graphics(C_text, as.graphicsAnnot(x$label), x$x, x$y, :
conversion failure on 'Duygu SavaŠcı' in 'mbcsToSbcs': dot substituted for <9f>
Warning in grid.Call.graphics(C_text, as.graphicsAnnot(x$label), x$x, x$y, :
conversion failure on 'Duygu SavaŠcı' in 'mbcsToSbcs': dot substituted for <c4>
Warning in grid.Call.graphics(C_text, as.graphicsAnnot(x$label), x$x, x$y, :
conversion failure on 'Duygu SavaŠcı' in 'mbcsToSbcs': dot substituted for <b1>
Warning in grid.Call.graphics(C_text, as.graphicsAnnot(x$label), x$x, x$y, :
conversion failure on 'OndŠej Vencálek' in 'mbcsToSbcs': dot substituted for <c5>
Warning in grid.Call.graphics(C_text, as.graphicsAnnot(x$label), x$x, x$y, :
conversion failure on 'OndŠej Vencálek' in 'mbcsToSbcs': dot substituted for <99>
Warning in grid.Call.graphics(C_text, as.graphicsAnnot(x$label), x$x, x$y, :
conversion failure on 'OndŠej Vencálek' in 'mbcsToSbcs': dot substituted for <c5>
Warning in grid.Call.graphics(C_text, as.graphicsAnnot(x$label), x$x, x$y, :
conversion failure on 'OndŠej Vencálek' in 'mbcsToSbcs': dot substituted for <99>
Warning in grid.Call.graphics(C_text, as.graphicsAnnot(x$label), x$x, x$y, :
conversion failure on 'Aleksandar NastiÄ ' in 'mbcsToSbcs': dot substituted for <c4>
Warning in grid.Call.graphics(C_text, as.graphicsAnnot(x$label), x$x, x$y, :
conversion failure on 'Aleksandar NastiÄ ' in 'mbcsToSbcs': dot substituted for <87>
Warning in grid.Call.graphics(C_text, as.graphicsAnnot(x$label), x$x, x$y, :
conversion failure on 'Aleksandar NastiÄ ' in 'mbcsToSbcs': dot substituted for <c4>
Warning in grid.Call.graphics(C_text, as.graphicsAnnot(x$label), x$x, x$y, :
conversion failure on 'Aleksandar NastiÄ ' in 'mbcsToSbcs': dot substituted for <87>
Warning in grid.Call.graphics(C_text, as.graphicsAnnot(x$label), x$x, x$y, :
conversion failure on 'Gábor Szűcs' in 'mbcsToSbcs': dot substituted for <c5>
Warning in grid.Call.graphics(C_text, as.graphicsAnnot(x$label), x$x, x$y, :
conversion failure on 'Gábor Szűcs' in 'mbcsToSbcs': dot substituted for <b1>
Warning in grid.Call.graphics(C_text, as.graphicsAnnot(x$label), x$x, x$y, :
conversion failure on 'Gábor Szűcs' in 'mbcsToSbcs': dot substituted for <c5>
Warning in grid.Call.graphics(C_text, as.graphicsAnnot(x$label), x$x, x$y, :
conversion failure on 'Gábor Szűcs' in 'mbcsToSbcs': dot substituted for <b1>
Warning in grid.Call.graphics(C_text, as.graphicsAnnot(x$label), x$x, x$y, :
conversion failure on 'Barbara ChoroÅ -Tomczyk' in 'mbcsToSbcs': dot substituted for <c5>
Warning in grid.Call.graphics(C_text, as.graphicsAnnot(x$label), x$x, x$y, :
conversion failure on 'Barbara ChoroÅ -Tomczyk' in 'mbcsToSbcs': dot substituted for <9b>
Warning in grid.Call.graphics(C_text, as.graphicsAnnot(x$label), x$x, x$y, :
conversion failure on 'Barbara ChoroÅ -Tomczyk' in 'mbcsToSbcs': dot substituted for <c5>
Warning in grid.Call.graphics(C_text, as.graphicsAnnot(x$label), x$x, x$y, :
conversion failure on 'Barbara ChoroÅ -Tomczyk' in 'mbcsToSbcs': dot substituted for <9b>
Warning in grid.Call.graphics(C_text, as.graphicsAnnot(x$label), x$x, x$y, :
conversion failure on 'OndÅ ej Chochola' in 'mbcsToSbcs': dot substituted for <c5>
Warning in grid.Call.graphics(C_text, as.graphicsAnnot(x$label), x$x, x$y, :
conversion failure on 'OndÅ ej Chochola' in 'mbcsToSbcs': dot substituted for <99>
Warning in grid.Call.graphics(C_text, as.graphicsAnnot(x$label), x$x, x$y, :
conversion failure on 'OndÅ ej Chochola' in 'mbcsToSbcs': dot substituted for <c5>
Warning in grid.Call.graphics(C_text, as.graphicsAnnot(x$label), x$x, x$y, :
conversion failure on 'OndÅ ej Chochola' in 'mbcsToSbcs': dot substituted for <99>
Warning in graphics::strwidth(pMPDF$label, "inches") :
conversion failure on 'LubomÃr KubÃ¡Ä ek' in 'mbcsToSbcs': dot substituted for <c4>
Warning in graphics::strwidth(pMPDF$label, "inches") :
conversion failure on 'LubomÃr KubÃ¡Ä ek' in 'mbcsToSbcs': dot substituted for <8d>
Warning in graphics::strwidth(pMPDF$label, "inches") :
conversion failure on 'JiÅ Ã AndÄ l' in 'mbcsToSbcs': dot substituted for <c5>
Warning in graphics::strwidth(pMPDF$label, "inches") :
conversion failure on 'JiÅ Ã AndÄ l' in 'mbcsToSbcs': dot substituted for <99>
Warning in graphics::strwidth(pMPDF$label, "inches") :
conversion failure on 'JiÅ Ã AndÄ l' in 'mbcsToSbcs': dot substituted for <c4>
Warning in graphics::strwidth(pMPDF$label, "inches") :
conversion failure on 'JiÅ Ã AndÄ l' in 'mbcsToSbcs': dot substituted for <9b>
Warning in graphics::strwidth(pMPDF$label, "inches") :
conversion failure on 'Jana JureÄ ková' in 'mbcsToSbcs': dot substituted for <c4>
Warning in graphics::strwidth(pMPDF$label, "inches") :
conversion failure on 'Jana JureÄ ková' in 'mbcsToSbcs': dot substituted for <8d>
Warning in graphics::strwidth(pMPDF$label, "inches") :
conversion failure on 'Dana VorlÃÄ ková' in 'mbcsToSbcs': dot substituted for <c4>
Warning in graphics::strwidth(pMPDF$label, "inches") :
conversion failure on 'Dana VorlÃÄ ková' in 'mbcsToSbcs': dot substituted for <8d>
Warning in graphics::strwidth(pMPDF$label, "inches") :
conversion failure on 'BogusÅ awa Bednarek-Kozek' in 'mbcsToSbcs': dot substituted for <c5>
Warning in graphics::strwidth(pMPDF$label, "inches") :
conversion failure on 'BogusÅ awa Bednarek-Kozek' in 'mbcsToSbcs': dot substituted for <82>
Warning in graphics::strwidth(pMPDF$label, "inches") :
conversion failure on 'CzesÅ aw StÄ pniak' in 'mbcsToSbcs': dot substituted for <c5>
Warning in graphics::strwidth(pMPDF$label, "inches") :
conversion failure on 'CzesÅ aw StÄ pniak' in 'mbcsToSbcs': dot substituted for <82>
Warning in graphics::strwidth(pMPDF$label, "inches") :
conversion failure on 'CzesÅ aw StÄ pniak' in 'mbcsToSbcs': dot substituted for <c4>
Warning in graphics::strwidth(pMPDF$label, "inches") :
conversion failure on 'CzesÅ aw StÄ pniak' in 'mbcsToSbcs': dot substituted for <99>
Warning in graphics::strwidth(pMPDF$label, "inches") :
conversion failure on 'Biljana PopoviÄ ' in 'mbcsToSbcs': dot substituted for <c4>
Warning in graphics::strwidth(pMPDF$label, "inches") :
conversion failure on 'Biljana PopoviÄ ' in 'mbcsToSbcs': dot substituted for <87>
Warning in graphics::strwidth(pMPDF$label, "inches") :
conversion failure on 'Grzegorz RempaÅ a' in 'mbcsToSbcs': dot substituted for <c5>
Warning in graphics::strwidth(pMPDF$label, "inches") :
conversion failure on 'Grzegorz RempaÅ a' in 'mbcsToSbcs': dot substituted for <82>
Warning in graphics::strwidth(pMPDF$label, "inches") :
conversion failure on 'Miroslav RistiÄ ' in 'mbcsToSbcs': dot substituted for <c4>
Warning in graphics::strwidth(pMPDF$label, "inches") :
conversion failure on 'Miroslav RistiÄ ' in 'mbcsToSbcs': dot substituted for <87>
Warning in graphics::strwidth(pMPDF$label, "inches") :
conversion failure on 'Hana JaneÄ ková' in 'mbcsToSbcs': dot substituted for <c4>
Warning in graphics::strwidth(pMPDF$label, "inches") :
conversion failure on 'Hana JaneÄ ková' in 'mbcsToSbcs': dot substituted for <8d>
Warning in graphics::strwidth(pMPDF$label, "inches") :
conversion failure on 'Petr FranÄ k' in 'mbcsToSbcs': dot substituted for <c4>
Warning in graphics::strwidth(pMPDF$label, "inches") :
conversion failure on 'Petr FranÄ k' in 'mbcsToSbcs': dot substituted for <9b>
Warning in graphics::strwidth(pMPDF$label, "inches") :
conversion failure on 'Libor MaÅ¡ÃÄ ek' in 'mbcsToSbcs': dot substituted for <c4>
Warning in graphics::strwidth(pMPDF$label, "inches") :
conversion failure on 'Libor MaÅ¡ÃÄ ek' in 'mbcsToSbcs': dot substituted for <8d>
Warning in graphics::strwidth(pMPDF$label, "inches") :
conversion failure on 'Václav Ä apek' in 'mbcsToSbcs': dot substituted for <c4>
Warning in graphics::strwidth(pMPDF$label, "inches") :
conversion failure on 'Václav Ä apek' in 'mbcsToSbcs': dot substituted for <8c>
Warning in graphics::strwidth(pMPDF$label, "inches") :
conversion failure on 'Milovan KrnjajiÄ ' in 'mbcsToSbcs': dot substituted for <c4>
Warning in graphics::strwidth(pMPDF$label, "inches") :
conversion failure on 'Milovan KrnjajiÄ ' in 'mbcsToSbcs': dot substituted for <87>
Warning in graphics::strwidth(pMPDF$label, "inches") :
conversion failure on 'Alena Ä ernÃková' in 'mbcsToSbcs': dot substituted for <c4>
Warning in graphics::strwidth(pMPDF$label, "inches") :
conversion failure on 'Alena Ä ernÃková' in 'mbcsToSbcs': dot substituted for <8c>
Warning in graphics::strwidth(pMPDF$label, "inches") :
conversion failure on 'Jan PudeÅ ko' in 'mbcsToSbcs': dot substituted for <c5>
Warning in graphics::strwidth(pMPDF$label, "inches") :
conversion failure on 'Jan PudeÅ ko' in 'mbcsToSbcs': dot substituted for <82>
Warning in graphics::strwidth(pMPDF$label, "inches") :
conversion failure on 'Vladica StojanoviÄ ' in 'mbcsToSbcs': dot substituted for <c4>
Warning in graphics::strwidth(pMPDF$label, "inches") :
conversion failure on 'Vladica StojanoviÄ ' in 'mbcsToSbcs': dot substituted for <87>
Warning in graphics::strwidth(pMPDF$label, "inches") :
conversion failure on 'Pavel VanÄ Ä ek' in 'mbcsToSbcs': dot substituted for <c4>
Warning in graphics::strwidth(pMPDF$label, "inches") :
conversion failure on 'Pavel VanÄ Ä ek' in 'mbcsToSbcs': dot substituted for <9b>
Warning in graphics::strwidth(pMPDF$label, "inches") :
conversion failure on 'Pavel VanÄ Ä ek' in 'mbcsToSbcs': dot substituted for <c4>
Warning in graphics::strwidth(pMPDF$label, "inches") :
conversion failure on 'Pavel VanÄ Ä ek' in 'mbcsToSbcs': dot substituted for <8d>
Warning in graphics::strwidth(pMPDF$label, "inches") :
conversion failure on 'Inga MasiulaitytÄ ' in 'mbcsToSbcs': dot substituted for <c4>
Warning in graphics::strwidth(pMPDF$label, "inches") :
conversion failure on 'Inga MasiulaitytÄ ' in 'mbcsToSbcs': dot substituted for <97>
Warning in graphics::strwidth(pMPDF$label, "inches") :
conversion failure on 'Duygu SavaŠcı' in 'mbcsToSbcs': dot substituted for <c5>
Warning in graphics::strwidth(pMPDF$label, "inches") :
conversion failure on 'Duygu SavaŠcı' in 'mbcsToSbcs': dot substituted for <9f>
Warning in graphics::strwidth(pMPDF$label, "inches") :
conversion failure on 'Duygu SavaŠcı' in 'mbcsToSbcs': dot substituted for <c4>
Warning in graphics::strwidth(pMPDF$label, "inches") :
conversion failure on 'Duygu SavaŠcı' in 'mbcsToSbcs': dot substituted for <b1>
Warning in graphics::strwidth(pMPDF$label, "inches") :
conversion failure on 'OndŠej Vencálek' in 'mbcsToSbcs': dot substituted for <c5>
Warning in graphics::strwidth(pMPDF$label, "inches") :
conversion failure on 'OndŠej Vencálek' in 'mbcsToSbcs': dot substituted for <99>
Warning in graphics::strwidth(pMPDF$label, "inches") :
conversion failure on 'Aleksandar NastiÄ ' in 'mbcsToSbcs': dot substituted for <c4>
Warning in graphics::strwidth(pMPDF$label, "inches") :
conversion failure on 'Aleksandar NastiÄ ' in 'mbcsToSbcs': dot substituted for <87>
Warning in graphics::strwidth(pMPDF$label, "inches") :
conversion failure on 'Gábor Szűcs' in 'mbcsToSbcs': dot substituted for <c5>
Warning in graphics::strwidth(pMPDF$label, "inches") :
conversion failure on 'Gábor Szűcs' in 'mbcsToSbcs': dot substituted for <b1>
Warning in graphics::strwidth(pMPDF$label, "inches") :
conversion failure on 'Barbara ChoroÅ -Tomczyk' in 'mbcsToSbcs': dot substituted for <c5>
Warning in graphics::strwidth(pMPDF$label, "inches") :
conversion failure on 'Barbara ChoroÅ -Tomczyk' in 'mbcsToSbcs': dot substituted for <9b>
Warning in graphics::strwidth(pMPDF$label, "inches") :
conversion failure on 'OndÅ ej Chochola' in 'mbcsToSbcs': dot substituted for <c5>
Warning in graphics::strwidth(pMPDF$label, "inches") :
conversion failure on 'OndÅ ej Chochola' in 'mbcsToSbcs': dot substituted for <99>
Warning in graphics::strwidth(pMPDF$label, "inches") :
conversion failure on 'Anna JenÄ ová' in 'mbcsToSbcs': dot substituted for <c4>
Warning in graphics::strwidth(pMPDF$label, "inches") :
conversion failure on 'Anna JenÄ ová' in 'mbcsToSbcs': dot substituted for <8d>
Warning in graphics::strwidth(pMPDF$label, "inches") :
conversion failure on 'Peter Ä erÅ anskÜ' in 'mbcsToSbcs': dot substituted for <c4>
Warning in graphics::strwidth(pMPDF$label, "inches") :
conversion failure on 'Peter Ä erÅ anskÜ' in 'mbcsToSbcs': dot substituted for <8c>
Warning in graphics::strwidth(pMPDF$label, "inches") :
conversion failure on 'Peter Ä erÅ anskÜ' in 'mbcsToSbcs': dot substituted for <c5>
Warning in graphics::strwidth(pMPDF$label, "inches") :
conversion failure on 'Peter Ä erÅ anskÜ' in 'mbcsToSbcs': dot substituted for <88>
Warning: Removed 63 rows containing missing values (geom_segment).
Warning in grid.Call.graphics(C_text, as.graphicsAnnot(x$label), x$x, x$y, :
conversion failure on 'LubomÃr KubÃ¡Ä ek' in 'mbcsToSbcs': dot substituted for <c4>
Warning in grid.Call.graphics(C_text, as.graphicsAnnot(x$label), x$x, x$y, :
conversion failure on 'LubomÃr KubÃ¡Ä ek' in 'mbcsToSbcs': dot substituted for <8d>
Warning in grid.Call.graphics(C_text, as.graphicsAnnot(x$label), x$x, x$y, :
conversion failure on 'LubomÃr KubÃ¡Ä ek' in 'mbcsToSbcs': dot substituted for <c4>
Warning in grid.Call.graphics(C_text, as.graphicsAnnot(x$label), x$x, x$y, :
conversion failure on 'LubomÃr KubÃ¡Ä ek' in 'mbcsToSbcs': dot substituted for <8d>
Warning in grid.Call.graphics(C_text, as.graphicsAnnot(x$label), x$x, x$y, :
conversion failure on 'JiÅ Ã AndÄ l' in 'mbcsToSbcs': dot substituted for <c5>
Warning in grid.Call.graphics(C_text, as.graphicsAnnot(x$label), x$x, x$y, :
conversion failure on 'JiÅ Ã AndÄ l' in 'mbcsToSbcs': dot substituted for <99>
Warning in grid.Call.graphics(C_text, as.graphicsAnnot(x$label), x$x, x$y, :
conversion failure on 'JiÅ Ã AndÄ l' in 'mbcsToSbcs': dot substituted for <c4>
Warning in grid.Call.graphics(C_text, as.graphicsAnnot(x$label), x$x, x$y, :
conversion failure on 'JiÅ Ã AndÄ l' in 'mbcsToSbcs': dot substituted for <9b>
Warning in grid.Call.graphics(C_text, as.graphicsAnnot(x$label), x$x, x$y, :
conversion failure on 'JiÅ Ã AndÄ l' in 'mbcsToSbcs': dot substituted for <c5>
Warning in grid.Call.graphics(C_text, as.graphicsAnnot(x$label), x$x, x$y, :
conversion failure on 'JiÅ Ã AndÄ l' in 'mbcsToSbcs': dot substituted for <99>
Warning in grid.Call.graphics(C_text, as.graphicsAnnot(x$label), x$x, x$y, :
conversion failure on 'JiÅ Ã AndÄ l' in 'mbcsToSbcs': dot substituted for <c4>
Warning in grid.Call.graphics(C_text, as.graphicsAnnot(x$label), x$x, x$y, :
conversion failure on 'JiÅ Ã AndÄ l' in 'mbcsToSbcs': dot substituted for <9b>
Warning in grid.Call.graphics(C_text, as.graphicsAnnot(x$label), x$x, x$y, :
conversion failure on 'Jana JureÄ ková' in 'mbcsToSbcs': dot substituted for <c4>
Warning in grid.Call.graphics(C_text, as.graphicsAnnot(x$label), x$x, x$y, :
conversion failure on 'Jana JureÄ ková' in 'mbcsToSbcs': dot substituted for <8d>
Warning in grid.Call.graphics(C_text, as.graphicsAnnot(x$label), x$x, x$y, :
conversion failure on 'Jana JureÄ ková' in 'mbcsToSbcs': dot substituted for <c4>
Warning in grid.Call.graphics(C_text, as.graphicsAnnot(x$label), x$x, x$y, :
conversion failure on 'Jana JureÄ ková' in 'mbcsToSbcs': dot substituted for <8d>
Warning in grid.Call.graphics(C_text, as.graphicsAnnot(x$label), x$x, x$y, :
conversion failure on 'Dana VorlÃÄ ková' in 'mbcsToSbcs': dot substituted for <c4>
Warning in grid.Call.graphics(C_text, as.graphicsAnnot(x$label), x$x, x$y, :
conversion failure on 'Dana VorlÃÄ ková' in 'mbcsToSbcs': dot substituted for <8d>
Warning in grid.Call.graphics(C_text, as.graphicsAnnot(x$label), x$x, x$y, :
conversion failure on 'Dana VorlÃÄ ková' in 'mbcsToSbcs': dot substituted for <c4>
Warning in grid.Call.graphics(C_text, as.graphicsAnnot(x$label), x$x, x$y, :
conversion failure on 'Dana VorlÃÄ ková' in 'mbcsToSbcs': dot substituted for <8d>
Warning in grid.Call.graphics(C_text, as.graphicsAnnot(x$label), x$x, x$y, :
conversion failure on 'BogusÅ awa Bednarek-Kozek' in 'mbcsToSbcs': dot substituted for <c5>
Warning in grid.Call.graphics(C_text, as.graphicsAnnot(x$label), x$x, x$y, :
conversion failure on 'BogusÅ awa Bednarek-Kozek' in 'mbcsToSbcs': dot substituted for <82>
Warning in grid.Call.graphics(C_text, as.graphicsAnnot(x$label), x$x, x$y, :
conversion failure on 'BogusÅ awa Bednarek-Kozek' in 'mbcsToSbcs': dot substituted for <c5>
Warning in grid.Call.graphics(C_text, as.graphicsAnnot(x$label), x$x, x$y, :
conversion failure on 'BogusÅ awa Bednarek-Kozek' in 'mbcsToSbcs': dot substituted for <82>
Warning in grid.Call.graphics(C_text, as.graphicsAnnot(x$label), x$x, x$y, :
conversion failure on 'CzesÅ aw StÄ pniak' in 'mbcsToSbcs': dot substituted for <c5>
Warning in grid.Call.graphics(C_text, as.graphicsAnnot(x$label), x$x, x$y, :
conversion failure on 'CzesÅ aw StÄ pniak' in 'mbcsToSbcs': dot substituted for <82>
Warning in grid.Call.graphics(C_text, as.graphicsAnnot(x$label), x$x, x$y, :
conversion failure on 'CzesÅ aw StÄ pniak' in 'mbcsToSbcs': dot substituted for <c4>
Warning in grid.Call.graphics(C_text, as.graphicsAnnot(x$label), x$x, x$y, :
conversion failure on 'CzesÅ aw StÄ pniak' in 'mbcsToSbcs': dot substituted for <99>
Warning in grid.Call.graphics(C_text, as.graphicsAnnot(x$label), x$x, x$y, :
conversion failure on 'CzesÅ aw StÄ pniak' in 'mbcsToSbcs': dot substituted for <c5>
Warning in grid.Call.graphics(C_text, as.graphicsAnnot(x$label), x$x, x$y, :
conversion failure on 'CzesÅ aw StÄ pniak' in 'mbcsToSbcs': dot substituted for <82>
Warning in grid.Call.graphics(C_text, as.graphicsAnnot(x$label), x$x, x$y, :
conversion failure on 'CzesÅ aw StÄ pniak' in 'mbcsToSbcs': dot substituted for <c4>
Warning in grid.Call.graphics(C_text, as.graphicsAnnot(x$label), x$x, x$y, :
conversion failure on 'CzesÅ aw StÄ pniak' in 'mbcsToSbcs': dot substituted for <99>
Warning in grid.Call.graphics(C_text, as.graphicsAnnot(x$label), x$x, x$y, :
conversion failure on 'Biljana PopoviÄ ' in 'mbcsToSbcs': dot substituted for <c4>
Warning in grid.Call.graphics(C_text, as.graphicsAnnot(x$label), x$x, x$y, :
conversion failure on 'Biljana PopoviÄ ' in 'mbcsToSbcs': dot substituted for <87>
Warning in grid.Call.graphics(C_text, as.graphicsAnnot(x$label), x$x, x$y, :
conversion failure on 'Biljana PopoviÄ ' in 'mbcsToSbcs': dot substituted for <c4>
Warning in grid.Call.graphics(C_text, as.graphicsAnnot(x$label), x$x, x$y, :
conversion failure on 'Biljana PopoviÄ ' in 'mbcsToSbcs': dot substituted for <87>
Warning in grid.Call.graphics(C_text, as.graphicsAnnot(x$label), x$x, x$y, :
conversion failure on 'Grzegorz RempaÅ a' in 'mbcsToSbcs': dot substituted for <c5>
Warning in grid.Call.graphics(C_text, as.graphicsAnnot(x$label), x$x, x$y, :
conversion failure on 'Grzegorz RempaÅ a' in 'mbcsToSbcs': dot substituted for <82>
Warning in grid.Call.graphics(C_text, as.graphicsAnnot(x$label), x$x, x$y, :
conversion failure on 'Grzegorz RempaÅ a' in 'mbcsToSbcs': dot substituted for <c5>
Warning in grid.Call.graphics(C_text, as.graphicsAnnot(x$label), x$x, x$y, :
conversion failure on 'Grzegorz RempaÅ a' in 'mbcsToSbcs': dot substituted for <82>
Warning in grid.Call.graphics(C_text, as.graphicsAnnot(x$label), x$x, x$y, :
conversion failure on 'Miroslav RistiÄ ' in 'mbcsToSbcs': dot substituted for <c4>
Warning in grid.Call.graphics(C_text, as.graphicsAnnot(x$label), x$x, x$y, :
conversion failure on 'Miroslav RistiÄ ' in 'mbcsToSbcs': dot substituted for <87>
Warning in grid.Call.graphics(C_text, as.graphicsAnnot(x$label), x$x, x$y, :
conversion failure on 'Miroslav RistiÄ ' in 'mbcsToSbcs': dot substituted for <c4>
Warning in grid.Call.graphics(C_text, as.graphicsAnnot(x$label), x$x, x$y, :
conversion failure on 'Miroslav RistiÄ ' in 'mbcsToSbcs': dot substituted for <87>
Warning in grid.Call.graphics(C_text, as.graphicsAnnot(x$label), x$x, x$y, :
conversion failure on 'Hana JaneÄ ková' in 'mbcsToSbcs': dot substituted for <c4>
Warning in grid.Call.graphics(C_text, as.graphicsAnnot(x$label), x$x, x$y, :
conversion failure on 'Hana JaneÄ ková' in 'mbcsToSbcs': dot substituted for <8d>
Warning in grid.Call.graphics(C_text, as.graphicsAnnot(x$label), x$x, x$y, :
conversion failure on 'Hana JaneÄ ková' in 'mbcsToSbcs': dot substituted for <c4>
Warning in grid.Call.graphics(C_text, as.graphicsAnnot(x$label), x$x, x$y, :
conversion failure on 'Hana JaneÄ ková' in 'mbcsToSbcs': dot substituted for <8d>
Warning in grid.Call.graphics(C_text, as.graphicsAnnot(x$label), x$x, x$y, :
conversion failure on 'Petr FranÄ k' in 'mbcsToSbcs': dot substituted for <c4>
Warning in grid.Call.graphics(C_text, as.graphicsAnnot(x$label), x$x, x$y, :
conversion failure on 'Petr FranÄ k' in 'mbcsToSbcs': dot substituted for <9b>
Warning in grid.Call.graphics(C_text, as.graphicsAnnot(x$label), x$x, x$y, :
conversion failure on 'Petr FranÄ k' in 'mbcsToSbcs': dot substituted for <c4>
Warning in grid.Call.graphics(C_text, as.graphicsAnnot(x$label), x$x, x$y, :
conversion failure on 'Petr FranÄ k' in 'mbcsToSbcs': dot substituted for <9b>
Warning in grid.Call.graphics(C_text, as.graphicsAnnot(x$label), x$x, x$y, :
conversion failure on 'Libor MaÅ¡ÃÄ ek' in 'mbcsToSbcs': dot substituted for <c4>
Warning in grid.Call.graphics(C_text, as.graphicsAnnot(x$label), x$x, x$y, :
conversion failure on 'Libor MaÅ¡ÃÄ ek' in 'mbcsToSbcs': dot substituted for <8d>
Warning in grid.Call.graphics(C_text, as.graphicsAnnot(x$label), x$x, x$y, :
conversion failure on 'Libor MaÅ¡ÃÄ ek' in 'mbcsToSbcs': dot substituted for <c4>
Warning in grid.Call.graphics(C_text, as.graphicsAnnot(x$label), x$x, x$y, :
conversion failure on 'Libor MaÅ¡ÃÄ ek' in 'mbcsToSbcs': dot substituted for <8d>
Warning in grid.Call.graphics(C_text, as.graphicsAnnot(x$label), x$x, x$y, :
conversion failure on 'Václav Ä apek' in 'mbcsToSbcs': dot substituted for <c4>
Warning in grid.Call.graphics(C_text, as.graphicsAnnot(x$label), x$x, x$y, :
conversion failure on 'Václav Ä apek' in 'mbcsToSbcs': dot substituted for <8c>
Warning in grid.Call.graphics(C_text, as.graphicsAnnot(x$label), x$x, x$y, :
conversion failure on 'Václav Ä apek' in 'mbcsToSbcs': dot substituted for <c4>
Warning in grid.Call.graphics(C_text, as.graphicsAnnot(x$label), x$x, x$y, :
conversion failure on 'Václav Ä apek' in 'mbcsToSbcs': dot substituted for <8c>
Warning in grid.Call.graphics(C_text, as.graphicsAnnot(x$label), x$x, x$y, :
conversion failure on 'Milovan KrnjajiÄ ' in 'mbcsToSbcs': dot substituted for <c4>
Warning in grid.Call.graphics(C_text, as.graphicsAnnot(x$label), x$x, x$y, :
conversion failure on 'Milovan KrnjajiÄ ' in 'mbcsToSbcs': dot substituted for <87>
Warning in grid.Call.graphics(C_text, as.graphicsAnnot(x$label), x$x, x$y, :
conversion failure on 'Milovan KrnjajiÄ ' in 'mbcsToSbcs': dot substituted for <c4>
Warning in grid.Call.graphics(C_text, as.graphicsAnnot(x$label), x$x, x$y, :
conversion failure on 'Milovan KrnjajiÄ ' in 'mbcsToSbcs': dot substituted for <87>
Warning in grid.Call.graphics(C_text, as.graphicsAnnot(x$label), x$x, x$y, :
conversion failure on 'Alena Ä ernÃková' in 'mbcsToSbcs': dot substituted for <c4>
Warning in grid.Call.graphics(C_text, as.graphicsAnnot(x$label), x$x, x$y, :
conversion failure on 'Alena Ä ernÃková' in 'mbcsToSbcs': dot substituted for <8c>
Warning in grid.Call.graphics(C_text, as.graphicsAnnot(x$label), x$x, x$y, :
conversion failure on 'Alena Ä ernÃková' in 'mbcsToSbcs': dot substituted for <c4>
Warning in grid.Call.graphics(C_text, as.graphicsAnnot(x$label), x$x, x$y, :
conversion failure on 'Alena Ä ernÃková' in 'mbcsToSbcs': dot substituted for <8c>
Warning in grid.Call.graphics(C_text, as.graphicsAnnot(x$label), x$x, x$y, :
conversion failure on 'Jan PudeÅ ko' in 'mbcsToSbcs': dot substituted for <c5>
Warning in grid.Call.graphics(C_text, as.graphicsAnnot(x$label), x$x, x$y, :
conversion failure on 'Jan PudeÅ ko' in 'mbcsToSbcs': dot substituted for <82>
Warning in grid.Call.graphics(C_text, as.graphicsAnnot(x$label), x$x, x$y, :
conversion failure on 'Jan PudeÅ ko' in 'mbcsToSbcs': dot substituted for <c5>
Warning in grid.Call.graphics(C_text, as.graphicsAnnot(x$label), x$x, x$y, :
conversion failure on 'Jan PudeÅ ko' in 'mbcsToSbcs': dot substituted for <82>
Warning in grid.Call.graphics(C_text, as.graphicsAnnot(x$label), x$x, x$y, :
conversion failure on 'Vladica StojanoviÄ ' in 'mbcsToSbcs': dot substituted for <c4>
Warning in grid.Call.graphics(C_text, as.graphicsAnnot(x$label), x$x, x$y, :
conversion failure on 'Vladica StojanoviÄ ' in 'mbcsToSbcs': dot substituted for <87>
Warning in grid.Call.graphics(C_text, as.graphicsAnnot(x$label), x$x, x$y, :
conversion failure on 'Vladica StojanoviÄ ' in 'mbcsToSbcs': dot substituted for <c4>
Warning in grid.Call.graphics(C_text, as.graphicsAnnot(x$label), x$x, x$y, :
conversion failure on 'Vladica StojanoviÄ ' in 'mbcsToSbcs': dot substituted for <87>
Warning in grid.Call.graphics(C_text, as.graphicsAnnot(x$label), x$x, x$y, :
conversion failure on 'Pavel VanÄ Ä ek' in 'mbcsToSbcs': dot substituted for <c4>
Warning in grid.Call.graphics(C_text, as.graphicsAnnot(x$label), x$x, x$y, :
conversion failure on 'Pavel VanÄ Ä ek' in 'mbcsToSbcs': dot substituted for <9b>
Warning in grid.Call.graphics(C_text, as.graphicsAnnot(x$label), x$x, x$y, :
conversion failure on 'Pavel VanÄ Ä ek' in 'mbcsToSbcs': dot substituted for <c4>
Warning in grid.Call.graphics(C_text, as.graphicsAnnot(x$label), x$x, x$y, :
conversion failure on 'Pavel VanÄ Ä ek' in 'mbcsToSbcs': dot substituted for <8d>
Warning in grid.Call.graphics(C_text, as.graphicsAnnot(x$label), x$x, x$y, :
conversion failure on 'Pavel VanÄ Ä ek' in 'mbcsToSbcs': dot substituted for <c4>
Warning in grid.Call.graphics(C_text, as.graphicsAnnot(x$label), x$x, x$y, :
conversion failure on 'Pavel VanÄ Ä ek' in 'mbcsToSbcs': dot substituted for <9b>
Warning in grid.Call.graphics(C_text, as.graphicsAnnot(x$label), x$x, x$y, :
conversion failure on 'Pavel VanÄ Ä ek' in 'mbcsToSbcs': dot substituted for <c4>
Warning in grid.Call.graphics(C_text, as.graphicsAnnot(x$label), x$x, x$y, :
conversion failure on 'Pavel VanÄ Ä ek' in 'mbcsToSbcs': dot substituted for <8d>
Warning in grid.Call.graphics(C_text, as.graphicsAnnot(x$label), x$x, x$y, :
conversion failure on 'Inga MasiulaitytÄ ' in 'mbcsToSbcs': dot substituted for <c4>
Warning in grid.Call.graphics(C_text, as.graphicsAnnot(x$label), x$x, x$y, :
conversion failure on 'Inga MasiulaitytÄ ' in 'mbcsToSbcs': dot substituted for <97>
Warning in grid.Call.graphics(C_text, as.graphicsAnnot(x$label), x$x, x$y, :
conversion failure on 'Inga MasiulaitytÄ ' in 'mbcsToSbcs': dot substituted for <c4>
Warning in grid.Call.graphics(C_text, as.graphicsAnnot(x$label), x$x, x$y, :
conversion failure on 'Inga MasiulaitytÄ ' in 'mbcsToSbcs': dot substituted for <97>
Warning in grid.Call.graphics(C_text, as.graphicsAnnot(x$label), x$x, x$y, :
conversion failure on 'Duygu SavaŠcı' in 'mbcsToSbcs': dot substituted for <c5>
Warning in grid.Call.graphics(C_text, as.graphicsAnnot(x$label), x$x, x$y, :
conversion failure on 'Duygu SavaŠcı' in 'mbcsToSbcs': dot substituted for <9f>
Warning in grid.Call.graphics(C_text, as.graphicsAnnot(x$label), x$x, x$y, :
conversion failure on 'Duygu SavaŠcı' in 'mbcsToSbcs': dot substituted for <c4>
Warning in grid.Call.graphics(C_text, as.graphicsAnnot(x$label), x$x, x$y, :
conversion failure on 'Duygu SavaŠcı' in 'mbcsToSbcs': dot substituted for <b1>
Warning in grid.Call.graphics(C_text, as.graphicsAnnot(x$label), x$x, x$y, :
conversion failure on 'Duygu SavaŠcı' in 'mbcsToSbcs': dot substituted for <c5>
Warning in grid.Call.graphics(C_text, as.graphicsAnnot(x$label), x$x, x$y, :
conversion failure on 'Duygu SavaŠcı' in 'mbcsToSbcs': dot substituted for <9f>
Warning in grid.Call.graphics(C_text, as.graphicsAnnot(x$label), x$x, x$y, :
conversion failure on 'Duygu SavaŠcı' in 'mbcsToSbcs': dot substituted for <c4>
Warning in grid.Call.graphics(C_text, as.graphicsAnnot(x$label), x$x, x$y, :
conversion failure on 'Duygu SavaŠcı' in 'mbcsToSbcs': dot substituted for <b1>
Warning in grid.Call.graphics(C_text, as.graphicsAnnot(x$label), x$x, x$y, :
conversion failure on 'OndŠej Vencálek' in 'mbcsToSbcs': dot substituted for <c5>
Warning in grid.Call.graphics(C_text, as.graphicsAnnot(x$label), x$x, x$y, :
conversion failure on 'OndŠej Vencálek' in 'mbcsToSbcs': dot substituted for <99>
Warning in grid.Call.graphics(C_text, as.graphicsAnnot(x$label), x$x, x$y, :
conversion failure on 'OndŠej Vencálek' in 'mbcsToSbcs': dot substituted for <c5>
Warning in grid.Call.graphics(C_text, as.graphicsAnnot(x$label), x$x, x$y, :
conversion failure on 'OndŠej Vencálek' in 'mbcsToSbcs': dot substituted for <99>
Warning in grid.Call.graphics(C_text, as.graphicsAnnot(x$label), x$x, x$y, :
conversion failure on 'Aleksandar NastiÄ ' in 'mbcsToSbcs': dot substituted for <c4>
Warning in grid.Call.graphics(C_text, as.graphicsAnnot(x$label), x$x, x$y, :
conversion failure on 'Aleksandar NastiÄ ' in 'mbcsToSbcs': dot substituted for <87>
Warning in grid.Call.graphics(C_text, as.graphicsAnnot(x$label), x$x, x$y, :
conversion failure on 'Aleksandar NastiÄ ' in 'mbcsToSbcs': dot substituted for <c4>
Warning in grid.Call.graphics(C_text, as.graphicsAnnot(x$label), x$x, x$y, :
conversion failure on 'Aleksandar NastiÄ ' in 'mbcsToSbcs': dot substituted for <87>
Warning in grid.Call.graphics(C_text, as.graphicsAnnot(x$label), x$x, x$y, :
conversion failure on 'Gábor Szűcs' in 'mbcsToSbcs': dot substituted for <c5>
Warning in grid.Call.graphics(C_text, as.graphicsAnnot(x$label), x$x, x$y, :
conversion failure on 'Gábor Szűcs' in 'mbcsToSbcs': dot substituted for <b1>
Warning in grid.Call.graphics(C_text, as.graphicsAnnot(x$label), x$x, x$y, :
conversion failure on 'Gábor Szűcs' in 'mbcsToSbcs': dot substituted for <c5>
Warning in grid.Call.graphics(C_text, as.graphicsAnnot(x$label), x$x, x$y, :
conversion failure on 'Gábor Szűcs' in 'mbcsToSbcs': dot substituted for <b1>
Warning in grid.Call.graphics(C_text, as.graphicsAnnot(x$label), x$x, x$y, :
conversion failure on 'Barbara ChoroÅ -Tomczyk' in 'mbcsToSbcs': dot substituted for <c5>
Warning in grid.Call.graphics(C_text, as.graphicsAnnot(x$label), x$x, x$y, :
conversion failure on 'Barbara ChoroÅ -Tomczyk' in 'mbcsToSbcs': dot substituted for <9b>
Warning in grid.Call.graphics(C_text, as.graphicsAnnot(x$label), x$x, x$y, :
conversion failure on 'Barbara ChoroÅ -Tomczyk' in 'mbcsToSbcs': dot substituted for <c5>
Warning in grid.Call.graphics(C_text, as.graphicsAnnot(x$label), x$x, x$y, :
conversion failure on 'Barbara ChoroÅ -Tomczyk' in 'mbcsToSbcs': dot substituted for <9b>
Warning in grid.Call.graphics(C_text, as.graphicsAnnot(x$label), x$x, x$y, :
conversion failure on 'OndÅ ej Chochola' in 'mbcsToSbcs': dot substituted for <c5>
Warning in grid.Call.graphics(C_text, as.graphicsAnnot(x$label), x$x, x$y, :
conversion failure on 'OndÅ ej Chochola' in 'mbcsToSbcs': dot substituted for <99>
Warning in grid.Call.graphics(C_text, as.graphicsAnnot(x$label), x$x, x$y, :
conversion failure on 'OndÅ ej Chochola' in 'mbcsToSbcs': dot substituted for <c5>
Warning in grid.Call.graphics(C_text, as.graphicsAnnot(x$label), x$x, x$y, :
conversion failure on 'OndÅ ej Chochola' in 'mbcsToSbcs': dot substituted for <99>
Warning in graphics::strwidth(pMPDF$label, "inches") :
conversion failure on 'LubomÃr KubÃ¡Ä ek' in 'mbcsToSbcs': dot substituted for <c4>
Warning in graphics::strwidth(pMPDF$label, "inches") :
conversion failure on 'LubomÃr KubÃ¡Ä ek' in 'mbcsToSbcs': dot substituted for <8d>
Warning in graphics::strwidth(pMPDF$label, "inches") :
conversion failure on 'JiÅ Ã AndÄ l' in 'mbcsToSbcs': dot substituted for <c5>
Warning in graphics::strwidth(pMPDF$label, "inches") :
conversion failure on 'JiÅ Ã AndÄ l' in 'mbcsToSbcs': dot substituted for <99>
Warning in graphics::strwidth(pMPDF$label, "inches") :
conversion failure on 'JiÅ Ã AndÄ l' in 'mbcsToSbcs': dot substituted for <c4>
Warning in graphics::strwidth(pMPDF$label, "inches") :
conversion failure on 'JiÅ Ã AndÄ l' in 'mbcsToSbcs': dot substituted for <9b>
Warning in graphics::strwidth(pMPDF$label, "inches") :
conversion failure on 'Jana JureÄ ková' in 'mbcsToSbcs': dot substituted for <c4>
Warning in graphics::strwidth(pMPDF$label, "inches") :
conversion failure on 'Jana JureÄ ková' in 'mbcsToSbcs': dot substituted for <8d>
Warning in graphics::strwidth(pMPDF$label, "inches") :
conversion failure on 'Dana VorlÃÄ ková' in 'mbcsToSbcs': dot substituted for <c4>
Warning in graphics::strwidth(pMPDF$label, "inches") :
conversion failure on 'Dana VorlÃÄ ková' in 'mbcsToSbcs': dot substituted for <8d>
Warning in graphics::strwidth(pMPDF$label, "inches") :
conversion failure on 'BogusÅ awa Bednarek-Kozek' in 'mbcsToSbcs': dot substituted for <c5>
Warning in graphics::strwidth(pMPDF$label, "inches") :
conversion failure on 'BogusÅ awa Bednarek-Kozek' in 'mbcsToSbcs': dot substituted for <82>
Warning in graphics::strwidth(pMPDF$label, "inches") :
conversion failure on 'CzesÅ aw StÄ pniak' in 'mbcsToSbcs': dot substituted for <c5>
Warning in graphics::strwidth(pMPDF$label, "inches") :
conversion failure on 'CzesÅ aw StÄ pniak' in 'mbcsToSbcs': dot substituted for <82>
Warning in graphics::strwidth(pMPDF$label, "inches") :
conversion failure on 'CzesÅ aw StÄ pniak' in 'mbcsToSbcs': dot substituted for <c4>
Warning in graphics::strwidth(pMPDF$label, "inches") :
conversion failure on 'CzesÅ aw StÄ pniak' in 'mbcsToSbcs': dot substituted for <99>
Warning in graphics::strwidth(pMPDF$label, "inches") :
conversion failure on 'Biljana PopoviÄ ' in 'mbcsToSbcs': dot substituted for <c4>
Warning in graphics::strwidth(pMPDF$label, "inches") :
conversion failure on 'Biljana PopoviÄ ' in 'mbcsToSbcs': dot substituted for <87>
Warning in graphics::strwidth(pMPDF$label, "inches") :
conversion failure on 'Grzegorz RempaÅ a' in 'mbcsToSbcs': dot substituted for <c5>
Warning in graphics::strwidth(pMPDF$label, "inches") :
conversion failure on 'Grzegorz RempaÅ a' in 'mbcsToSbcs': dot substituted for <82>
Warning in graphics::strwidth(pMPDF$label, "inches") :
conversion failure on 'Miroslav RistiÄ ' in 'mbcsToSbcs': dot substituted for <c4>
Warning in graphics::strwidth(pMPDF$label, "inches") :
conversion failure on 'Miroslav RistiÄ ' in 'mbcsToSbcs': dot substituted for <87>
Warning in graphics::strwidth(pMPDF$label, "inches") :
conversion failure on 'Hana JaneÄ ková' in 'mbcsToSbcs': dot substituted for <c4>
Warning in graphics::strwidth(pMPDF$label, "inches") :
conversion failure on 'Hana JaneÄ ková' in 'mbcsToSbcs': dot substituted for <8d>
Warning in graphics::strwidth(pMPDF$label, "inches") :
conversion failure on 'Petr FranÄ k' in 'mbcsToSbcs': dot substituted for <c4>
Warning in graphics::strwidth(pMPDF$label, "inches") :
conversion failure on 'Petr FranÄ k' in 'mbcsToSbcs': dot substituted for <9b>
Warning in graphics::strwidth(pMPDF$label, "inches") :
conversion failure on 'Libor MaÅ¡ÃÄ ek' in 'mbcsToSbcs': dot substituted for <c4>
Warning in graphics::strwidth(pMPDF$label, "inches") :
conversion failure on 'Libor MaÅ¡ÃÄ ek' in 'mbcsToSbcs': dot substituted for <8d>
Warning in graphics::strwidth(pMPDF$label, "inches") :
conversion failure on 'Václav Ä apek' in 'mbcsToSbcs': dot substituted for <c4>
Warning in graphics::strwidth(pMPDF$label, "inches") :
conversion failure on 'Václav Ä apek' in 'mbcsToSbcs': dot substituted for <8c>
Warning in graphics::strwidth(pMPDF$label, "inches") :
conversion failure on 'Milovan KrnjajiÄ ' in 'mbcsToSbcs': dot substituted for <c4>
Warning in graphics::strwidth(pMPDF$label, "inches") :
conversion failure on 'Milovan KrnjajiÄ ' in 'mbcsToSbcs': dot substituted for <87>
Warning in graphics::strwidth(pMPDF$label, "inches") :
conversion failure on 'Alena Ä ernÃková' in 'mbcsToSbcs': dot substituted for <c4>
Warning in graphics::strwidth(pMPDF$label, "inches") :
conversion failure on 'Alena Ä ernÃková' in 'mbcsToSbcs': dot substituted for <8c>
Warning in graphics::strwidth(pMPDF$label, "inches") :
conversion failure on 'Jan PudeÅ ko' in 'mbcsToSbcs': dot substituted for <c5>
Warning in graphics::strwidth(pMPDF$label, "inches") :
conversion failure on 'Jan PudeÅ ko' in 'mbcsToSbcs': dot substituted for <82>
Warning in graphics::strwidth(pMPDF$label, "inches") :
conversion failure on 'Vladica StojanoviÄ ' in 'mbcsToSbcs': dot substituted for <c4>
Warning in graphics::strwidth(pMPDF$label, "inches") :
conversion failure on 'Vladica StojanoviÄ ' in 'mbcsToSbcs': dot substituted for <87>
Warning in graphics::strwidth(pMPDF$label, "inches") :
conversion failure on 'Pavel VanÄ Ä ek' in 'mbcsToSbcs': dot substituted for <c4>
Warning in graphics::strwidth(pMPDF$label, "inches") :
conversion failure on 'Pavel VanÄ Ä ek' in 'mbcsToSbcs': dot substituted for <9b>
Warning in graphics::strwidth(pMPDF$label, "inches") :
conversion failure on 'Pavel VanÄ Ä ek' in 'mbcsToSbcs': dot substituted for <c4>
Warning in graphics::strwidth(pMPDF$label, "inches") :
conversion failure on 'Pavel VanÄ Ä ek' in 'mbcsToSbcs': dot substituted for <8d>
Warning in graphics::strwidth(pMPDF$label, "inches") :
conversion failure on 'Inga MasiulaitytÄ ' in 'mbcsToSbcs': dot substituted for <c4>
Warning in graphics::strwidth(pMPDF$label, "inches") :
conversion failure on 'Inga MasiulaitytÄ ' in 'mbcsToSbcs': dot substituted for <97>
Warning in graphics::strwidth(pMPDF$label, "inches") :
conversion failure on 'Duygu SavaŠcı' in 'mbcsToSbcs': dot substituted for <c5>
Warning in graphics::strwidth(pMPDF$label, "inches") :
conversion failure on 'Duygu SavaŠcı' in 'mbcsToSbcs': dot substituted for <9f>
Warning in graphics::strwidth(pMPDF$label, "inches") :
conversion failure on 'Duygu SavaŠcı' in 'mbcsToSbcs': dot substituted for <c4>
Warning in graphics::strwidth(pMPDF$label, "inches") :
conversion failure on 'Duygu SavaŠcı' in 'mbcsToSbcs': dot substituted for <b1>
Warning in graphics::strwidth(pMPDF$label, "inches") :
conversion failure on 'OndŠej Vencálek' in 'mbcsToSbcs': dot substituted for <c5>
Warning in graphics::strwidth(pMPDF$label, "inches") :
conversion failure on 'OndŠej Vencálek' in 'mbcsToSbcs': dot substituted for <99>
Warning in graphics::strwidth(pMPDF$label, "inches") :
conversion failure on 'Aleksandar NastiÄ ' in 'mbcsToSbcs': dot substituted for <c4>
Warning in graphics::strwidth(pMPDF$label, "inches") :
conversion failure on 'Aleksandar NastiÄ ' in 'mbcsToSbcs': dot substituted for <87>
Warning in graphics::strwidth(pMPDF$label, "inches") :
conversion failure on 'Gábor Szűcs' in 'mbcsToSbcs': dot substituted for <c5>
Warning in graphics::strwidth(pMPDF$label, "inches") :
conversion failure on 'Gábor Szűcs' in 'mbcsToSbcs': dot substituted for <b1>
Warning in graphics::strwidth(pMPDF$label, "inches") :
conversion failure on 'Barbara ChoroÅ -Tomczyk' in 'mbcsToSbcs': dot substituted for <c5>
Warning in graphics::strwidth(pMPDF$label, "inches") :
conversion failure on 'Barbara ChoroÅ -Tomczyk' in 'mbcsToSbcs': dot substituted for <9b>
Warning in graphics::strwidth(pMPDF$label, "inches") :
conversion failure on 'OndÅ ej Chochola' in 'mbcsToSbcs': dot substituted for <c5>
Warning in graphics::strwidth(pMPDF$label, "inches") :
conversion failure on 'OndÅ ej Chochola' in 'mbcsToSbcs': dot substituted for <99>
Warning in graphics::strwidth(pMPDF$label, "inches") :
conversion failure on 'Anna JenÄ ová' in 'mbcsToSbcs': dot substituted for <c4>
Warning in graphics::strwidth(pMPDF$label, "inches") :
conversion failure on 'Anna JenÄ ová' in 'mbcsToSbcs': dot substituted for <8d>
Warning in graphics::strwidth(pMPDF$label, "inches") :
conversion failure on 'Peter Ä erÅ anskÜ' in 'mbcsToSbcs': dot substituted for <c4>
Warning in graphics::strwidth(pMPDF$label, "inches") :
conversion failure on 'Peter Ä erÅ anskÜ' in 'mbcsToSbcs': dot substituted for <8c>
Warning in graphics::strwidth(pMPDF$label, "inches") :
conversion failure on 'Peter Ä erÅ anskÜ' in 'mbcsToSbcs': dot substituted for <c5>
Warning in graphics::strwidth(pMPDF$label, "inches") :
conversion failure on 'Peter Ä erÅ anskÜ' in 'mbcsToSbcs': dot substituted for <88>
Warning: Removed 63 rows containing missing values (geom_segment).
Warning in grid.Call.graphics(C_text, as.graphicsAnnot(x$label), x$x, x$y, :
conversion failure on 'LubomÃr KubÃ¡Ä ek' in 'mbcsToSbcs': dot substituted for <c4>
Warning in grid.Call.graphics(C_text, as.graphicsAnnot(x$label), x$x, x$y, :
conversion failure on 'LubomÃr KubÃ¡Ä ek' in 'mbcsToSbcs': dot substituted for <8d>
Warning in grid.Call.graphics(C_text, as.graphicsAnnot(x$label), x$x, x$y, :
conversion failure on 'LubomÃr KubÃ¡Ä ek' in 'mbcsToSbcs': dot substituted for <c4>
Warning in grid.Call.graphics(C_text, as.graphicsAnnot(x$label), x$x, x$y, :
conversion failure on 'LubomÃr KubÃ¡Ä ek' in 'mbcsToSbcs': dot substituted for <8d>
Warning in grid.Call.graphics(C_text, as.graphicsAnnot(x$label), x$x, x$y, :
conversion failure on 'JiÅ Ã AndÄ l' in 'mbcsToSbcs': dot substituted for <c5>
Warning in grid.Call.graphics(C_text, as.graphicsAnnot(x$label), x$x, x$y, :
conversion failure on 'JiÅ Ã AndÄ l' in 'mbcsToSbcs': dot substituted for <99>
Warning in grid.Call.graphics(C_text, as.graphicsAnnot(x$label), x$x, x$y, :
conversion failure on 'JiÅ Ã AndÄ l' in 'mbcsToSbcs': dot substituted for <c4>
Warning in grid.Call.graphics(C_text, as.graphicsAnnot(x$label), x$x, x$y, :
conversion failure on 'JiÅ Ã AndÄ l' in 'mbcsToSbcs': dot substituted for <9b>
Warning in grid.Call.graphics(C_text, as.graphicsAnnot(x$label), x$x, x$y, :
conversion failure on 'JiÅ Ã AndÄ l' in 'mbcsToSbcs': dot substituted for <c5>
Warning in grid.Call.graphics(C_text, as.graphicsAnnot(x$label), x$x, x$y, :
conversion failure on 'JiÅ Ã AndÄ l' in 'mbcsToSbcs': dot substituted for <99>
Warning in grid.Call.graphics(C_text, as.graphicsAnnot(x$label), x$x, x$y, :
conversion failure on 'JiÅ Ã AndÄ l' in 'mbcsToSbcs': dot substituted for <c4>
Warning in grid.Call.graphics(C_text, as.graphicsAnnot(x$label), x$x, x$y, :
conversion failure on 'JiÅ Ã AndÄ l' in 'mbcsToSbcs': dot substituted for <9b>
Warning in grid.Call.graphics(C_text, as.graphicsAnnot(x$label), x$x, x$y, :
conversion failure on 'Jana JureÄ ková' in 'mbcsToSbcs': dot substituted for <c4>
Warning in grid.Call.graphics(C_text, as.graphicsAnnot(x$label), x$x, x$y, :
conversion failure on 'Jana JureÄ ková' in 'mbcsToSbcs': dot substituted for <8d>
Warning in grid.Call.graphics(C_text, as.graphicsAnnot(x$label), x$x, x$y, :
conversion failure on 'Jana JureÄ ková' in 'mbcsToSbcs': dot substituted for <c4>
Warning in grid.Call.graphics(C_text, as.graphicsAnnot(x$label), x$x, x$y, :
conversion failure on 'Jana JureÄ ková' in 'mbcsToSbcs': dot substituted for <8d>
Warning in grid.Call.graphics(C_text, as.graphicsAnnot(x$label), x$x, x$y, :
conversion failure on 'Dana VorlÃÄ ková' in 'mbcsToSbcs': dot substituted for <c4>
Warning in grid.Call.graphics(C_text, as.graphicsAnnot(x$label), x$x, x$y, :
conversion failure on 'Dana VorlÃÄ ková' in 'mbcsToSbcs': dot substituted for <8d>
Warning in grid.Call.graphics(C_text, as.graphicsAnnot(x$label), x$x, x$y, :
conversion failure on 'Dana VorlÃÄ ková' in 'mbcsToSbcs': dot substituted for <c4>
Warning in grid.Call.graphics(C_text, as.graphicsAnnot(x$label), x$x, x$y, :
conversion failure on 'Dana VorlÃÄ ková' in 'mbcsToSbcs': dot substituted for <8d>
Warning in grid.Call.graphics(C_text, as.graphicsAnnot(x$label), x$x, x$y, :
conversion failure on 'BogusÅ awa Bednarek-Kozek' in 'mbcsToSbcs': dot substituted for <c5>
Warning in grid.Call.graphics(C_text, as.graphicsAnnot(x$label), x$x, x$y, :
conversion failure on 'BogusÅ awa Bednarek-Kozek' in 'mbcsToSbcs': dot substituted for <82>
Warning in grid.Call.graphics(C_text, as.graphicsAnnot(x$label), x$x, x$y, :
conversion failure on 'BogusÅ awa Bednarek-Kozek' in 'mbcsToSbcs': dot substituted for <c5>
Warning in grid.Call.graphics(C_text, as.graphicsAnnot(x$label), x$x, x$y, :
conversion failure on 'BogusÅ awa Bednarek-Kozek' in 'mbcsToSbcs': dot substituted for <82>
Warning in grid.Call.graphics(C_text, as.graphicsAnnot(x$label), x$x, x$y, :
conversion failure on 'CzesÅ aw StÄ pniak' in 'mbcsToSbcs': dot substituted for <c5>
Warning in grid.Call.graphics(C_text, as.graphicsAnnot(x$label), x$x, x$y, :
conversion failure on 'CzesÅ aw StÄ pniak' in 'mbcsToSbcs': dot substituted for <82>
Warning in grid.Call.graphics(C_text, as.graphicsAnnot(x$label), x$x, x$y, :
conversion failure on 'CzesÅ aw StÄ pniak' in 'mbcsToSbcs': dot substituted for <c4>
Warning in grid.Call.graphics(C_text, as.graphicsAnnot(x$label), x$x, x$y, :
conversion failure on 'CzesÅ aw StÄ pniak' in 'mbcsToSbcs': dot substituted for <99>
Warning in grid.Call.graphics(C_text, as.graphicsAnnot(x$label), x$x, x$y, :
conversion failure on 'CzesÅ aw StÄ pniak' in 'mbcsToSbcs': dot substituted for <c5>
Warning in grid.Call.graphics(C_text, as.graphicsAnnot(x$label), x$x, x$y, :
conversion failure on 'CzesÅ aw StÄ pniak' in 'mbcsToSbcs': dot substituted for <82>
Warning in grid.Call.graphics(C_text, as.graphicsAnnot(x$label), x$x, x$y, :
conversion failure on 'CzesÅ aw StÄ pniak' in 'mbcsToSbcs': dot substituted for <c4>
Warning in grid.Call.graphics(C_text, as.graphicsAnnot(x$label), x$x, x$y, :
conversion failure on 'CzesÅ aw StÄ pniak' in 'mbcsToSbcs': dot substituted for <99>
Warning in grid.Call.graphics(C_text, as.graphicsAnnot(x$label), x$x, x$y, :
conversion failure on 'Biljana PopoviÄ ' in 'mbcsToSbcs': dot substituted for <c4>
Warning in grid.Call.graphics(C_text, as.graphicsAnnot(x$label), x$x, x$y, :
conversion failure on 'Biljana PopoviÄ ' in 'mbcsToSbcs': dot substituted for <87>
Warning in grid.Call.graphics(C_text, as.graphicsAnnot(x$label), x$x, x$y, :
conversion failure on 'Biljana PopoviÄ ' in 'mbcsToSbcs': dot substituted for <c4>
Warning in grid.Call.graphics(C_text, as.graphicsAnnot(x$label), x$x, x$y, :
conversion failure on 'Biljana PopoviÄ ' in 'mbcsToSbcs': dot substituted for <87>
Warning in grid.Call.graphics(C_text, as.graphicsAnnot(x$label), x$x, x$y, :
conversion failure on 'Grzegorz RempaÅ a' in 'mbcsToSbcs': dot substituted for <c5>
Warning in grid.Call.graphics(C_text, as.graphicsAnnot(x$label), x$x, x$y, :
conversion failure on 'Grzegorz RempaÅ a' in 'mbcsToSbcs': dot substituted for <82>
Warning in grid.Call.graphics(C_text, as.graphicsAnnot(x$label), x$x, x$y, :
conversion failure on 'Grzegorz RempaÅ a' in 'mbcsToSbcs': dot substituted for <c5>
Warning in grid.Call.graphics(C_text, as.graphicsAnnot(x$label), x$x, x$y, :
conversion failure on 'Grzegorz RempaÅ a' in 'mbcsToSbcs': dot substituted for <82>
Warning in grid.Call.graphics(C_text, as.graphicsAnnot(x$label), x$x, x$y, :
conversion failure on 'Miroslav RistiÄ ' in 'mbcsToSbcs': dot substituted for <c4>
Warning in grid.Call.graphics(C_text, as.graphicsAnnot(x$label), x$x, x$y, :
conversion failure on 'Miroslav RistiÄ ' in 'mbcsToSbcs': dot substituted for <87>
Warning in grid.Call.graphics(C_text, as.graphicsAnnot(x$label), x$x, x$y, :
conversion failure on 'Miroslav RistiÄ ' in 'mbcsToSbcs': dot substituted for <c4>
Warning in grid.Call.graphics(C_text, as.graphicsAnnot(x$label), x$x, x$y, :
conversion failure on 'Miroslav RistiÄ ' in 'mbcsToSbcs': dot substituted for <87>
Warning in grid.Call.graphics(C_text, as.graphicsAnnot(x$label), x$x, x$y, :
conversion failure on 'Hana JaneÄ ková' in 'mbcsToSbcs': dot substituted for <c4>
Warning in grid.Call.graphics(C_text, as.graphicsAnnot(x$label), x$x, x$y, :
conversion failure on 'Hana JaneÄ ková' in 'mbcsToSbcs': dot substituted for <8d>
Warning in grid.Call.graphics(C_text, as.graphicsAnnot(x$label), x$x, x$y, :
conversion failure on 'Hana JaneÄ ková' in 'mbcsToSbcs': dot substituted for <c4>
Warning in grid.Call.graphics(C_text, as.graphicsAnnot(x$label), x$x, x$y, :
conversion failure on 'Hana JaneÄ ková' in 'mbcsToSbcs': dot substituted for <8d>
Warning in grid.Call.graphics(C_text, as.graphicsAnnot(x$label), x$x, x$y, :
conversion failure on 'Petr FranÄ k' in 'mbcsToSbcs': dot substituted for <c4>
Warning in grid.Call.graphics(C_text, as.graphicsAnnot(x$label), x$x, x$y, :
conversion failure on 'Petr FranÄ k' in 'mbcsToSbcs': dot substituted for <9b>
Warning in grid.Call.graphics(C_text, as.graphicsAnnot(x$label), x$x, x$y, :
conversion failure on 'Petr FranÄ k' in 'mbcsToSbcs': dot substituted for <c4>
Warning in grid.Call.graphics(C_text, as.graphicsAnnot(x$label), x$x, x$y, :
conversion failure on 'Petr FranÄ k' in 'mbcsToSbcs': dot substituted for <9b>
Warning in grid.Call.graphics(C_text, as.graphicsAnnot(x$label), x$x, x$y, :
conversion failure on 'Libor MaÅ¡ÃÄ ek' in 'mbcsToSbcs': dot substituted for <c4>
Warning in grid.Call.graphics(C_text, as.graphicsAnnot(x$label), x$x, x$y, :
conversion failure on 'Libor MaÅ¡ÃÄ ek' in 'mbcsToSbcs': dot substituted for <8d>
Warning in grid.Call.graphics(C_text, as.graphicsAnnot(x$label), x$x, x$y, :
conversion failure on 'Libor MaÅ¡ÃÄ ek' in 'mbcsToSbcs': dot substituted for <c4>
Warning in grid.Call.graphics(C_text, as.graphicsAnnot(x$label), x$x, x$y, :
conversion failure on 'Libor MaÅ¡ÃÄ ek' in 'mbcsToSbcs': dot substituted for <8d>
Warning in grid.Call.graphics(C_text, as.graphicsAnnot(x$label), x$x, x$y, :
conversion failure on 'Václav Ä apek' in 'mbcsToSbcs': dot substituted for <c4>
Warning in grid.Call.graphics(C_text, as.graphicsAnnot(x$label), x$x, x$y, :
conversion failure on 'Václav Ä apek' in 'mbcsToSbcs': dot substituted for <8c>
Warning in grid.Call.graphics(C_text, as.graphicsAnnot(x$label), x$x, x$y, :
conversion failure on 'Václav Ä apek' in 'mbcsToSbcs': dot substituted for <c4>
Warning in grid.Call.graphics(C_text, as.graphicsAnnot(x$label), x$x, x$y, :
conversion failure on 'Václav Ä apek' in 'mbcsToSbcs': dot substituted for <8c>
Warning in grid.Call.graphics(C_text, as.graphicsAnnot(x$label), x$x, x$y, :
conversion failure on 'Milovan KrnjajiÄ ' in 'mbcsToSbcs': dot substituted for <c4>
Warning in grid.Call.graphics(C_text, as.graphicsAnnot(x$label), x$x, x$y, :
conversion failure on 'Milovan KrnjajiÄ ' in 'mbcsToSbcs': dot substituted for <87>
Warning in grid.Call.graphics(C_text, as.graphicsAnnot(x$label), x$x, x$y, :
conversion failure on 'Milovan KrnjajiÄ ' in 'mbcsToSbcs': dot substituted for <c4>
Warning in grid.Call.graphics(C_text, as.graphicsAnnot(x$label), x$x, x$y, :
conversion failure on 'Milovan KrnjajiÄ ' in 'mbcsToSbcs': dot substituted for <87>
Warning in grid.Call.graphics(C_text, as.graphicsAnnot(x$label), x$x, x$y, :
conversion failure on 'Alena Ä ernÃková' in 'mbcsToSbcs': dot substituted for <c4>
Warning in grid.Call.graphics(C_text, as.graphicsAnnot(x$label), x$x, x$y, :
conversion failure on 'Alena Ä ernÃková' in 'mbcsToSbcs': dot substituted for <8c>
Warning in grid.Call.graphics(C_text, as.graphicsAnnot(x$label), x$x, x$y, :
conversion failure on 'Alena Ä ernÃková' in 'mbcsToSbcs': dot substituted for <c4>
Warning in grid.Call.graphics(C_text, as.graphicsAnnot(x$label), x$x, x$y, :
conversion failure on 'Alena Ä ernÃková' in 'mbcsToSbcs': dot substituted for <8c>
Warning in grid.Call.graphics(C_text, as.graphicsAnnot(x$label), x$x, x$y, :
conversion failure on 'Jan PudeÅ ko' in 'mbcsToSbcs': dot substituted for <c5>
Warning in grid.Call.graphics(C_text, as.graphicsAnnot(x$label), x$x, x$y, :
conversion failure on 'Jan PudeÅ ko' in 'mbcsToSbcs': dot substituted for <82>
Warning in grid.Call.graphics(C_text, as.graphicsAnnot(x$label), x$x, x$y, :
conversion failure on 'Jan PudeÅ ko' in 'mbcsToSbcs': dot substituted for <c5>
Warning in grid.Call.graphics(C_text, as.graphicsAnnot(x$label), x$x, x$y, :
conversion failure on 'Jan PudeÅ ko' in 'mbcsToSbcs': dot substituted for <82>
Warning in grid.Call.graphics(C_text, as.graphicsAnnot(x$label), x$x, x$y, :
conversion failure on 'Vladica StojanoviÄ ' in 'mbcsToSbcs': dot substituted for <c4>
Warning in grid.Call.graphics(C_text, as.graphicsAnnot(x$label), x$x, x$y, :
conversion failure on 'Vladica StojanoviÄ ' in 'mbcsToSbcs': dot substituted for <87>
Warning in grid.Call.graphics(C_text, as.graphicsAnnot(x$label), x$x, x$y, :
conversion failure on 'Vladica StojanoviÄ ' in 'mbcsToSbcs': dot substituted for <c4>
Warning in grid.Call.graphics(C_text, as.graphicsAnnot(x$label), x$x, x$y, :
conversion failure on 'Vladica StojanoviÄ ' in 'mbcsToSbcs': dot substituted for <87>
Warning in grid.Call.graphics(C_text, as.graphicsAnnot(x$label), x$x, x$y, :
conversion failure on 'Pavel VanÄ Ä ek' in 'mbcsToSbcs': dot substituted for <c4>
Warning in grid.Call.graphics(C_text, as.graphicsAnnot(x$label), x$x, x$y, :
conversion failure on 'Pavel VanÄ Ä ek' in 'mbcsToSbcs': dot substituted for <9b>
Warning in grid.Call.graphics(C_text, as.graphicsAnnot(x$label), x$x, x$y, :
conversion failure on 'Pavel VanÄ Ä ek' in 'mbcsToSbcs': dot substituted for <c4>
Warning in grid.Call.graphics(C_text, as.graphicsAnnot(x$label), x$x, x$y, :
conversion failure on 'Pavel VanÄ Ä ek' in 'mbcsToSbcs': dot substituted for <8d>
Warning in grid.Call.graphics(C_text, as.graphicsAnnot(x$label), x$x, x$y, :
conversion failure on 'Pavel VanÄ Ä ek' in 'mbcsToSbcs': dot substituted for <c4>
Warning in grid.Call.graphics(C_text, as.graphicsAnnot(x$label), x$x, x$y, :
conversion failure on 'Pavel VanÄ Ä ek' in 'mbcsToSbcs': dot substituted for <9b>
Warning in grid.Call.graphics(C_text, as.graphicsAnnot(x$label), x$x, x$y, :
conversion failure on 'Pavel VanÄ Ä ek' in 'mbcsToSbcs': dot substituted for <c4>
Warning in grid.Call.graphics(C_text, as.graphicsAnnot(x$label), x$x, x$y, :
conversion failure on 'Pavel VanÄ Ä ek' in 'mbcsToSbcs': dot substituted for <8d>
Warning in grid.Call.graphics(C_text, as.graphicsAnnot(x$label), x$x, x$y, :
conversion failure on 'Inga MasiulaitytÄ ' in 'mbcsToSbcs': dot substituted for <c4>
Warning in grid.Call.graphics(C_text, as.graphicsAnnot(x$label), x$x, x$y, :
conversion failure on 'Inga MasiulaitytÄ ' in 'mbcsToSbcs': dot substituted for <97>
Warning in grid.Call.graphics(C_text, as.graphicsAnnot(x$label), x$x, x$y, :
conversion failure on 'Inga MasiulaitytÄ ' in 'mbcsToSbcs': dot substituted for <c4>
Warning in grid.Call.graphics(C_text, as.graphicsAnnot(x$label), x$x, x$y, :
conversion failure on 'Inga MasiulaitytÄ ' in 'mbcsToSbcs': dot substituted for <97>
Warning in grid.Call.graphics(C_text, as.graphicsAnnot(x$label), x$x, x$y, :
conversion failure on 'Duygu SavaŠcı' in 'mbcsToSbcs': dot substituted for <c5>
Warning in grid.Call.graphics(C_text, as.graphicsAnnot(x$label), x$x, x$y, :
conversion failure on 'Duygu SavaŠcı' in 'mbcsToSbcs': dot substituted for <9f>
Warning in grid.Call.graphics(C_text, as.graphicsAnnot(x$label), x$x, x$y, :
conversion failure on 'Duygu SavaŠcı' in 'mbcsToSbcs': dot substituted for <c4>
Warning in grid.Call.graphics(C_text, as.graphicsAnnot(x$label), x$x, x$y, :
conversion failure on 'Duygu SavaŠcı' in 'mbcsToSbcs': dot substituted for <b1>
Warning in grid.Call.graphics(C_text, as.graphicsAnnot(x$label), x$x, x$y, :
conversion failure on 'Duygu SavaŠcı' in 'mbcsToSbcs': dot substituted for <c5>
Warning in grid.Call.graphics(C_text, as.graphicsAnnot(x$label), x$x, x$y, :
conversion failure on 'Duygu SavaŠcı' in 'mbcsToSbcs': dot substituted for <9f>
Warning in grid.Call.graphics(C_text, as.graphicsAnnot(x$label), x$x, x$y, :
conversion failure on 'Duygu SavaŠcı' in 'mbcsToSbcs': dot substituted for <c4>
Warning in grid.Call.graphics(C_text, as.graphicsAnnot(x$label), x$x, x$y, :
conversion failure on 'Duygu SavaŠcı' in 'mbcsToSbcs': dot substituted for <b1>
Warning in grid.Call.graphics(C_text, as.graphicsAnnot(x$label), x$x, x$y, :
conversion failure on 'OndŠej Vencálek' in 'mbcsToSbcs': dot substituted for <c5>
Warning in grid.Call.graphics(C_text, as.graphicsAnnot(x$label), x$x, x$y, :
conversion failure on 'OndŠej Vencálek' in 'mbcsToSbcs': dot substituted for <99>
Warning in grid.Call.graphics(C_text, as.graphicsAnnot(x$label), x$x, x$y, :
conversion failure on 'OndŠej Vencálek' in 'mbcsToSbcs': dot substituted for <c5>
Warning in grid.Call.graphics(C_text, as.graphicsAnnot(x$label), x$x, x$y, :
conversion failure on 'OndŠej Vencálek' in 'mbcsToSbcs': dot substituted for <99>
Warning in grid.Call.graphics(C_text, as.graphicsAnnot(x$label), x$x, x$y, :
conversion failure on 'Aleksandar NastiÄ ' in 'mbcsToSbcs': dot substituted for <c4>
Warning in grid.Call.graphics(C_text, as.graphicsAnnot(x$label), x$x, x$y, :
conversion failure on 'Aleksandar NastiÄ ' in 'mbcsToSbcs': dot substituted for <87>
Warning in grid.Call.graphics(C_text, as.graphicsAnnot(x$label), x$x, x$y, :
conversion failure on 'Aleksandar NastiÄ ' in 'mbcsToSbcs': dot substituted for <c4>
Warning in grid.Call.graphics(C_text, as.graphicsAnnot(x$label), x$x, x$y, :
conversion failure on 'Aleksandar NastiÄ ' in 'mbcsToSbcs': dot substituted for <87>
Warning in grid.Call.graphics(C_text, as.graphicsAnnot(x$label), x$x, x$y, :
conversion failure on 'Gábor Szűcs' in 'mbcsToSbcs': dot substituted for <c5>
Warning in grid.Call.graphics(C_text, as.graphicsAnnot(x$label), x$x, x$y, :
conversion failure on 'Gábor Szűcs' in 'mbcsToSbcs': dot substituted for <b1>
Warning in grid.Call.graphics(C_text, as.graphicsAnnot(x$label), x$x, x$y, :
conversion failure on 'Gábor Szűcs' in 'mbcsToSbcs': dot substituted for <c5>
Warning in grid.Call.graphics(C_text, as.graphicsAnnot(x$label), x$x, x$y, :
conversion failure on 'Gábor Szűcs' in 'mbcsToSbcs': dot substituted for <b1>
Warning in grid.Call.graphics(C_text, as.graphicsAnnot(x$label), x$x, x$y, :
conversion failure on 'Barbara ChoroÅ -Tomczyk' in 'mbcsToSbcs': dot substituted for <c5>
Warning in grid.Call.graphics(C_text, as.graphicsAnnot(x$label), x$x, x$y, :
conversion failure on 'Barbara ChoroÅ -Tomczyk' in 'mbcsToSbcs': dot substituted for <9b>
Warning in grid.Call.graphics(C_text, as.graphicsAnnot(x$label), x$x, x$y, :
conversion failure on 'Barbara ChoroÅ -Tomczyk' in 'mbcsToSbcs': dot substituted for <c5>
Warning in grid.Call.graphics(C_text, as.graphicsAnnot(x$label), x$x, x$y, :
conversion failure on 'Barbara ChoroÅ -Tomczyk' in 'mbcsToSbcs': dot substituted for <9b>
Warning in grid.Call.graphics(C_text, as.graphicsAnnot(x$label), x$x, x$y, :
conversion failure on 'OndÅ ej Chochola' in 'mbcsToSbcs': dot substituted for <c5>
Warning in grid.Call.graphics(C_text, as.graphicsAnnot(x$label), x$x, x$y, :
conversion failure on 'OndÅ ej Chochola' in 'mbcsToSbcs': dot substituted for <99>
Warning in grid.Call.graphics(C_text, as.graphicsAnnot(x$label), x$x, x$y, :
conversion failure on 'OndÅ ej Chochola' in 'mbcsToSbcs': dot substituted for <c5>
Warning in grid.Call.graphics(C_text, as.graphicsAnnot(x$label), x$x, x$y, :
conversion failure on 'OndÅ ej Chochola' in 'mbcsToSbcs': dot substituted for <99>
Error: processing vignette 'ggenealogy.Rnw' failed with diagnostics:
Running 'texi2dvi' on 'ggenealogy.tex' failed.
LaTeX errors:
! Package inputenc Error: Invalid UTF-8 byte sequence.
See the inputenc package documentation for explanation.
Type H <return> for immediate help.
...
--- failed re-building 'ggenealogy.Rnw'
SUMMARY: processing the following file failed:
'ggenealogy.Rnw'
Error: Vignette re-building failed.
Execution halted
- checking PDF version of manual ... OK
- checking for non-standard things in the check directory ... OK
- DONE
Status: 1 WARNING