* using log directory ‘/home/hornik/tmp/R.check/r-devel-clang/Work/PKGS/dataRetrieval.Rcheck’ * using R Under development (unstable) (2025-07-13 r88407) * using platform: x86_64-pc-linux-gnu * R was compiled by Debian clang version 19.1.7 (3+b1) Debian flang-new version 19.1.7 (3+b1) * running under: Debian GNU/Linux 13 (trixie) * using session charset: UTF-8 * checking for file ‘dataRetrieval/DESCRIPTION’ ... OK * checking extension type ... Package * this is package ‘dataRetrieval’ version ‘2.7.19’ * package encoding: UTF-8 * checking CRAN incoming feasibility ... [1s/2s] OK * checking package namespace information ... OK * checking package dependencies ... OK * checking if this is a source package ... OK * checking if there is a namespace ... OK * checking for executable files ... OK * checking for hidden files and directories ... OK * checking for portable file names ... OK * checking for sufficient/correct file permissions ... OK * checking whether package ‘dataRetrieval’ can be installed ... ERROR Installation failed. See 'https://www.r-project.org/nosvn/R.check/r-devel-linux-x86_64-debian-clang/dataRetrieval-00install.html' for details. * DONE Status: 1 ERROR