• using R Under development (unstable) (2023-03-26 r84066)
  • using platform: x86_64-pc-linux-gnu (64-bit)
  • R was compiled by
        Debian clang version 15.0.6
        GNU Fortran (Debian 12.2.0-14) 12.2.0
  • running under: Debian GNU/Linux 12 (bookworm)
  • using session charset: UTF-8
  • checking for file ‘ctsem/DESCRIPTION’ ... OK
  • checking extension type ... Package
  • this is package ‘ctsem’ version ‘3.7.6’
  • package encoding: UTF-8
  • checking package namespace information ... OK
  • checking package dependencies ... OK
  • checking if this is a source package ... OK
  • checking if there is a namespace ... OK
  • checking for executable files ... OK
  • checking for hidden files and directories ... OK
  • checking for portable file names ... OK
  • checking for sufficient/correct file permissions ... OK
  • checking whether package ‘ctsem’ can be installed ... ERROR
    Installation failed.
    See ‘/home/hornik/tmp/R.check/r-devel-clang/Work/PKGS/ctsem.Rcheck/00install.out’ for details.
  • DONE
    See https://www.r-project.org/nosvn/R.check/r-devel-linux-x86_64-debian-clang/ctsem-00install.html for details.