- using R Under development (unstable) (2025-06-15 r88316)
- using platform: x86_64-pc-linux-gnu
- R was compiled by
Debian clang version 19.1.7 (3)
Debian flang-new version 19.1.7 (3)
- running under: Debian GNU/Linux 13 (trixie)
- using session charset: UTF-8
- checking for file ‘blit/DESCRIPTION’ ... OK
- this is package ‘blit’ version ‘0.2.0’
- package encoding: UTF-8
- checking CRAN incoming feasibility ... [1s/2s] OK
- checking package namespace information ... OK
- checking package dependencies ... OK
- checking if this is a source package ... OK
- checking if there is a namespace ... OK
- checking for executable files ... OK
- checking for hidden files and directories ... OK
- checking for portable file names ... OK
- checking for sufficient/correct file permissions ... OK
- checking serialization versions ... OK
- checking whether package ‘blit’ can be installed ... OK
See the install log for details.
- checking package directory ... OK
- checking for future file timestamps ... OK
- checking DESCRIPTION meta-information ... OK
- checking top-level files ... OK
- checking for left-over files ... OK
- checking index information ... OK
- checking package subdirectories ... OK
- checking code files for non-ASCII characters ... OK
- checking R files for syntax errors ... OK
- checking whether the package can be loaded ... [0s/1s] OK
- checking whether the package can be loaded with stated dependencies ... [0s/0s] OK
- checking whether the package can be unloaded cleanly ... [0s/1s] OK
- checking whether the namespace can be loaded with stated dependencies ... [0s/1s] OK
- checking whether the namespace can be unloaded cleanly ... [0s/1s] OK
- checking loading without being on the library search path ... [0s/1s] OK
- checking use of S3 registration ... OK
- checking dependencies in R code ... OK
- checking S3 generic/method consistency ... OK
- checking replacement functions ... OK
- checking foreign function calls ... OK
- checking R code for possible problems ... [10s/13s] OK
- checking Rd files ... [1s/1s] OK
- checking Rd metadata ... OK
- checking Rd line widths ... OK
- checking Rd cross-references ... OK
- checking for missing documentation entries ... OK
- checking for code/documentation mismatches ... OK
- checking Rd \usage sections ... OK
- checking Rd contents ... OK
- checking for unstated dependencies in examples ... OK
- checking examples ... [1s/61s] ERROR
Running examples in ‘blit-Ex.R’ failed
The error most likely occurred in:
> base::assign(".ptime", proc.time(), pos = "CheckExEnv")
> ### Name: appmamba
> ### Title: Manage Environment with 'micromamba'
> ### Aliases: appmamba install_appmamba uninstall_appmamba appmamba_rc
>
> ### ** Examples
>
> install_appmamba()
Installing appmamba
Downloading from 'https://micro.mamba.pm/api/micromamba/linux-64/latest'
trying URL 'https://micro.mamba.pm/api/micromamba/linux-64/latest'
Content type 'application/x-tar' length 6371992 bytes (6.1 MB)
=============================
downloaded 3.6 MB
Warning in utils::download.file(url = url, destfile = path, ...) :
downloaded length 3777667 != reported length 6371992
Warning in utils::download.file(url = url, destfile = path, ...) :
URL 'https://binstar-cio-packages-prod.s3.amazonaws.com/5ef2fca5fe6b2a019b74a98b/6850308dab7adedfbbb9dc99?response-content-disposition=attachment%3B%20filename%3D%22micromamba-2.3.0-1.tar.bz2%22%3B%20filename%2A%3DUTF-8%27%27micromamba-2.3.0-1.tar.bz2&response-content-type=application%2Fx-tar&X-Amz-Algorithm=AWS4-HMAC-SHA256&X-Amz-Credential=ASIAWUI46DZFNGPVUKRW%2F20250616%2Fus-east-1%2Fs3%2Faws4_request&X-Amz-Date=20250616T193341Z&X-Amz-Expires=600&X-Amz-SignedHeaders=host&X-Amz-Security-Token=IQoJb3JpZ2luX2VjEHsaCXVzLWVhc3QtMSJHMEUCIQCd5x%2Bv7tyr%2BfDeprU1TRGEPXiA9tNOGbA6ypB%2F6%2Bfz6gIgX7uyhwxQ6TN8HMvdnZAKBb1WM1IQae7ZVouPJYJoROMq%2FgQIZBAAGgw0NTU4NjQwOTgzNzgiDAX0OVnI13jxA%2BQtoSrbBJYdUOkU2uFHAFofemSbO4SoLD3nhq3kCyG0vh4eP7PF01gUjBYsEFFk28n0A2YjrsyU4ctHn9iDV8Ih61yv6CK987DH1cv%2BG5Ehw4fcUXQGK4RxL8n0r5ga19Q61q5YVkCJ1RaDrce9p9Mi24QlEB5LGAhDymJ%2B2eoxhWVgy0Hcv8RftwdTZHPkCQDalYp60x4uO60KJpFXsYYBeIvq%2BLwXBvfbZi0SCGwvAGVKWXfjNat%2BPNo%2Bo4aoZ3ERqP0QZt4Z2txqj9RwRQ9XbU8T%2BmDlMnLsexDFlTIW02AX [... truncated]
Error in utils::download.file(url = url, destfile = path, ...) :
download from 'https://micro.mamba.pm/api/micromamba/linux-64/latest' failed
Calls: install_appmamba ... appmamba_installer_download -> download_file -> <Anonymous>
Execution halted
- checking for unstated dependencies in ‘tests’ ... OK
- checking tests ... [7s/9s] OK
Running ‘testthat.R’ [7s/9s]
- checking PDF version of manual ... [6s/8s] OK
- checking HTML version of manual ... [2s/3s] OK
- checking for non-standard things in the check directory ... OK
- DONE
Status: 1 ERROR