- using R Under development (unstable) (2025-10-03 r88899)
- using platform: x86_64-pc-linux-gnu
- R was compiled by
Debian clang version 19.1.7 (7)
Debian flang-new version 19.1.7 (7)
- running under: Debian GNU/Linux forky/sid
- using session charset: UTF-8
- checking for file ‘baf/DESCRIPTION’ ... OK
- this is package ‘baf’ version ‘0.0.3’
- package encoding: UTF-8
- checking CRAN incoming feasibility ... [1s/1s] OK
- checking package namespace information ... OK
- checking package dependencies ... OK
- checking if this is a source package ... OK
- checking if there is a namespace ... OK
- checking for executable files ... OK
- checking for hidden files and directories ... OK
- checking for portable file names ... OK
- checking for sufficient/correct file permissions ... OK
- checking whether package ‘baf’ can be installed ... OK
See the install log for details.
- checking package directory ... OK
- checking for future file timestamps ... OK
- checking DESCRIPTION meta-information ... OK
- checking top-level files ... OK
- checking for left-over files ... OK
- checking index information ... OK
- checking package subdirectories ... OK
- checking code files for non-ASCII characters ... OK
- checking R files for syntax errors ... OK
- checking whether the package can be loaded ... [1s/1s] OK
- checking whether the package can be loaded with stated dependencies ... [1s/1s] OK
- checking whether the package can be unloaded cleanly ... [1s/1s] OK
- checking whether the namespace can be loaded with stated dependencies ... [1s/1s] OK
- checking whether the namespace can be unloaded cleanly ... [1s/2s] OK
- checking loading without being on the library search path ... [1s/2s] OK
- checking use of S3 registration ... OK
- checking dependencies in R code ... OK
- checking S3 generic/method consistency ... OK
- checking replacement functions ... OK
- checking foreign function calls ... OK
- checking R code for possible problems ... [6s/10s] OK
- checking Rd files ... [0s/0s] OK
- checking Rd metadata ... OK
- checking Rd line widths ... OK
- checking Rd cross-references ... OK
- checking for missing documentation entries ... OK
- checking for code/documentation mismatches ... OK
- checking Rd \usage sections ... OK
- checking Rd contents ... OK
- checking for unstated dependencies in examples ... OK
- checking contents of ‘data’ directory ... OK
- checking data for non-ASCII characters ... [0s/0s] OK
- checking LazyData ... OK
- checking data for ASCII and uncompressed saves ... OK
- checking examples ... [2s/5s] OK
- checking for unstated dependencies in ‘tests’ ... OK
- checking tests ... [4s/7s] ERROR
Running ‘testthat.R’ [4s/6s]
Running the tests in ‘tests/testthat.R’ failed.
Complete output:
> # This file is part of the standard setup for testthat.
> # It is recommended that you do not modify it.
> #
> # Where should you do additional test configuration?
> # Learn more about the roles of various files in:
> # * https://r-pkgs.org/testing-design.html#sec-tests-files-overview
> # * https://testthat.r-lib.org/articles/special-files.html
>
> library(testthat)
> library(baf)
>
> test_check('baf')
[100%] Downloaded 8453 bytes...
[0%] Downloaded 16401 bytes...
[1%] Downloaded 35754 bytes...
[1%] Downloaded 52652 bytes...
[2%] Downloaded 61564 bytes...
[2%] Downloaded 65536 bytes...
[2%] Downloaded 82425 bytes...
[3%] Downloaded 90112 bytes...
[3%] Downloaded 107001 bytes...
[4%] Downloaded 127100 bytes...
[5%] Downloaded 143998 bytes...
[5%] Downloaded 155648 bytes...
[6%] Downloaded 172537 bytes...
[6%] Downloaded 188416 bytes...
[7%] Downloaded 204782 bytes...
[7%] Downloaded 221148 bytes...
[7%] Downloaded 221184 bytes...
[8%] Downloaded 237550 bytes...
[8%] Downloaded 253916 bytes...
[9%] Downloaded 270318 bytes...
[9%] Downloaded 286684 bytes...
[10%] Downloaded 303086 bytes...
[11%] Downloaded 319452 bytes...
[11%] Downloaded 335854 bytes...
[12%] Downloaded 352220 bytes...
[12%] Downloaded 368622 bytes...
[13%] Downloaded 384988 bytes...
[13%] Downloaded 401390 bytes...
[14%] Downloaded 417756 bytes...
[15%] Downloaded 434158 bytes...
[15%] Downloaded 450524 bytes...
[16%] Downloaded 466926 bytes...
[16%] Downloaded 483292 bytes...
[17%] Downloaded 499694 bytes...
[17%] Downloaded 516060 bytes...
[18%] Downloaded 532462 bytes...
[19%] Downloaded 548828 bytes...
[19%] Downloaded 565230 bytes...
[20%] Downloaded 581596 bytes...
[20%] Downloaded 597998 bytes...
[21%] Downloaded 614364 bytes...
[21%] Downloaded 630730 bytes...
[22%] Downloaded 647096 bytes...
[23%] Downloaded 663534 bytes...
[23%] Downloaded 679900 bytes...
[24%] Downloaded 696302 bytes...
[24%] Downloaded 712668 bytes...
[25%] Downloaded 729070 bytes...
[25%] Downloaded 745436 bytes...
[26%] Downloaded 761838 bytes...
[27%] Downloaded 778204 bytes...
[27%] Downloaded 794606 bytes...
[28%] Downloaded 810972 bytes...
[28%] Downloaded 827338 bytes...
[29%] Downloaded 843704 bytes...
[29%] Downloaded 860142 bytes...
[30%] Downloaded 876508 bytes...
[31%] Downloaded 892910 bytes...
[31%] Downloaded 909276 bytes...
[32%] Downloaded 925678 bytes...
[32%] Downloaded 942044 bytes...
[33%] Downloaded 958446 bytes...
[33%] Downloaded 974812 bytes...
[34%] Downloaded 991214 bytes...
[35%] Downloaded 1007580 bytes...
[35%] Downloaded 1023946 bytes...
[36%] Downloaded 1040303 bytes...
[36%] Downloaded 1056750 bytes...
[37%] Downloaded 1073116 bytes...
[37%] Downloaded 1089518 bytes...
[38%] Downloaded 1105884 bytes...
[39%] Downloaded 1122286 bytes...
[39%] Downloaded 1138652 bytes...
[40%] Downloaded 1155054 bytes...
[40%] Downloaded 1171420 bytes...
[41%] Downloaded 1187822 bytes...
[41%] Downloaded 1204188 bytes...
[42%] Downloaded 1220554 bytes...
[43%] Downloaded 1236920 bytes...
[43%] Downloaded 1253358 bytes...
[44%] Downloaded 1269724 bytes...
[44%] Downloaded 1286126 bytes...
[45%] Downloaded 1302492 bytes...
[45%] Downloaded 1318894 bytes...
[46%] Downloaded 1335260 bytes...
[47%] Downloaded 1351662 bytes...
[47%] Downloaded 1368028 bytes...
[48%] Downloaded 1384430 bytes...
[48%] Downloaded 1400796 bytes...
[49%] Downloaded 1417162 bytes...
[49%] Downloaded 1433528 bytes...
[50%] Downloaded 1449966 bytes...
[50%] Downloaded 1466332 bytes...
[51%] Downloaded 1482734 bytes...
[52%] Downloaded 1499100 bytes...
[52%] Downloaded 1515502 bytes...
[53%] Downloaded 1531868 bytes...
[53%] Downloaded 1548270 bytes...
[54%] Downloaded 1564636 bytes...
[54%] Downloaded 1581038 bytes...
[55%] Downloaded 1597404 bytes...
[56%] Downloaded 1613770 bytes...
[56%] Downloaded 1630136 bytes...
[56%] Downloaded 1630208 bytes...
[57%] Downloaded 1646574 bytes...
[57%] Downloaded 1662940 bytes...
[58%] Downloaded 1679342 bytes...
[58%] Downloaded 1695708 bytes...
[59%] Downloaded 1712110 bytes...
[60%] Downloaded 1728476 bytes...
[60%] Downloaded 1744878 bytes...
[61%] Downloaded 1761244 bytes...
[61%] Downloaded 1777646 bytes...
[62%] Downloaded 1794012 bytes...
[62%] Downloaded 1810414 bytes...
[63%] Downloaded 1826780 bytes...
[64%] Downloaded 1843182 bytes...
[64%] Downloaded 1859548 bytes...
[65%] Downloaded 1875950 bytes...
[65%] Downloaded 1892316 bytes...
[66%] Downloaded 1908718 bytes...
[66%] Downloaded 1925084 bytes...
[67%] Downloaded 1941486 bytes...
[68%] Downloaded 1957852 bytes...
[68%] Downloaded 1974254 bytes...
[69%] Downloaded 1990620 bytes...
[69%] Downloaded 2007022 bytes...
[70%] Downloaded 2023388 bytes...
[70%] Downloaded 2039754 bytes...
[71%] Downloaded 2056120 bytes...
[72%] Downloaded 2072558 bytes...
[72%] Downloaded 2088924 bytes...
[73%] Downloaded 2105326 bytes...
[73%] Downloaded 2121692 bytes...
[74%] Downloaded 2138094 bytes...
[74%] Downloaded 2154460 bytes...
[75%] Downloaded 2170862 bytes...
[76%] Downloaded 2187228 bytes...
[76%] Downloaded 2203630 bytes...
[77%] Downloaded 2219996 bytes...
[77%] Downloaded 2236362 bytes...
[78%] Downloaded 2252728 bytes...
[78%] Downloaded 2269166 bytes...
[79%] Downloaded 2285532 bytes...
[80%] Downloaded 2301934 bytes...
[80%] Downloaded 2318300 bytes...
[81%] Downloaded 2334702 bytes...
[81%] Downloaded 2351068 bytes...
[82%] Downloaded 2367470 bytes...
[82%] Downloaded 2383836 bytes...
[83%] Downloaded 2400238 bytes...
[84%] Downloaded 2416604 bytes...
[84%] Downloaded 2432970 bytes...
[85%] Downloaded 2449327 bytes...
[85%] Downloaded 2465774 bytes...
[86%] Downloaded 2482140 bytes...
[86%] Downloaded 2498542 bytes...
[87%] Downloaded 2514908 bytes...
[88%] Downloaded 2531310 bytes...
[88%] Downloaded 2547676 bytes...
[89%] Downloaded 2564078 bytes...
[89%] Downloaded 2580444 bytes...
[90%] Downloaded 2596846 bytes...
[90%] Downloaded 2613212 bytes...
[91%] Downloaded 2629578 bytes...
[92%] Downloaded 2645944 bytes...
[92%] Downloaded 2662382 bytes...
[93%] Downloaded 2678748 bytes...
[93%] Downloaded 2695150 bytes...
[94%] Downloaded 2711516 bytes...
[94%] Downloaded 2711552 bytes...
[94%] Downloaded 2727918 bytes...
[95%] Downloaded 2744284 bytes...
[96%] Downloaded 2760686 bytes...
[96%] Downloaded 2777052 bytes...
[97%] Downloaded 2793454 bytes...
[97%] Downloaded 2809820 bytes...
[98%] Downloaded 2826186 bytes...
[98%] Downloaded 2842552 bytes...
[99%] Downloaded 2858990 bytes...
[100%] Downloaded 2875289 bytes...
[ FAIL 1 | WARN 1 | SKIP 0 | PASS 4 ]
══ Failed tests ════════════════════════════════════════════════════════════════
── Failure ('test-baf.R:11:3'): baf works ──────────────────────────────────────
`out` has length 0, not length 7.
[ FAIL 1 | WARN 1 | SKIP 0 | PASS 4 ]
Error: Test failures
Execution halted
- checking PDF version of manual ... [5s/8s] OK
- checking HTML version of manual ... [0s/0s] OK
- checking for non-standard things in the check directory ... OK
- DONE
Status: 1 ERROR