* using log directory ‘/home/hornik/tmp/R.check/r-devel-clang/Work/PKGS/aebdata.Rcheck’ * using R Under development (unstable) (2025-07-13 r88407) * using platform: x86_64-pc-linux-gnu * R was compiled by Debian clang version 19.1.7 (3+b1) Debian flang-new version 19.1.7 (3+b1) * running under: Debian GNU/Linux 13 (trixie) * using session charset: UTF-8 * checking for file ‘aebdata/DESCRIPTION’ ... OK * this is package ‘aebdata’ version ‘0.1.4’ * package encoding: UTF-8 * checking CRAN incoming feasibility ... [1s/1s] OK * checking package namespace information ... OK * checking package dependencies ... OK * checking if this is a source package ... OK * checking if there is a namespace ... OK * checking for executable files ... OK * checking for hidden files and directories ... OK * checking for portable file names ... OK * checking for sufficient/correct file permissions ... OK * checking whether package ‘aebdata’ can be installed ... OK See 'https://www.r-project.org/nosvn/R.check/r-devel-linux-x86_64-debian-clang/aebdata-00install.html' for details. * checking package directory ... OK * checking for future file timestamps ... OK * checking ‘build’ directory ... OK * checking DESCRIPTION meta-information ... OK * checking top-level files ... OK * checking for left-over files ... OK * checking index information ... OK * checking package subdirectories ... OK * checking code files for non-ASCII characters ... OK * checking R files for syntax errors ... OK * checking whether the package can be loaded ... [0s/0s] OK * checking whether the package can be loaded with stated dependencies ... [0s/0s] OK * checking whether the package can be unloaded cleanly ... [0s/0s] OK * checking whether the namespace can be loaded with stated dependencies ... [0s/0s] OK * checking whether the namespace can be unloaded cleanly ... [0s/0s] OK * checking loading without being on the library search path ... [0s/0s] OK * checking use of S3 registration ... OK * checking dependencies in R code ... OK * checking S3 generic/method consistency ... OK * checking replacement functions ... OK * checking foreign function calls ... OK * checking R code for possible problems ... [3s/5s] OK * checking Rd files ... [0s/0s] OK * checking Rd metadata ... OK * checking Rd line widths ... OK * checking Rd cross-references ... OK * checking for missing documentation entries ... OK * checking for code/documentation mismatches ... OK * checking Rd \usage sections ... OK * checking Rd contents ... OK * checking for unstated dependencies in examples ... OK * checking installed files from ‘inst/doc’ ... OK * checking files in ‘vignettes’ ... OK * checking examples ... [2s/6s] ERROR Running examples in ‘aebdata-Ex.R’ failed The error most likely occurred in: > base::assign(".ptime", proc.time(), pos = "CheckExEnv") > ### Name: get_series > ### Title: Get series values > ### Aliases: get_series > > ### ** Examples > > ## Don't show: > if (aebdata:::test_connection_aeb()) (if (getRversion() >= "3.4") withAutoprint else force)({ # examplesIf + ## End(Don't show) + # Get the series 230 and print the head + serie_230 <- get_series(series_id = 230) + head(serie_230) + + # Get the series from 230 to 232 and print the head of the 232 + ## Don't show: + }) # examplesIf > serie_230 <- get_series(series_id = 230) Warning: Failed to open 'https://www.ipea.gov.br/atlasestado/arquivos/downloads/1981-230remuneracaomediacornivelfederativodados.csv': Recv failure: Connection reset by peer Error in open.connection(3L, "rb") : cannot open the connection Calls: ... -> vroom_ -> -> open.connection Execution halted * checking for unstated dependencies in ‘tests’ ... OK * checking tests ... [7s/81s] OK Running ‘testthat.R’ [7s/80s] * checking for unstated dependencies in vignettes ... OK * checking package vignettes ... OK * checking re-building of vignette outputs ... [4s/12s] OK * checking PDF version of manual ... [4s/5s] OK * checking HTML version of manual ... [0s/0s] OK * checking for non-standard things in the check directory ... OK * DONE Status: 1 ERROR