- using R Under development (unstable) (2023-01-21 r83656)
- using platform: x86_64-pc-linux-gnu (64-bit)
- R was compiled by
Debian clang version 15.0.6
GNU Fortran (Debian 12.2.0-14) 12.2.0
- running under: Debian GNU/Linux bookworm/sid
- using session charset: UTF-8
- checking for file ‘UComp/DESCRIPTION’ ... OK
- this is package ‘UComp’ version ‘2.2.3’
- package encoding: UTF-8
- checking package namespace information ... OK
- checking package dependencies ... OK
- checking if this is a source package ... OK
- checking if there is a namespace ... OK
- checking for executable files ... OK
- checking for hidden files and directories ... OK
- checking for portable file names ... OK
- checking for sufficient/correct file permissions ... OK
- checking serialization versions ... OK
- checking whether package ‘UComp’ can be installed ... OK
- used C++ compiler: ‘Debian clang version 15.0.6’
- checking package directory ... OK
- checking for future file timestamps ... OK
- checking ‘build’ directory ... OK
- checking DESCRIPTION meta-information ... OK
- checking top-level files ... OK
- checking for left-over files ... OK
- checking index information ... OK
- checking package subdirectories ... OK
- checking R files for non-ASCII characters ... OK
- checking R files for syntax errors ... OK
- checking whether the package can be loaded ... [1s/1s] OK
- checking whether the package can be loaded with stated dependencies ... [1s/1s] OK
- checking whether the package can be unloaded cleanly ... [1s/1s] OK
- checking whether the namespace can be loaded with stated dependencies ... [1s/1s] OK
- checking whether the namespace can be unloaded cleanly ... [1s/1s] OK
- checking loading without being on the library search path ... [1s/1s] OK
- checking use of S3 registration ... OK
- checking dependencies in R code ... OK
- checking S3 generic/method consistency ... OK
- checking replacement functions ... OK
- checking foreign function calls ... OK
- checking R code for possible problems ... [8s/10s] OK
- checking Rd files ... [1s/1s] OK
- checking Rd metadata ... OK
- checking Rd line widths ... OK
- checking Rd cross-references ... OK
- checking for missing documentation entries ... OK
- checking for code/documentation mismatches ... OK
- checking Rd \usage sections ... OK
- checking Rd contents ... OK
- checking for unstated dependencies in examples ... OK
- checking contents of ‘data’ directory ... OK
- checking data for non-ASCII characters ... [0s/1s] OK
- checking LazyData ... OK
- checking data for ASCII and uncompressed saves ... OK
- checking line endings in C/C++/Fortran sources/headers ... OK
- checking line endings in Makefiles ... OK
- checking compilation flags in Makevars ... OK
- checking for GNU extensions in Makefiles ... OK
- checking for portable use of $(BLAS_LIBS) and $(LAPACK_LIBS) ... OK
- checking use of PKG_*FLAGS in Makefiles ... OK
- checking use of SHLIB_OPENMP_*FLAGS in Makefiles ... OK
- checking pragmas in C/C++ headers and code ... OK
- checking compilation flags used ... OK
- checking compiled code ... WARNING
File ‘UComp/libs/UComp.so’:
Found ‘sprintf’, possibly from ‘sprintf’ (C)
Object: ‘UCompC.o’
Compiled code should not call entry points which might terminate R nor
write to stdout/stderr instead of to the console, nor use Fortran I/O
nor system RNGs nor [v]sprintf.
See ‘Writing portable packages’ in the ‘Writing R Extensions’ manual.
- checking installed files from ‘inst/doc’ ... OK
- checking files in ‘vignettes’ ... OK
- checking examples ... [71s/45s] OK
Examples with CPU (user + system) or elapsed time > 5s
user system elapsed
UCcomponents 13.058 0.530 9.683
UCfilter 12.537 0.487 8.600
UC 7.263 0.331 4.424
UCvalidate 6.974 0.355 4.063
UCdisturb 6.470 0.288 4.141
UCestim 6.315 0.270 4.095
UCsmooth 6.172 0.306 3.952
UCmodel 6.097 0.212 3.639
- checking for unstated dependencies in vignettes ... OK
- checking package vignettes in ‘inst/doc’ ... OK
- checking re-building of vignette outputs ... [49s/38s] OK
- checking PDF version of manual ... [5s/7s] OK
- checking HTML version of manual ... [2s/2s] OK
- checking for non-standard things in the check directory ... OK
- DONE
Status: 1 WARNING