- using R Under development (unstable) (2025-10-10 r88914)
- using platform: x86_64-pc-linux-gnu
- R was compiled by
Debian clang version 19.1.7 (7)
Debian flang-new version 19.1.7 (7)
- running under: Debian GNU/Linux forky/sid
- using session charset: UTF-8
- checking for file ‘StreamCatTools/DESCRIPTION’ ... OK
- checking extension type ... Package
- this is package ‘StreamCatTools’ version ‘0.8.0’
- package encoding: UTF-8
- checking CRAN incoming feasibility ... [1s/2s] OK
- checking package namespace information ... OK
- checking package dependencies ... OK
- checking if this is a source package ... OK
- checking if there is a namespace ... OK
- checking for executable files ... OK
- checking for hidden files and directories ... OK
- checking for portable file names ... OK
- checking for sufficient/correct file permissions ... OK
- checking whether package ‘StreamCatTools’ can be installed ... OK
See the install log for details.
- checking package directory ... OK
- checking for future file timestamps ... OK
- checking ‘build’ directory ... OK
- checking DESCRIPTION meta-information ... OK
- checking top-level files ... OK
- checking for left-over files ... OK
- checking index information ... OK
- checking package subdirectories ... OK
- checking code files for non-ASCII characters ... OK
- checking R files for syntax errors ... OK
- checking whether the package can be loaded ... [0s/0s] OK
- checking whether the package can be loaded with stated dependencies ... [0s/0s] OK
- checking whether the package can be unloaded cleanly ... [0s/0s] OK
- checking whether the namespace can be loaded with stated dependencies ... [0s/0s] OK
- checking whether the namespace can be unloaded cleanly ... [0s/0s] OK
- checking loading without being on the library search path ... [0s/0s] OK
- checking use of S3 registration ... OK
- checking dependencies in R code ... OK
- checking S3 generic/method consistency ... OK
- checking replacement functions ... OK
- checking foreign function calls ... OK
- checking R code for possible problems ... [4s/6s] OK
- checking Rd files ... [0s/1s] OK
- checking Rd metadata ... OK
- checking Rd line widths ... OK
- checking Rd cross-references ... OK
- checking for missing documentation entries ... OK
- checking for code/documentation mismatches ... OK
- checking Rd \usage sections ... OK
- checking Rd contents ... OK
- checking for unstated dependencies in examples ... OK
- checking installed files from ‘inst/doc’ ... OK
- checking files in ‘vignettes’ ... OK
- checking examples ... [1s/12s] OK
Examples with CPU (user + system) or elapsed time > 5s
user system elapsed
sc_fullname 0.098 0.012 9.292
- checking for unstated dependencies in ‘tests’ ... OK
- checking tests ... [11s/347s] ERROR
Running ‘testthat.R’ [10s/347s]
Running the tests in ‘tests/testthat.R’ failed.
Complete output:
> library(testthat)
> library(StreamCatTools)
>
> test_check("StreamCatTools")
[ FAIL 3 | WARN 2 | SKIP 0 | PASS 81 ]
══ Failed tests ════════════════════════════════════════════════════════════════
── Failure ('test-lc_get_params.R:18:3'): lc_get_metric_names ──────────────────
nrow(metrics) is not strictly more than 70. Difference: -35
── Error ('test-lc_get_params.R:25:3'): lc_get_params for area of interest parameters ──
Error in `open.connection(con, "rb")`: cannot open the connection to 'https://api.epa.gov/StreamCat/lakes/metrics'
Backtrace:
▆
1. └─StreamCatTools::lc_get_params(param = "aoi") at test-lc_get_params.R:25:3
2. └─jsonlite::fromJSON("https://api.epa.gov/StreamCat/lakes/metrics")
3. └─jsonlite:::parse_and_simplify(...)
4. └─jsonlite:::parseJSON(txt, bigint_as_char)
5. └─jsonlite:::parse_con(txt, bigint_as_char)
6. ├─base::open(con, "rb")
7. └─base::open.connection(con, "rb")
── Error ('test-sc_getdata.R:36:3'): sc_get_data for a county and ws metrics returns a data frame ──
Error in `open.connection(con, "rb")`: cannot open the connection to 'https://api.epa.gov/StreamCat/streams/metrics'
Backtrace:
▆
1. └─StreamCatTools::sc_get_data(...) at test-sc_getdata.R:36:3
2. └─StreamCatTools::sc_get_params(param = "metric_names")
3. └─jsonlite::fromJSON("https://api.epa.gov/StreamCat/streams/metrics")
4. └─jsonlite:::parse_and_simplify(...)
5. └─jsonlite:::parseJSON(txt, bigint_as_char)
6. └─jsonlite:::parse_con(txt, bigint_as_char)
7. ├─base::open(con, "rb")
8. └─base::open.connection(con, "rb")
[ FAIL 3 | WARN 2 | SKIP 0 | PASS 81 ]
Error: Test failures
Execution halted
- checking for unstated dependencies in vignettes ... OK
- checking package vignettes ... OK
- checking re-building of vignette outputs ... [32s/111s] OK
- checking PDF version of manual ... [6s/8s] OK
- checking HTML version of manual ... [1s/1s] OK
- checking for non-standard things in the check directory ... OK
- DONE
Status: 1 ERROR