- using R Under development (unstable) (2023-09-17 r85158)
- using platform: x86_64-pc-linux-gnu
- R was compiled by
Debian clang version 16.0.6 (15)
GNU Fortran (Debian 13.2.0-3) 13.2.0
- running under: Debian GNU/Linux trixie/sid
- using session charset: UTF-8
- checking for file ‘MOSS/DESCRIPTION’ ... OK
- this is package ‘MOSS’ version ‘0.2.2’
- package encoding: UTF-8
- checking package namespace information ... OK
- checking package dependencies ... OK
- checking if this is a source package ... OK
- checking if there is a namespace ... OK
- checking for executable files ... OK
- checking for hidden files and directories ... OK
- checking for portable file names ... OK
- checking for sufficient/correct file permissions ... OK
- checking serialization versions ... OK
- checking whether package ‘MOSS’ can be installed ... OK
See the install log for details.
- checking package directory ... OK
- checking for future file timestamps ... OK
- checking ‘build’ directory ... OK
- checking DESCRIPTION meta-information ... OK
- checking top-level files ... OK
- checking for left-over files ... OK
- checking index information ... OK
- checking package subdirectories ... OK
- checking R files for non-ASCII characters ... OK
- checking R files for syntax errors ... OK
- checking whether the package can be loaded ... [0s/1s] OK
- checking whether the package can be loaded with stated dependencies ... [0s/0s] OK
- checking whether the package can be unloaded cleanly ... [0s/0s] OK
- checking whether the namespace can be loaded with stated dependencies ... [0s/0s] OK
- checking whether the namespace can be unloaded cleanly ... [0s/1s] OK
- checking loading without being on the library search path ... [0s/0s] OK
- checking whether startup messages can be suppressed ... [0s/0s] OK
- checking use of S3 registration ... OK
- checking dependencies in R code ... OK
- checking S3 generic/method consistency ... OK
- checking replacement functions ... OK
- checking foreign function calls ... OK
- checking R code for possible problems ... [17s/19s] OK
- checking Rd files ... [1s/1s] OK
- checking Rd metadata ... OK
- checking Rd line widths ... OK
- checking Rd cross-references ... OK
- checking for missing documentation entries ... OK
- checking for code/documentation mismatches ... OK
- checking Rd \usage sections ... OK
- checking Rd contents ... OK
- checking for unstated dependencies in examples ... OK
- checking sizes of PDF files under ‘inst/doc’ ... OK
- checking installed files from ‘inst/doc’ ... OK
- checking files in ‘vignettes’ ... OK
- checking examples ... [17s/20s] OK
Examples with CPU (user + system) or elapsed time > 5s
user system elapsed
moss 6.533 0.274 8.215
- checking for unstated dependencies in ‘tests’ ... OK
- checking tests ... [102s/109s] OK
Running ‘spelling.R’ [0s/0s]
Running ‘testthat.R’ [101s/108s]
- checking for unstated dependencies in vignettes ... OK
- checking package vignettes in ‘inst/doc’ ... OK
- checking re-building of vignette outputs ... [20m/25m] ERROR
Error(s) in re-building vignettes:
...
--- re-building ‘MOSS_working_example.Rmd’ using rmarkdown
--- finished re-building ‘MOSS_working_example.Rmd’
Assertion failure at kmp_runtime.cpp(6918): temp_reg_status_file_name.
OMP: Error #13: Assertion failure at kmp_runtime.cpp(6918).
OMP: Hint Please submit a bug report with this message, compile and run commands used, and machine configuration info including native compiler and operating system versions. Faster response will be obtained by including all program sources. For information on submitting this issue, please see https://bugs.llvm.org/.
Assertion failure at kmp_runtime.cpp(6918): temp_reg_status_file_name.
OMP: Error #13: Assertion failure at kmp_runtime.cpp(6918).
OMP: Hint Please submit a bug report with this message, compile and run commands used, and machine configuration info including native compiler and operating system versions. Faster response will be obtained by including all program sources. For information on submitting this issue, please see https://bugs.llvm.org/.
Killed
- checking PDF version of manual ... [5s/7s] OK
- checking HTML version of manual ... [1s/2s] OK
- checking for non-standard things in the check directory ... OK
- DONE
Status: 1 ERROR