- using R Under development (unstable) (2023-12-04 r85659)
- using platform: x86_64-pc-linux-gnu
- R was compiled by
Debian clang version 17.0.5 (1)
Debian flang-new version 17.0.5 (1)
- running under: Debian GNU/Linux trixie/sid
- using session charset: UTF-8
- checking for file ‘MCMCpack/DESCRIPTION’ ... OK
- this is package ‘MCMCpack’ version ‘1.6-3’
- package encoding: UTF-8
- checking package namespace information ... OK
- checking package dependencies ... OK
- checking if this is a source package ... OK
- checking if there is a namespace ... OK
- checking for executable files ... OK
- checking for hidden files and directories ... OK
- checking for portable file names ... OK
- checking for sufficient/correct file permissions ... OK
- checking whether package ‘MCMCpack’ can be installed ... WARNING
Found the following significant warnings:
./error.h:628:13: warning: format string is not a string literal (potentially insecure) [-Wformat-security]
./rng.h:1168:13: warning: format string is not a string literal (potentially insecure) [-Wformat-security]
cHDPHSMMnegbin.cc:570:42: warning: data argument not used by format string [-Wformat-extra-args]
cHMMpanelRE.cc:406:46: warning: data argument not used by format string [-Wformat-extra-args]
cHMMpanelRE.cc:407:49: warning: data argument not used by format string [-Wformat-extra-args]
cHMMpanelRE.cc:408:51: warning: data argument not used by format string [-Wformat-extra-args]
cHMMpanelRE.cc:409:45: warning: data argument not used by format string [-Wformat-extra-args]
cHMMpanelRE.cc:410:55: warning: data argument not used by format string [-Wformat-extra-args]
./rng.h:1238:13: warning: format string is not a string literal (potentially insecure) [-Wformat-security]
cMCMCoprobitChange.cc:49:98: warning: data argument not used by format string [-Wformat-extra-args]
cMCMCpaircompare2d.cc:448:73: warning: data argument not used by format string [-Wformat-extra-args]
cMCMCpaircompare2d.cc:449:94: warning: data argument not used by format string [-Wformat-extra-args]
cMCMCpaircompare2d.cc:450:75: warning: data argument not used by format string [-Wformat-extra-args]
cMCMCpaircompare2dDP.cc:765:69: warning: data argument not used by format string [-Wformat-extra-args]
cMCMCpaircompare2dDP.cc:766:90: warning: data argument not used by format string [-Wformat-extra-args]
cMCMCpaircompare2dDP.cc:767:71: warning: data argument not used by format string [-Wformat-extra-args]
cMCMCprobitres.cc:147:51: warning: data argument not used by format string [-Wformat-extra-args]
cMCMCprobitres.cc:148:43: warning: data argument not used by format string [-Wformat-extra-args]
cSSVSquantreg.cc:262:30: warning: format specifies type 'double' but the argument has type 'bool' [-Wformat]
See the install log for details.
- used C compiler: ‘Debian clang version 17.0.5 (1)’
- used C++ compiler: ‘Debian clang version 17.0.5 (1)’
- checking C++ specification ... NOTE
Specified C++11: please drop specification unless essential
- checking package directory ... OK
- checking for future file timestamps ... OK
- checking DESCRIPTION meta-information ... OK
- checking top-level files ... OK
- checking for left-over files ... OK
- checking index information ... OK
- checking package subdirectories ... OK
- checking R files for non-ASCII characters ... OK
- checking R files for syntax errors ... OK
- checking whether the package can be loaded ... [3s/4s] OK
- checking whether the package can be loaded with stated dependencies ... [3s/3s] OK
- checking whether the package can be unloaded cleanly ... [3s/3s] OK
- checking whether the namespace can be loaded with stated dependencies ... [3s/3s] OK
- checking whether the namespace can be unloaded cleanly ... [3s/3s] OK
- checking loading without being on the library search path ... [3s/3s] OK
- checking whether startup messages can be suppressed ... [3s/4s] OK
- checking use of S3 registration ... OK
- checking dependencies in R code ... OK
- checking S3 generic/method consistency ... OK
- checking replacement functions ... OK
- checking foreign function calls ... OK
- checking R code for possible problems ... [56s/64s] OK
- checking Rd files ... [2s/3s] OK
- checking Rd metadata ... OK
- checking Rd line widths ... OK
- checking Rd cross-references ... OK
- checking for missing documentation entries ... OK
- checking for code/documentation mismatches ... OK
- checking Rd \usage sections ... OK
- checking Rd contents ... OK
- checking for unstated dependencies in examples ... OK
- checking contents of ‘data’ directory ... OK
- checking data for non-ASCII characters ... [0s/0s] OK
- checking data for ASCII and uncompressed saves ... OK
- checking line endings in shell scripts ... OK
- checking line endings in C/C++/Fortran sources/headers ... OK
- checking line endings in Makefiles ... OK
- checking compilation flags in Makevars ... OK
- checking for GNU extensions in Makefiles ... OK
- checking for portable use of $(BLAS_LIBS) and $(LAPACK_LIBS) ... OK
- checking use of PKG_*FLAGS in Makefiles ... OK
- checking use of SHLIB_OPENMP_*FLAGS in Makefiles ... OK
- checking pragmas in C/C++ headers and code ... OK
- checking compilation flags used ... OK
- checking compiled code ... OK
- checking examples ... [3s/4s] OK
- checking PDF version of manual ... [13s/17s] OK
- checking HTML version of manual ... [11s/16s] OK
- checking for non-standard things in the check directory ... OK
- DONE
Status: 1 WARNING, 1 NOTE