- using R Under development (unstable) (2025-06-27 r88363)
- using platform: x86_64-pc-linux-gnu
- R was compiled by
Debian clang version 19.1.7 (3+b1)
Debian flang-new version 19.1.7 (3+b1)
- running under: Debian GNU/Linux 13 (trixie)
- using session charset: UTF-8
- checking for file ‘GDELTtools/DESCRIPTION’ ... OK
- checking extension type ... Package
- this is package ‘GDELTtools’ version ‘1.7’
- package encoding: UTF-8
- checking CRAN incoming feasibility ... [0s/1s] NOTE
Maintainer: ‘Stephen R. Haptonstahl <srh@haptonstahl.org>’
No Authors@R field in DESCRIPTION.
Please add one, modifying
Authors@R: c(person(given = c("Stephen", "R."),
family = "Haptonstahl",
role = c("aut", "cre"),
email = "srh@haptonstahl.org"),
person(given = "Thomas",
family = "Scherer",
role = "aut"),
person(given = "Timo",
family = "Thoms",
role = "aut"),
person(given = "Patrick",
family = "Wheatley",
role = "aut"))
as necessary.
- checking package namespace information ... OK
- checking package dependencies ... OK
- checking if this is a source package ... OK
- checking if there is a namespace ... OK
- checking for executable files ... OK
- checking for hidden files and directories ... OK
- checking for portable file names ... OK
- checking for sufficient/correct file permissions ... OK
- checking whether package ‘GDELTtools’ can be installed ... ERROR
Installation failed.
See the install log for details.
- DONE
Status: 1 ERROR, 1 NOTE