- using R version 4.4.0 (2024-04-24 ucrt)
- using platform: x86_64-w64-mingw32
- R was compiled by
gcc.exe (GCC) 13.2.0
GNU Fortran (GCC) 13.2.0
- running under: Windows Server 2022 x64 (build 20348)
- using session charset: UTF-8
- checking for file 'locateip/DESCRIPTION' ... OK
- this is package 'locateip' version '0.1.2'
- package encoding: UTF-8
- checking package namespace information ... OK
- checking package dependencies ... OK
- checking if this is a source package ... OK
- checking if there is a namespace ... OK
- checking for hidden files and directories ... OK
- checking for portable file names ... OK
- checking whether package 'locateip' can be installed ... OK
See the install log for details.
- checking installed package size ... OK
- checking package directory ... OK
- checking DESCRIPTION meta-information ... OK
- checking top-level files ... OK
- checking for left-over files ... OK
- checking index information ... OK
- checking package subdirectories ... OK
- checking code files for non-ASCII characters ... OK
- checking R files for syntax errors ... OK
- checking whether the package can be loaded ... [1s] OK
- checking whether the package can be loaded with stated dependencies ... [1s] OK
- checking whether the package can be unloaded cleanly ... [1s] OK
- checking whether the namespace can be loaded with stated dependencies ... [1s] OK
- checking whether the namespace can be unloaded cleanly ... [1s] OK
- checking loading without being on the library search path ... [1s] OK
- checking use of S3 registration ... OK
- checking dependencies in R code ... OK
- checking S3 generic/method consistency ... OK
- checking replacement functions ... OK
- checking foreign function calls ... OK
- checking R code for possible problems ... [3s] OK
- checking Rd files ... [0s] OK
- checking Rd metadata ... OK
- checking Rd cross-references ... OK
- checking for missing documentation entries ... OK
- checking for code/documentation mismatches ... OK
- checking Rd \usage sections ... OK
- checking Rd contents ... OK
- checking for unstated dependencies in examples ... OK
- checking examples ... [1s] ERROR
Running examples in 'locateip-Ex.R' failed
The error most likely occurred in:
> ### Name: locate_ip
> ### Title: Locate an IP adress
> ### Aliases: locate_ip
>
> ### ** Examples
>
> locate_ip("132.203.167.188")
Error in `httr2::req_perform()`:
! HTTP 403 Forbidden.
Backtrace:
▆
1. └─locateip::locate_ip("132.203.167.188")
2. └─locateip:::get_location(...)
3. └─httr2::req_perform(...)
4. └─httr2:::handle_resp(req, resp, error_call = error_call)
5. └─httr2:::resp_abort(resp, req, body, call = error_call)
6. └─rlang::abort(...)
Execution halted
- checking for unstated dependencies in 'tests' ... OK
- checking tests ... [2s] ERROR
Running 'testthat.R' [2s]
Running the tests in 'tests/testthat.R' failed.
Complete output:
> # This file is part of the standard setup for testthat.
> # It is recommended that you do not modify it.
> #
> # Where should you do additional test configuration?
> # Learn more about the roles of various files in:
> # * https://r-pkgs.org/tests.html
> # * https://testthat.r-lib.org/reference/test_package.html#special-files
>
> library(testthat)
> library(locateip)
>
> test_check("locateip")
[ FAIL 1 | WARN 0 | SKIP 0 | PASS 8 ]
══ Failed tests ════════════════════════════════════════════════════════════════
── Error ('test-locate.R:32:3'): locate ip works ───────────────────────────────
<httr2_http_403/httr2_http/httr2_error/rlang_error/error/condition>
Error in `httr2::req_perform(create_req(ip = ip, fields = fields, lang = lang,
header = header, ..., format = format))`: HTTP 403 Forbidden.
Backtrace:
▆
1. ├─testthat::expect_equal(...) at test-locate.R:32:3
2. │ └─testthat::quasi_label(enquo(object), label, arg = "object")
3. │ └─rlang::eval_bare(expr, quo_get_env(quo))
4. └─locateip::locate_ip("132.203.167.188", tidy = TRUE)
5. └─locateip:::get_location(...)
6. └─httr2::req_perform(...)
7. └─httr2:::handle_resp(req, resp, error_call = error_call)
8. └─httr2:::resp_abort(resp, req, body, call = error_call)
9. └─rlang::abort(...)
[ FAIL 1 | WARN 0 | SKIP 0 | PASS 8 ]
Error: Test failures
Execution halted
- checking PDF version of manual ... [20s] OK
- checking HTML version of manual ... [1s] OK
- DONE
Status: 2 ERRORs