- using R Under development (unstable) (2024-01-17 r85813)
- using platform: x86_64-apple-darwin20
- R was compiled by
Apple clang version 14.0.0 (clang-1400.0.29.202)
GNU Fortran (GCC) 12.2.0
- running under: macOS Ventura 13.3.1
- using session charset: UTF-8
- checking for file ‘pbapply/DESCRIPTION’ ... OK
- checking extension type ... Package
- this is package ‘pbapply’ version ‘1.7-2’
- checking package namespace information ... OK
- checking package dependencies ... NOTE
Packages suggested but not available for checking:
'shiny', 'future', 'future.apply'
- checking if this is a source package ... OK
- checking if there is a namespace ... OK
- checking for executable files ... OK
- checking for hidden files and directories ... OK
- checking for portable file names ... OK
- checking for sufficient/correct file permissions ... OK
- checking whether package ‘pbapply’ can be installed ... [2s/3s] OK
See the install log for details.
- checking installed package size ... OK
- checking package directory ... OK
- checking DESCRIPTION meta-information ... OK
- checking top-level files ... OK
- checking for left-over files ... OK
- checking index information ... OK
- checking package subdirectories ... OK
- checking R files for non-ASCII characters ... OK
- checking R files for syntax errors ... OK
- checking whether the package can be loaded ... [0s/0s] OK
- checking whether the package can be loaded with stated dependencies ... [0s/0s] OK
- checking whether the package can be unloaded cleanly ... [0s/0s] OK
- checking whether the namespace can be loaded with stated dependencies ... [0s/0s] OK
- checking whether the namespace can be unloaded cleanly ... [0s/0s] OK
- checking loading without being on the library search path ... [0s/0s] OK
- checking whether startup messages can be suppressed ... [0s/1s] OK
- checking dependencies in R code ... OK
- checking S3 generic/method consistency ... OK
- checking replacement functions ... OK
- checking foreign function calls ... OK
- checking R code for possible problems ... [3s/3s] OK
- checking Rd files ... [0s/0s] OK
- checking Rd metadata ... OK
- checking Rd cross-references ... OK
- checking for missing documentation entries ... OK
- checking for code/documentation mismatches ... OK
- checking Rd \usage sections ... OK
- checking Rd contents ... OK
- checking for unstated dependencies in examples ... OK
- checking examples ... [2s/9s] OK
- checking for unstated dependencies in ‘tests’ ... OK
- checking tests ... [8s/22s] ERROR
Running ‘tests.R’ [8s/21s]
Running the tests in ‘tests/tests.R’ failed.
Last 13 lines of output:
|++++++ | 12% ~01s
|+++++++ | 14% ~01s
|++++++++ | 16% ~01s
|+++++++++ | 18% ~01s
|++++++++++ | 20% ~01s
|+++++++++++ | 22% ~01s
|++++++++++++ | 24% ~01s
|+++++++++++++ | 26% ~01s
|++++++++++++++ | 28% ~01s
|+++++++++++++++ | 30% ~01s
|++++++++++++++++ | 32% ~01s
|+++++++++++++++++ | 34% ~01s
Timing stopped at: 0.166 0.27 0.328
Execution halted
- checking PDF version of manual ...* using check arguments '--no-clean-on-error '