- using R version 4.4.0 alpha (2024-03-31 r86238)
- using platform: aarch64-apple-darwin20
- R was compiled by
Apple clang version 14.0.0 (clang-1400.0.29.202)
GNU Fortran (GCC) 12.2.0
- running under: macOS Ventura 13.4
- using session charset: UTF-8
- checking for file ‘symbol.equation.gpt/DESCRIPTION’ ... OK
- checking extension type ... Package
- this is package ‘symbol.equation.gpt’ version ‘1.1.3’
- package encoding: UTF-8
- checking package namespace information ... OK
- checking package dependencies ... OK
- checking if this is a source package ... OK
- checking if there is a namespace ... OK
- checking for executable files ... OK
- checking for hidden files and directories ... OK
- checking for portable file names ... OK
- checking for sufficient/correct file permissions ... OK
- checking whether package ‘symbol.equation.gpt’ can be installed ... [2s/2s] OK
See the install log for details.
- checking installed package size ... OK
- checking package directory ... OK
- checking ‘build’ directory ... OK
- checking DESCRIPTION meta-information ... OK
- checking top-level files ... OK
- checking for left-over files ... OK
- checking index information ... OK
- checking package subdirectories ... OK
- checking code files for non-ASCII characters ... OK
- checking R files for syntax errors ... OK
- checking whether the package can be loaded ... [0s/0s] OK
- checking whether the package can be loaded with stated dependencies ... [0s/0s] OK
- checking whether the package can be unloaded cleanly ... [0s/0s] OK
- checking whether the namespace can be loaded with stated dependencies ... [0s/0s] OK
- checking whether the namespace can be unloaded cleanly ... [0s/0s] OK
- checking loading without being on the library search path ... [0s/0s] OK
- checking whether startup messages can be suppressed ... [0s/0s] OK
- checking dependencies in R code ... OK
- checking S3 generic/method consistency ... OK
- checking replacement functions ... OK
- checking foreign function calls ... OK
- checking R code for possible problems ... [1s/1s] OK
- checking Rd files ... [0s/0s] OK
- checking Rd metadata ... OK
- checking Rd cross-references ... OK
- checking for missing documentation entries ... OK
- checking for code/documentation mismatches ... OK
- checking Rd \usage sections ... OK
- checking Rd contents ... OK
- checking for unstated dependencies in examples ... OK
- checking installed files from ‘inst/doc’ ... OK
- checking files in ‘vignettes’ ... OK
- checking examples ... [1s/1s] OK
- checking for unstated dependencies in vignettes ... OK
- checking package vignettes ... OK
- checking re-building of vignette outputs ... [6s/10s] ERROR
Error(s) in re-building vignettes:
--- re-building ‘using_equations_symbols_r.Rmd’ using rmarkdown
Could not fetch https://symbols-ui.obi.obianom.com/assets/equationrpkg1.png
HttpExceptionRequest Request {
host = "symbols-ui.obi.obianom.com"
port = 443
secure = True
requestHeaders = []
path = "/assets/equationrpkg1.png"
queryString = ""
method = "GET"
proxy = Nothing
rawBody = False
redirectCount = 10
responseTimeout = ResponseTimeoutDefault
requestVersion = HTTP/1.1
}
(ConnectionFailure Network.Socket.getAddrInfo (called with preferred socket type/protocol: AddrInfo {addrFlags = [AI_ADDRCONFIG], addrFamily = AF_UNSPEC, addrSocketType = Stream, addrProtocol = 0, addrAddress = <assumed to be undefined>, addrCanonName = <assumed to be undefined>}, host name: Just "symbols-ui.obi.obianom.com", service name: Just "443"): does not exist (nodename nor servname provided, or not known))
Error: processing vignette 'using_equations_symbols_r.Rmd' failed with diagnostics:
pandoc document conversion failed with error 61
--- failed re-building ‘using_equations_symbols_r.Rmd’
SUMMARY: processing the following file failed:
‘using_equations_symbols_r.Rmd’
Error: Vignette re-building failed.
Execution halted
- checking PDF version of manual ... [3s/4s] OK
- DONE
Status: 1 ERROR
- using check arguments '--no-clean-on-error '