- using R version 4.4.0 alpha (2024-03-31 r86238)
- using platform: aarch64-apple-darwin20
- R was compiled by
Apple clang version 14.0.0 (clang-1400.0.29.202)
GNU Fortran (GCC) 12.2.0
- running under: macOS Ventura 13.4
- using session charset: UTF-8
- checking for file ‘shinytest2/DESCRIPTION’ ... OK
- this is package ‘shinytest2’ version ‘0.3.1’
- package encoding: UTF-8
- checking package namespace information ... OK
- checking package dependencies ... OK
- checking if this is a source package ... OK
- checking if there is a namespace ... OK
- checking for executable files ... OK
- checking for hidden files and directories ... OK
- checking for portable file names ... OK
- checking for sufficient/correct file permissions ... OK
- checking whether package ‘shinytest2’ can be installed ... [5s/5s] OK
See the install log for details.
- used C++ compiler: ‘Apple clang version 14.0.0 (clang-1400.0.29.202)’
- used SDK: ‘MacOSX11.3.sdk’
- checking installed package size ... OK
- checking package directory ... OK
- checking ‘build’ directory ... OK
- checking DESCRIPTION meta-information ... OK
- checking top-level files ... OK
- checking for left-over files ... OK
- checking index information ... OK
- checking package subdirectories ... OK
- checking code files for non-ASCII characters ... OK
- checking R files for syntax errors ... OK
- checking whether the package can be loaded ... [0s/0s] OK
- checking whether the package can be loaded with stated dependencies ... [0s/0s] OK
- checking whether the package can be unloaded cleanly ... [0s/0s] OK
- checking whether the namespace can be loaded with stated dependencies ... [0s/0s] OK
- checking whether the namespace can be unloaded cleanly ... [0s/0s] OK
- checking loading without being on the library search path ... [0s/0s] OK
- checking dependencies in R code ... OK
- checking S3 generic/method consistency ... OK
- checking replacement functions ... OK
- checking foreign function calls ... OK
- checking R code for possible problems ... [3s/3s] OK
- checking Rd files ... [0s/0s] NOTE
checkRd: (-1) AppDriver.Rd:1087: Lost braces; missing escapes or markup?
1087 | _snaps/{variant}/{test.md}\verb{, so }variant` must be a single
| ^
checkRd: (-1) AppDriver.Rd:1087: Lost braces; missing escapes or markup?
1087 | _snaps/{variant}/{test.md}\verb{, so }variant` must be a single
| ^
- checking Rd metadata ... OK
- checking Rd cross-references ... OK
- checking for missing documentation entries ... OK
- checking for code/documentation mismatches ... OK
- checking Rd \usage sections ... OK
- checking Rd contents ... OK
- checking for unstated dependencies in examples ... OK
- checking line endings in C/C++/Fortran sources/headers ... OK
- checking compiled code ... OK
- checking installed files from ‘inst/doc’ ... OK
- checking files in ‘vignettes’ ... OK
- checking examples ... [1s/1s] OK
- checking for unstated dependencies in ‘tests’ ... OK
- checking tests ... [31s/29s] ERROR
Running ‘spelling.R’ [0s/0s]
Running ‘testthat.R’ [31s/29s]
Running the tests in ‘tests/testthat.R’ failed.
Last 13 lines of output:
══ Skipped tests (7) ═══════════════════════════════════════════════════════════
• App test folders have been ignored (1): 'test-apps.R:3:3'
• On CRAN (3): 'test-app-screenshot-size.R:5:3',
'test-migration-migrate.R:3:1', 'test-shinytest2.R:1:1'
• Only run on CI (3): 'test-save-app.R:6:3', 'test-save-app.R:23:3',
'test-save-app.R:36:3'
══ Failed tests ════════════════════════════════════════════════════════════════
── Failure ('test-app-duplicate-ids.R:90:3'): Duplicate input ids are found ────
`AppDriver$new(shiny_app, load_timeout = 2000)` did not throw the expected error.
[ FAIL 1 | WARN 1 | SKIP 7 | PASS 326 ]
Error: Test failures
[2024-04-07 11:30:16] [error] handle_read_frame error: websocketpp.transport:7 (End of File)
Execution halted
- checking for unstated dependencies in vignettes ... OK
- checking package vignettes ... OK
- checking re-building of vignette outputs ... [20s/22s] OK
- checking PDF version of manual ... [4s/4s] OK
- DONE
Status: 1 ERROR, 1 NOTE
- using check arguments '--no-clean-on-error '