- using R version 4.4.0 alpha (2024-03-31 r86238)
- using platform: aarch64-apple-darwin20
- R was compiled by
Apple clang version 14.0.0 (clang-1400.0.29.202)
GNU Fortran (GCC) 12.2.0
- running under: macOS Ventura 13.4
- using session charset: UTF-8
- checking for file ‘BioTIMEr/DESCRIPTION’ ... OK
- checking extension type ... Package
- this is package ‘BioTIMEr’ version ‘0.2.2’
- package encoding: UTF-8
- checking package namespace information ... OK
- checking package dependencies ... OK
- checking if this is a source package ... OK
- checking if there is a namespace ... OK
- checking for executable files ... OK
- checking for hidden files and directories ... OK
- checking for portable file names ... OK
- checking for sufficient/correct file permissions ... OK
- checking whether package ‘BioTIMEr’ can be installed ... [5s/6s] OK
See the install log for details.
- checking installed package size ... OK
- checking package directory ... OK
- checking ‘build’ directory ... OK
- checking DESCRIPTION meta-information ... OK
- checking top-level files ... OK
- checking for left-over files ... OK
- checking index information ... OK
- checking package subdirectories ... OK
- checking code files for non-ASCII characters ... OK
- checking R files for syntax errors ... OK
- checking whether the package can be loaded ... [1s/1s] OK
- checking whether the package can be loaded with stated dependencies ... [1s/1s] OK
- checking whether the package can be unloaded cleanly ... [1s/1s] OK
- checking whether the namespace can be loaded with stated dependencies ... [1s/1s] OK
- checking whether the namespace can be unloaded cleanly ... [1s/1s] OK
- checking loading without being on the library search path ... [1s/1s] OK
- checking dependencies in R code ... OK
- checking S3 generic/method consistency ... OK
- checking replacement functions ... OK
- checking foreign function calls ... OK
- checking R code for possible problems ... [3s/3s] OK
- checking Rd files ... [0s/0s] OK
- checking Rd metadata ... OK
- checking Rd cross-references ... OK
- checking for missing documentation entries ... OK
- checking for code/documentation mismatches ... OK
- checking Rd \usage sections ... OK
- checking Rd contents ... OK
- checking for unstated dependencies in examples ... OK
- checking contents of ‘data’ directory ... OK
- checking data for non-ASCII characters ... [0s/0s] OK
- checking LazyData ... OK
- checking data for ASCII and uncompressed saves ... OK
- checking installed files from ‘inst/doc’ ... OK
- checking files in ‘vignettes’ ... OK
- checking examples ... [2s/2s] OK
- checking for unstated dependencies in ‘tests’ ... OK
- checking tests ... [42s/25s] OK
Running ‘testthat.R’ [42s/24s]
- checking for unstated dependencies in vignettes ... OK
- checking package vignettes ... OK
- checking re-building of vignette outputs ... [89s/103s] ERROR
Error(s) in re-building vignettes:
--- re-building ‘vignette1.Rmd’ using rmarkdown
BTsubset_meta package:BioTIMEr R Documentation
_ B_ i_ o_ T_ I_ M_ E _ s_ u_ b_ s_ e_ t _ m_ e_ t_ a_ d_ a_ t_ a
_ D_ e_ s_ c_ r_ i_ p_ t_ i_ o_ n:
A subset of the metadata from BioTIME
_ U_ s_ a_ g_ e:
BTsubset_meta
_ F_ o_ r_ m_ a_ t:
## `BTsubset_meta` A data frame with 12 rows and 25 columns:
STUDY_ID BioTIME study unique identifier
REALM Realm of study location, i.e. Marine
CLIMATE Climate of study location, i.e. Temperate
HABITAT Habitat of study location, i.e. Rivers
PROTECTED_AREA binary variable indicating if the study is within a
protected area
BIOME_MAP Biome of study location (taken from the WWF biomes, i.e.
Temperate broadleaf and mixed forests
TAXA High level taxonomic identity of study species, i.e. Fish
ORGANISMS More detailed information on taxonomy, i.e. woody plants
TITLE Title of study as identified in original source
AB_BIO A, B or AB to designate abundance only, biomass only or
both
DATA_POINTS Number of unique data points in study, e.g. 10 data
points spanning 15 years = 10
START_YEAR first year of study
END_YEAR last year of study
CENT_LAT Central latitude taken from the convex hull around all
study coordinates
CENT_LONG Central longitude taken from the convex hull around all
study coordinates
NUMBER_OF_SPECIES Number of distinct species in study
NUMBER_OF_SAMPLES Number of distinct samples in study
NUMBER_LAT_LONG Number of distinct geographic coordinates in study
TOTAL Total number of records in study
GRAIN_SQ_KM Grain size in km2, i.e. size of forest plots
AREA_SQ_KM total area of study in km2
DATE_STUDY_ADDED Date that the study was added to the database
ABUNDANCE_TYPE Type of abundance, i.e. count
BIOMASS_TYPE Type of biomass, i.e. weight
SAMPLE_DESC concatenation of descriptors comprising the unique
sampling event
_ S_ o_ u_ r_ c_ e:
<https://biotime.st-andrews.ac.uk/download.php>
BTsubset_data package:BioTIMEr R Documentation
_ B_ i_ o_ T_ I_ M_ E _ s_ u_ b_ s_ e_ t
_ D_ e_ s_ c_ r_ i_ p_ t_ i_ o_ n:
A subset of data from BioTIME temporal surveys.
_ U_ s_ a_ g_ e:
BTsubset_data
_ F_ o_ r_ m_ a_ t:
## `BTsubset_data` A data frame with 81,084 rows and 17 columns:
ID_ALL_RAW_DATA Unique BioTIME identifier for record
ABUNDANCE Double representing the abundance for the record (see
metadata for details of ABUNDANCE_TYPE
BIOMASS Double representing the biomass for the record (see
metadata for details of BIOMASS_TYPE
ID_SPECIES Unique identifier linking to the species table
SAMPLE_DESC Concatenation of variables comprising unique sampling
event
PLOT Name or identifier of plot field, only used for fixed plots
such as forest quadrats
LATITUDE Latitude of record
LONGITUDE Longitude of record
DEPTH Depth or elevation of record if available
DAY Numerical day of record
MONTH Numerical value of month for record, i.e. January=1
YEAR Year of record
STUDY_ID BioTIME study unique identifier
newID Validated species identifier key
valid_name Highest taxonomic resolution of individual, preferred
is genus and species
resolution Level of resolution, i.e. 'species' represented by
genus and species
taxon Higher level taxonomic grouping, i.e. Fish
_ S_ o_ u_ r_ c_ e:
<https://biotime.st-andrews.ac.uk/download.php>
Vignettes with name or keyword or title matching 'BioTIMEr' using fuzzy
matching:
BioTIMEr::vignette1 Introduction to BioTIMEr
Type 'vignette(PKG::FOO)' to inspect entries 'PKG::FOO'.
Help files with alias or concept or title matching 'BioTIMEr' using
fuzzy matching:
BioTIMEr::BTsubset_data
BioTIME subset
BioTIMEr::BTsubset_meta
BioTIME subset metadata
BioTIMEr::BioTIMEr-package
BioTIMEr: Tools to Use and Explore the
'BioTIME' Database
Aliases: BioTIMEr, BioTIMEr-package
BioTIMEr::getLinearRegressions
Get Linear Regressions BioTIME
BioTIMEr::gridding gridding BioTIME data
BioTIMEr::plotSlopes Plot slopes BioTIME
Aliases: themeBioTIME
BioTIMEr::rarefysamples
Rarefy BioTIME data Applies sample-based
rarefaction to standardise the number of
samples per year within a cell-level time
series.
BioTIMEr::resampling Rarefy BioTIME data to an equal number of
samples per year
BioTIMEr::scale_color_biotime
Scale construction for ggplot use
Aliases: scale_color_biotime, scale_colour_biotime,
scale_fill_biotime
Type '?PKG::FOO' to inspect entries 'PKG::FOO', or 'TYPE?PKG::FOO' for
entries like 'PKG::FOO-TYPE'.
Quitting from lines 471-490 [trends8] (vignette1.Rmd)
Error: processing vignette 'vignette1.Rmd' failed with diagnostics:
Faceting variables must have at least one value.
--- failed re-building ‘vignette1.Rmd’
SUMMARY: processing the following file failed:
‘vignette1.Rmd’
Error: Vignette re-building failed.
Execution halted
- checking PDF version of manual ... [4s/4s] OK
- DONE
Status: 1 ERROR
- using check arguments '--no-clean-on-error '