- using R version 4.4.0 (2024-04-24)
- using platform: x86_64-pc-linux-gnu
- R was compiled by
gcc-13 (Debian 13.2.0-23) 13.2.0
GNU Fortran (Debian 13.2.0-23) 13.2.0
- running under: Debian GNU/Linux trixie/sid
- using session charset: UTF-8
- checking for file ‘hexFinder/DESCRIPTION’ ... OK
- checking extension type ... Package
- this is package ‘hexFinder’ version ‘0.8.2’
- package encoding: UTF-8
- checking package namespace information ... OK
- checking package dependencies ... OK
- checking if this is a source package ... OK
- checking if there is a namespace ... OK
- checking for executable files ... OK
- checking for hidden files and directories ... OK
- checking for portable file names ... OK
- checking for sufficient/correct file permissions ... OK
- checking whether package ‘hexFinder’ can be installed ... OK
See the install log for details.
- checking package directory ... OK
- checking for future file timestamps ... OK
- checking DESCRIPTION meta-information ... OK
- checking top-level files ... OK
- checking for left-over files ... OK
- checking index information ... OK
- checking package subdirectories ... OK
- checking code files for non-ASCII characters ... OK
- checking R files for syntax errors ... OK
- checking whether the package can be loaded ... [2s/4s] OK
- checking whether the package can be loaded with stated dependencies ... [2s/3s] OK
- checking whether the package can be unloaded cleanly ... [2s/2s] OK
- checking whether the namespace can be loaded with stated dependencies ... [2s/2s] OK
- checking whether the namespace can be unloaded cleanly ... [2s/3s] OK
- checking loading without being on the library search path ... [2s/2s] OK
- checking whether startup messages can be suppressed ... [2s/3s] OK
- checking use of S3 registration ... OK
- checking dependencies in R code ... OK
- checking S3 generic/method consistency ... OK
- checking replacement functions ... OK
- checking foreign function calls ... OK
- checking R code for possible problems ... [12s/16s] OK
- checking Rd files ... [0s/1s] OK
- checking Rd metadata ... OK
- checking Rd line widths ... OK
- checking Rd cross-references ... OK
- checking for missing documentation entries ... OK
- checking for code/documentation mismatches ... OK
- checking Rd \usage sections ... OK
- checking Rd contents ... OK
- checking for unstated dependencies in examples ... OK
- checking examples ... NONE
- checking for unstated dependencies in ‘tests’ ... OK
- checking tests ... [6s/10s] ERROR
Running ‘testthat.R’ [6s/9s]
Running the tests in ‘tests/testthat.R’ failed.
Complete output:
> library(testthat)
> library(httptest2)
> library(hexFinder)
>
> test_check("hexFinder")
No github personal access token provided.
Limited search rates for github will apply.
Set up github_pat environmental variable if you plan to query multiple repos in a short time
[ FAIL 1 | WARN 2 | SKIP 0 | PASS 34 ]
══ Failed tests ════════════════════════════════════════════════════════════════
── Error ('test-gather.R:7:3'): get_cran_info ──────────────────────────────────
Error in `curl::curl_fetch_memory(url)`: Failed writing received data to disk/application
Backtrace:
▆
1. ├─testthat::expect_named(get_cran_info("rlang")) at test-gather.R:7:3
2. │ └─testthat::quasi_label(enquo(object), label, arg = "object")
3. │ └─rlang::eval_bare(expr, quo_get_env(quo))
4. └─hexFinder:::get_cran_info("rlang")
5. └─pkgsearch::cran_package(pkg_name)
6. └─pkgsearch:::crandb_query(ept)
7. └─pkgsearch:::http_get(url0)
8. └─curl::curl_fetch_memory(url)
[ FAIL 1 | WARN 2 | SKIP 0 | PASS 34 ]
Error: Test failures
Execution halted
- checking PDF version of manual ... [5s/7s] OK
- checking HTML version of manual ... [1s/1s] OK
- checking for non-standard things in the check directory ... OK
- DONE
Status: 1 ERROR