- using R version 4.3.3 (2024-02-29)
- using platform: x86_64-pc-linux-gnu (64-bit)
- R was compiled by
gcc-13 (Debian 13.2.0-13) 13.2.0
GNU Fortran (Debian 13.2.0-13) 13.2.0
- running under: Debian GNU/Linux trixie/sid
- using session charset: UTF-8
- checking for file ‘fqar/DESCRIPTION’ ... OK
- checking extension type ... Package
- this is package ‘fqar’ version ‘0.5.2’
- package encoding: UTF-8
- checking package namespace information ... OK
- checking package dependencies ... OK
- checking if this is a source package ... OK
- checking if there is a namespace ... OK
- checking for executable files ... OK
- checking for hidden files and directories ... OK
- checking for portable file names ... OK
- checking for sufficient/correct file permissions ... OK
- checking whether package ‘fqar’ can be installed ... OK
See the install log for details.
- checking package directory ... OK
- checking for future file timestamps ... OK
- checking ‘build’ directory ... OK
- checking DESCRIPTION meta-information ... OK
- checking top-level files ... OK
- checking for left-over files ... OK
- checking index information ... OK
- checking package subdirectories ... OK
- checking R files for non-ASCII characters ... OK
- checking R files for syntax errors ... OK
- checking whether the package can be loaded ... [2s/2s] OK
- checking whether the package can be loaded with stated dependencies ... [1s/2s] OK
- checking whether the package can be unloaded cleanly ... [1s/1s] OK
- checking whether the namespace can be loaded with stated dependencies ... [1s/1s] OK
- checking whether the namespace can be unloaded cleanly ... [2s/2s] OK
- checking loading without being on the library search path ... [2s/2s] OK
- checking use of S3 registration ... OK
- checking dependencies in R code ... OK
- checking S3 generic/method consistency ... OK
- checking replacement functions ... OK
- checking foreign function calls ... OK
- checking R code for possible problems ... [14s/17s] OK
- checking Rd files ... [1s/1s] OK
- checking Rd metadata ... OK
- checking Rd line widths ... OK
- checking Rd cross-references ... OK
- checking for missing documentation entries ... OK
- checking for code/documentation mismatches ... OK
- checking Rd \usage sections ... OK
- checking Rd contents ... OK
- checking for unstated dependencies in examples ... OK
- checking contents of ‘data’ directory ... OK
- checking data for non-ASCII characters ... [0s/1s] OK
- checking LazyData ... OK
- checking data for ASCII and uncompressed saves ... OK
- checking R/sysdata.rda ... OK
- checking installed files from ‘inst/doc’ ... OK
- checking files in ‘vignettes’ ... OK
- checking examples ... [3s/8s] OK
- checking for unstated dependencies in ‘tests’ ... OK
- checking tests ... [14s/41s] ERROR
Running ‘testthat.R’ [14s/40s]
Running the tests in ‘tests/testthat.R’ failed.
Complete output:
> # This file is part of the standard setup for testthat.
> # It is recommended that you do not modify it.
> #
> # Where should you do additional test configuration?
> # Learn more about the roles of various files in:
> # * https://r-pkgs.org/tests.html
> # * https://testthat.r-lib.org/reference/test_package.html#special-files
>
> library(testthat)
> library(fqar)
>
> test_check("fqar")
[ FAIL 1 | WARN 0 | SKIP 16 | PASS 295 ]
══ Skipped tests (16) ══════════════════════════════════════════════════════════
• On CRAN (16): 'test-download_database.R:10:3',
'test-download_transect.R:10:3', 'test-download_transect_list.R:3:3',
'test-index_fqa_assessments.R:11:3',
'test-index_fqa_assessments_internal.R:11:3',
'test-index_fqa_databases.R:5:3', 'test-index_fqa_databases_internal.R:5:3',
'test-index_fqa_transects.R:11:3',
'test-index_fqa_transects_internal.R:11:3', 'test-species_acronym.R:14:3',
'test-species_c.R:17:3', 'test-species_common_name.R:14:3',
'test-species_nativity.R:14:3', 'test-species_phys.R:14:3',
'test-species_w.R:13:3', 'test-transect_list_inventory.R:9:3'
══ Failed tests ════════════════════════════════════════════════════════════════
── Failure ('test-transect_glance.R:39:5'): transect_glance works ──────────────
`download_transect(7025)` did not throw the expected message.
[ FAIL 1 | WARN 0 | SKIP 16 | PASS 295 ]
Error: Test failures
Execution halted
- checking for unstated dependencies in vignettes ... OK
- checking package vignettes in ‘inst/doc’ ... OK
- checking re-building of vignette outputs ... [3s/4s] OK
- checking PDF version of manual ... [7s/9s] OK
- checking HTML version of manual ... [2s/3s] OK
- checking for non-standard things in the check directory ... OK
- DONE
Status: 1 ERROR