- using R version 4.4.0 (2024-04-24)
- using platform: x86_64-pc-linux-gnu
- R was compiled by
gcc-13 (Debian 13.2.0-23) 13.2.0
GNU Fortran (Debian 13.2.0-23) 13.2.0
- running under: Debian GNU/Linux trixie/sid
- using session charset: UTF-8
- checking for file ‘arcgislayers/DESCRIPTION’ ... OK
- checking extension type ... Package
- this is package ‘arcgislayers’ version ‘0.2.0’
- package encoding: UTF-8
- checking package namespace information ... OK
- checking package dependencies ... OK
- checking if this is a source package ... OK
- checking if there is a namespace ... OK
- checking for executable files ... OK
- checking for hidden files and directories ... OK
- checking for portable file names ... OK
- checking for sufficient/correct file permissions ... OK
- checking serialization versions ... OK
- checking whether package ‘arcgislayers’ can be installed ... OK
See the install log for details.
- checking package directory ... OK
- checking for future file timestamps ... OK
- checking DESCRIPTION meta-information ... OK
- checking top-level files ... OK
- checking for left-over files ... OK
- checking index information ... OK
- checking package subdirectories ... OK
- checking code files for non-ASCII characters ... OK
- checking R files for syntax errors ... OK
- checking whether the package can be loaded ... [1s/1s] OK
- checking whether the package can be loaded with stated dependencies ... [1s/1s] OK
- checking whether the package can be unloaded cleanly ... [1s/1s] OK
- checking whether the namespace can be loaded with stated dependencies ... [1s/1s] OK
- checking whether the namespace can be unloaded cleanly ... [1s/1s] OK
- checking loading without being on the library search path ... [1s/1s] OK
- checking whether startup messages can be suppressed ... [1s/1s] OK
- checking use of S3 registration ... OK
- checking dependencies in R code ... OK
- checking S3 generic/method consistency ... OK
- checking replacement functions ... OK
- checking foreign function calls ... OK
- checking R code for possible problems ... [10s/13s] OK
- checking Rd files ... [1s/1s] OK
- checking Rd metadata ... OK
- checking Rd line widths ... OK
- checking Rd cross-references ... OK
- checking for missing documentation entries ... OK
- checking for code/documentation mismatches ... OK
- checking Rd \usage sections ... OK
- checking Rd contents ... OK
- checking for unstated dependencies in examples ... OK
- checking examples ... [1s/2s] ERROR
Running examples in ‘arcgislayers-Ex.R’ failed
The error most likely occurred in:
> base::assign(".ptime", proc.time(), pos = "CheckExEnv")
> ### Name: get_layer_estimates
> ### Title: Get Estimates
> ### Aliases: get_layer_estimates
>
> ### ** Examples
>
> furl <- paste0(
+ "https://services.arcgis.com/P3ePLMYs2RVChkJx/ArcGIS/rest/services/",
+ "USA_Counties_Generalized_Boundaries/FeatureServer/0"
+ )
>
> county_fl <- arc_open(furl)
Error in `arc_open()`:
! Failed to perform HTTP request.
Caused by error in `curl::curl_fetch_memory()`:
! Failed writing received data to disk/application
Backtrace:
▆
1. └─arcgislayers::arc_open(furl)
2. └─arcgisutils::fetch_layer_metadata(url, token)
3. ├─httr2::resp_body_string(httr2::req_perform(req, error_call = call))
4. │ └─httr2:::check_response(resp)
5. │ └─httr2:::is_response(resp)
6. └─httr2::req_perform(req, error_call = call)
7. └─base::tryCatch(...)
8. └─base (local) tryCatchList(expr, classes, parentenv, handlers)
9. └─base (local) tryCatchOne(expr, names, parentenv, handlers[[1L]])
10. └─value[[3L]](cond)
Execution halted
- checking for unstated dependencies in ‘tests’ ... OK
- checking tests ... [1s/1s] OK
Running ‘testthat.R’ [0s/0s]
- checking PDF version of manual ... [6s/8s] OK
- checking HTML version of manual ... [1s/2s] OK
- checking for non-standard things in the check directory ... OK
- DONE
Status: 1 ERROR