- using R version 4.4.0 RC (2024-04-16 r86435)
- using platform: x86_64-pc-linux-gnu
- R was compiled by
gcc-13 (Debian 13.2.0-13) 13.2.0
GNU Fortran (Debian 13.2.0-13) 13.2.0
- running under: Debian GNU/Linux trixie/sid
- using session charset: UTF-8
- checking for file ‘noaaoceans/DESCRIPTION’ ... OK
- checking extension type ... Package
- this is package ‘noaaoceans’ version ‘0.3.0’
- package encoding: UTF-8
- checking package namespace information ... OK
- checking package dependencies ... OK
- checking if this is a source package ... OK
- checking if there is a namespace ... OK
- checking for executable files ... OK
- checking for hidden files and directories ... OK
- checking for portable file names ... OK
- checking for sufficient/correct file permissions ... OK
- checking serialization versions ... OK
- checking whether package ‘noaaoceans’ can be installed ... OK
See the install log for details.
- checking package directory ... OK
- checking for future file timestamps ... OK
- checking ‘build’ directory ... OK
- checking DESCRIPTION meta-information ... OK
- checking top-level files ... OK
- checking for left-over files ... OK
- checking index information ... OK
- checking package subdirectories ... OK
- checking code files for non-ASCII characters ... OK
- checking R files for syntax errors ... OK
- checking whether the package can be loaded ... [0s/0s] OK
- checking whether the package can be loaded with stated dependencies ... [0s/0s] OK
- checking whether the package can be unloaded cleanly ... [0s/0s] OK
- checking whether the namespace can be loaded with stated dependencies ... [0s/0s] OK
- checking whether the namespace can be unloaded cleanly ... [0s/0s] OK
- checking loading without being on the library search path ... [0s/0s] OK
- checking use of S3 registration ... OK
- checking dependencies in R code ... OK
- checking S3 generic/method consistency ... OK
- checking replacement functions ... OK
- checking foreign function calls ... OK
- checking R code for possible problems ... [4s/6s] OK
- checking Rd files ... [0s/1s] OK
- checking Rd metadata ... OK
- checking Rd line widths ... OK
- checking Rd cross-references ... OK
- checking for missing documentation entries ... OK
- checking for code/documentation mismatches ... OK
- checking Rd \usage sections ... OK
- checking Rd contents ... OK
- checking for unstated dependencies in examples ... OK
- checking installed files from ‘inst/doc’ ... OK
- checking files in ‘vignettes’ ... OK
- checking examples ... [1s/1s] OK
- checking for unstated dependencies in ‘tests’ ... OK
- checking tests ... [3s/20s] ERROR
Running ‘testthat.R’ [3s/20s]
Running the tests in ‘tests/testthat.R’ failed.
Complete output:
> library(testthat)
> library(noaaoceans)
>
> test_check("noaaoceans")
[ FAIL 1 | WARN 0 | SKIP 10 | PASS 18 ]
══ Skipped tests (10) ══════════════════════════════════════════════════════════
• On CRAN (8): 'test_data_type.R:6:5', 'test_data_type.R:19:5',
'test_data_type.R:29:5', 'test_data_type.R:39:5', 'test_data_type.R:45:5',
'test_station_inventory.R:8:5', 'test_station_inventory.R:13:5',
'test_station_inventory.R:18:5'
• Skipping until I can find a station with a notice (2):
'test_query_metadata.R:35:5', 'test_query_metadata.R:40:5'
══ Failed tests ════════════════════════════════════════════════════════════════
── Error ('test_query_metadata.R:19:5'): Data Frame is Returned for Superseded datums Resource Call ──
<http_504/http_500/http_error/error/condition>
Error in `query_metadata("1611347", "supersededdatums")`: Gateway Timeout (HTTP 504).
Backtrace:
▆
1. ├─testthat::expect_is(...) at test_query_metadata.R:19:5
2. │ └─testthat::quasi_label(enquo(object), label, arg = "object")
3. │ └─rlang::eval_bare(expr, quo_get_env(quo))
4. └─noaaoceans::query_metadata("1611347", "supersededdatums")
5. └─httr::stop_for_status(api_response)
[ FAIL 1 | WARN 0 | SKIP 10 | PASS 18 ]
Error: Test failures
Execution halted
- checking for unstated dependencies in vignettes ... OK
- checking package vignettes ... OK
- checking re-building of vignette outputs ... [9s/12s] OK
- checking PDF version of manual ... [5s/7s] OK
- checking HTML version of manual ... [0s/1s] OK
- checking for non-standard things in the check directory ... OK
- DONE
Status: 1 ERROR