- using R version 4.4.0 RC (2024-04-16 r86473)
- using platform: x86_64-pc-linux-gnu
- R was compiled by
gcc-13 (Debian 13.2.0-13) 13.2.0
GNU Fortran (Debian 13.2.0-13) 13.2.0
- running under: Debian GNU/Linux trixie/sid
- using session charset: UTF-8
- checking for file ‘mlr3pipelines/DESCRIPTION’ ... OK
- this is package ‘mlr3pipelines’ version ‘0.5.2’
- package encoding: UTF-8
- checking package namespace information ... OK
- checking package dependencies ... OK
- checking if this is a source package ... OK
- checking if there is a namespace ... OK
- checking for executable files ... OK
- checking for hidden files and directories ... OK
- checking for portable file names ... OK
- checking for sufficient/correct file permissions ... OK
- checking serialization versions ... OK
- checking whether package ‘mlr3pipelines’ can be installed ... OK
See the install log for details.
- checking package directory ... OK
- checking for future file timestamps ... OK
- checking ‘build’ directory ... OK
- checking DESCRIPTION meta-information ... OK
- checking top-level files ... OK
- checking for left-over files ... OK
- checking index information ... OK
- checking package subdirectories ... OK
- checking code files for non-ASCII characters ... OK
- checking R files for syntax errors ... OK
- checking whether the package can be loaded ... [1s/1s] OK
- checking whether the package can be loaded with stated dependencies ... [1s/1s] OK
- checking whether the package can be unloaded cleanly ... [1s/1s] OK
- checking whether the namespace can be loaded with stated dependencies ... [1s/1s] OK
- checking whether the namespace can be unloaded cleanly ... [1s/1s] OK
- checking loading without being on the library search path ... [1s/1s] OK
- checking whether startup messages can be suppressed ... [1s/2s] OK
- checking use of S3 registration ... OK
- checking dependencies in R code ... OK
- checking S3 generic/method consistency ... OK
- checking replacement functions ... OK
- checking foreign function calls ... OK
- checking R code for possible problems ... [99s/131s] OK
- checking Rd files ... [4s/8s] OK
- checking Rd metadata ... OK
- checking Rd line widths ... OK
- checking Rd cross-references ... OK
- checking for missing documentation entries ... OK
- checking for code/documentation mismatches ... OK
- checking Rd \usage sections ... OK
- checking Rd contents ... OK
- checking for unstated dependencies in examples ... OK
- checking installed files from ‘inst/doc’ ... OK
- checking files in ‘vignettes’ ... OK
- checking examples ... [54s/83s] OK
Examples with CPU (user + system) or elapsed time > 5s
user system elapsed
mlr_graphs_ovr 4.890 0.092 8.546
mlr_pipeops_nmf 4.426 0.172 6.365
mlr_graphs_stacking 4.026 0.289 6.657
- checking for unstated dependencies in ‘tests’ ... OK
- checking tests ... [421s/300s] ERROR
Running ‘testthat.R’ [420s/300s]
Running the tests in ‘tests/testthat.R’ failed.
Complete output:
> if (requireNamespace("testthat", quietly = TRUE)) {
+ library("checkmate")
+ library("testthat")
+ library("mlr3")
+ library("paradox")
+ library("mlr3pipelines")
+ test_check("mlr3pipelines")
+ }
Starting 2 test processes
[ FAIL 1 | WARN 0 | SKIP 80 | PASS 13108 ]
══ Skipped tests (80) ══════════════════════════════════════════════════════════
• On CRAN (76): 'test_Graph.R:279:3', 'test_dictionary.R:7:3',
'test_GraphLearner.R:5:3', 'test_GraphLearner.R:180:3',
'test_GraphLearner.R:249:3', 'test_GraphLearner.R:314:3',
'test_learner_weightedaverage.R:5:3', 'test_learner_weightedaverage.R:57:3',
'test_learner_weightedaverage.R:105:3',
'test_learner_weightedaverage.R:152:3', 'test_meta.R:39:3',
'test_mlr_graphs_branching.R:26:3', 'test_mlr_graphs_bagging.R:6:3',
'test_mlr_graphs_robustify.R:5:3', 'test_pipeop_branch.R:4:3',
'test_pipeop_chunk.R:4:3', 'test_pipeop_boxcox.R:9:3',
'test_pipeop_classweights.R:10:3', 'test_pipeop_classbalancing.R:10:3',
'test_pipeop_colroles.R:10:3', 'test_pipeop_colapply.R:9:3',
'test_pipeop_copy.R:5:3', 'test_pipeop_encode.R:21:3',
'test_pipeop_encodeimpact.R:11:3', 'test_pipeop_datefeatures.R:13:3',
'test_pipeop_encodelmer.R:15:3', 'test_pipeop_encodelmer.R:38:3',
'test_pipeop_encodelmer.R:81:3', 'test_pipeop_ensemble.R:6:3',
'test_pipeop_filter.R:7:3', 'test_pipeop_fixfactors.R:9:3',
'test_pipeop_featureunion.R:9:3', 'test_pipeop_featureunion.R:134:3',
'test_pipeop_histbin.R:9:3', 'test_pipeop_ica.R:7:3',
'test_pipeop_impute.R:4:3', 'test_pipeop_kernelpca.R:9:3',
'test_pipeop_learner.R:17:3', 'test_pipeop_imputelearner.R:42:3',
'test_pipeop_learnercv.R:31:3', 'test_pipeop_modelmatrix.R:7:3',
'test_pipeop_multiplicityexply.R:9:3', 'test_pipeop_missind.R:6:3',
'test_pipeop_mutate.R:9:3', 'test_pipeop_multiplicityimply.R:9:3',
'test_pipeop_ovr.R:9:3', 'test_pipeop_ovr.R:48:3', 'test_pipeop_pca.R:8:3',
'test_pipeop_proxy.R:14:3', 'test_pipeop_nmf.R:9:3',
'test_pipeop_quantilebin.R:5:3', 'test_pipeop_randomprojection.R:8:3',
'test_pipeop_randomresponse.R:5:3', 'test_pipeop_renamecolumns.R:11:3',
'test_pipeop_replicate.R:9:3', 'test_pipeop_removeconstants.R:10:3',
'test_pipeop_scale.R:8:3', 'test_pipeop_scale.R:18:3',
'test_pipeop_scalemaxabs.R:7:3', 'test_pipeop_scalerange.R:8:3',
'test_pipeop_select.R:9:3', 'test_pipeop_smote.R:10:3',
'test_pipeop_subsample.R:10:3', 'test_pipeop_targetinvert.R:4:3',
'test_pipeop_targetmutate.R:5:3', 'test_pipeop_targettrafo.R:4:3',
'test_pipeop_targettrafoscalerange.R:5:3', 'test_pipeop_task_preproc.R:4:3',
'test_pipeop_task_preproc.R:14:3', 'test_pipeop_spatialsign.R:7:3',
'test_pipeop_textvectorizer.R:38:3', 'test_pipeop_textvectorizer.R:190:3',
'test_pipeop_unbranch.R:10:3', 'test_pipeop_updatetarget.R:89:3',
'test_pipeop_yeojohnson.R:8:3', 'test_pipeop_vtreat.R:9:3'
• empty test (3): 'test_pipeop_learnercv.R:53:1',
'test_pipeop_missind.R:101:1', 'test_ppl.R:61:1'
• ranger cannot be loaded (1): 'test_typecheck.R:186:3'
══ Failed tests ════════════════════════════════════════════════════════════════
── Failure ('test_pipeop_textvectorizer.R:189:3'): PipeOpTextVectorizer - integer sequence ──
all(dt2[1, paste0("txt.V", seq_len(10)), with = FALSE] == 1:10) is not TRUE
`actual`: FALSE
`expected`: TRUE
[ FAIL 1 | WARN 0 | SKIP 80 | PASS 13108 ]
Error: Test failures
Execution halted
- checking for unstated dependencies in vignettes ... OK
- checking package vignettes ... OK
- checking re-building of vignette outputs ... [6s/9s] OK
- checking PDF version of manual ... [34s/43s] OK
- checking HTML version of manual ... [19s/28s] OK
- checking for non-standard things in the check directory ... OK
- DONE
Status: 1 ERROR