- using R version 4.3.3 Patched (2024-02-29 r86109)
- using platform: x86_64-pc-linux-gnu (64-bit)
- R was compiled by
gcc-13 (Debian 13.2.0-13) 13.2.0
GNU Fortran (Debian 13.2.0-13) 13.2.0
- running under: Debian GNU/Linux trixie/sid
- using session charset: UTF-8
- checking for file ‘caschrono/DESCRIPTION’ ... OK
- this is package ‘caschrono’ version ‘2.4’
- package encoding: UTF-8
- checking package namespace information ... OK
- checking package dependencies ... NOTE
Package suggested but not available for checking: ‘dse’
- checking if this is a source package ... OK
- checking if there is a namespace ... OK
- checking for executable files ... OK
- checking for hidden files and directories ... OK
- checking for portable file names ... OK
- checking for sufficient/correct file permissions ... OK
- checking serialization versions ... OK
- checking whether package ‘caschrono’ can be installed ... OK
See the install log for details.
- checking package directory ... OK
- checking for future file timestamps ... OK
- checking DESCRIPTION meta-information ... OK
- checking top-level files ... OK
- checking for left-over files ... OK
- checking index information ... OK
- checking package subdirectories ... OK
- checking R files for non-ASCII characters ... OK
- checking R files for syntax errors ... OK
- checking whether the package can be loaded ... [2s/3s] OK
- checking whether the package can be loaded with stated dependencies ... [2s/2s] OK
- checking whether the package can be unloaded cleanly ... [2s/2s] OK
- checking whether the namespace can be loaded with stated dependencies ... [2s/2s] OK
- checking whether the namespace can be unloaded cleanly ... [2s/3s] OK
- checking loading without being on the library search path ... [2s/3s] OK
- checking use of S3 registration ... OK
- checking dependencies in R code ... OK
- checking S3 generic/method consistency ... OK
- checking replacement functions ... OK
- checking foreign function calls ... OK
- checking R code for possible problems ... [12s/16s] OK
- checking Rd files ... [0s/1s] OK
- checking Rd metadata ... OK
- checking Rd line widths ... OK
- checking Rd cross-references ... OK
- checking for missing documentation entries ... OK
- checking for code/documentation mismatches ... OK
- checking Rd \usage sections ... OK
- checking Rd contents ... OK
- checking for unstated dependencies in examples ... OK
- checking contents of ‘data’ directory ... OK
- checking data for non-ASCII characters ... [0s/1s] OK
- checking data for ASCII and uncompressed saves ... OK
- checking sizes of PDF files under ‘inst/doc’ ... OK
- checking installed files from ‘inst/doc’ ... OK
- checking files in ‘vignettes’ ... OK
- checking examples ... [5s/6s] OK
- checking for unstated dependencies in vignettes ... OK
- checking package vignettes in ‘inst/doc’ ... OK
- checking re-building of vignette outputs ... [61s/94s] ERROR
Error(s) in re-building vignettes:
...
--- re-building ‘Anx1.Rnw’ using Sweave
--- finished re-building ‘Anx1.Rnw’
--- re-building ‘Anx10.Rnw’ using Sweave
Loading required package: caschrono
Loading required package: zoo
Attaching package: ‘zoo’
The following objects are masked from ‘package:base’:
as.Date, as.Date.numeric
Loading required package: forecast
--- finished re-building ‘Anx10.Rnw’
--- re-building ‘Anx12.Rnw’ using Sweave
Loading required package: caschrono
Loading required package: zoo
Attaching package: ‘zoo’
The following objects are masked from ‘package:base’:
as.Date, as.Date.numeric
Loading required package: fGarch
NOTE: Packages 'fBasics', 'timeDate', and 'timeSeries' are no longer
attached to the search() path when 'fGarch' is attached.
If needed attach them yourself in your R script by e.g.,
require("timeSeries")
Loading required package: xtable
Loading required package: fBasics
Loading required package: forecast
--- finished re-building ‘Anx12.Rnw’
--- re-building ‘Anx2.Rnw’ using Sweave
Loading required package: forecast
--- finished re-building ‘Anx2.Rnw’
--- re-building ‘Anx3.Rnw’ using Sweave
Loading required package: fBasics
--- finished re-building ‘Anx3.Rnw’
--- re-building ‘Anx4.Rnw’ using Sweave
Loading required package: caschrono
Loading required package: zoo
Attaching package: ‘zoo’
The following objects are masked from ‘package:base’:
as.Date, as.Date.numeric
Loading required package: timeSeries
Loading required package: timeDate
Attaching package: ‘timeSeries’
The following object is masked from ‘package:zoo’:
time<-
The following objects are masked from ‘package:graphics’:
lines, points
Loading required package: xtable
Attaching package: ‘xtable’
The following object is masked from ‘package:timeSeries’:
align
The following object is masked from ‘package:timeDate’:
align
Loading required package: forecast
Loading required package: polynom
--- finished re-building ‘Anx4.Rnw’
--- re-building ‘Anx5.Rnw’ using Sweave
Loading required package: polynom
Loading required package: forecast
Loading required package: dse
Error: processing vignette 'Anx5.Rnw' failed with diagnostics:
chunk 19 (label = simulate1)
Error in ARMA(A = AR2, B = MA2, C = 1) : could not find function "ARMA"
--- failed re-building ‘Anx5.Rnw’
--- re-building ‘Anx6.Rnw’ using Sweave
Loading required package: forecast
Loading required package: expsmooth
Loading required package: caschrono
Loading required package: zoo
Attaching package: ‘zoo’
The following objects are masked from ‘package:base’:
as.Date, as.Date.numeric
--- finished re-building ‘Anx6.Rnw’
--- re-building ‘Anx7.Rnw’ using Sweave
Loading required package: polynom
Loading required package: dse
Error: processing vignette 'Anx7.Rnw' failed with diagnostics:
chunk 17 (label = construct3)
Error in ARMA(A = AR, B = MA) : could not find function "ARMA"
--- failed re-building ‘Anx7.Rnw’
--- re-building ‘Anx9.Rnw’ using Sweave
--- finished re-building ‘Anx9.Rnw’
SUMMARY: processing the following files failed:
‘Anx5.Rnw’ ‘Anx7.Rnw’
Error: Vignette re-building failed.
Execution halted
- checking PDF version of manual ... [6s/8s] OK
- checking HTML version of manual ... [1s/1s] OK
- checking for non-standard things in the check directory ... OK
- DONE
Status: 1 ERROR, 1 NOTE