- using R version 4.2.0 (2022-04-22)
- using platform: x86_64-apple-darwin17.0 (64-bit)
- using session charset: UTF-8
- checking for file ‘support/DESCRIPTION’ ... OK
- checking extension type ... Package
- this is package ‘support’ version ‘0.1.6’
- checking package namespace information ... OK
- checking package dependencies ... OK
- checking if this is a source package ... OK
- checking if there is a namespace ... OK
- checking for executable files ... OK
- checking for hidden files and directories ... OK
- checking for portable file names ... OK
- checking for sufficient/correct file permissions ... OK
- checking whether package ‘support’ can be installed ... [9s/9s] ERROR
Installation failed.
See the install log for details.
- DONE
Status: 1 ERROR
- using check arguments '--no-clean-on-error '