- using R version 4.2.0 (2022-04-22)
- using platform: x86_64-apple-darwin17.0 (64-bit)
- using session charset: UTF-8
- checking for file ‘mc2d/DESCRIPTION’ ... OK
- checking extension type ... Package
- this is package ‘mc2d’ version ‘0.2.0’
- package encoding: UTF-8
- checking package namespace information ... OK
- checking package dependencies ... OK
- checking if this is a source package ... OK
- checking if there is a namespace ... OK
- checking for executable files ... OK
- checking for hidden files and directories ... OK
- checking for portable file names ... OK
- checking for sufficient/correct file permissions ... OK
- checking whether package ‘mc2d’ can be installed ... [32s/32s] OK
See the install log for details.
- checking installed package size ... OK
- checking package directory ... OK
- checking ‘build’ directory ... OK
- checking DESCRIPTION meta-information ... OK
- checking top-level files ... OK
- checking for left-over files ... OK
- checking index information ... OK
- checking package subdirectories ... OK
- checking R files for non-ASCII characters ... OK
- checking R files for syntax errors ... OK
- checking whether the package can be loaded ... OK
- checking whether the package can be loaded with stated dependencies ... OK
- checking whether the package can be unloaded cleanly ... OK
- checking whether the namespace can be loaded with stated dependencies ... OK
- checking whether the namespace can be unloaded cleanly ... OK
- checking loading without being on the library search path ... OK
- checking dependencies in R code ... OK
- checking S3 generic/method consistency ... OK
- checking replacement functions ... OK
- checking foreign function calls ... OK
- checking R code for possible problems ... [44s/44s] OK
- checking Rd files ... [3s/3s] OK
- checking Rd metadata ... OK
- checking Rd cross-references ... OK
- checking for missing documentation entries ... OK
- checking for code/documentation mismatches ... OK
- checking Rd \usage sections ... OK
- checking Rd contents ... OK
- checking for unstated dependencies in examples ... OK
- checking contents of ‘data’ directory ... OK
- checking data for non-ASCII characters ... OK
- checking data for ASCII and uncompressed saves ... OK
- checking sizes of PDF files under ‘inst/doc’ ... OK
- checking installed files from ‘inst/doc’ ... OK
- checking files in ‘vignettes’ ... OK
- checking examples ... [65s/65s] OK
- checking for unstated dependencies in vignettes ... OK
- checking package vignettes in ‘inst/doc’ ... OK
- checking running R code from vignettes ... [108s/109s] OK
‘docmcEnglish.Rnw’ using ‘latin-9’... [33s/33s] OK
‘mc2dLmEnglish.rnw’ using ‘latin-9’... [75s/76s] OK
- checking re-building of vignette outputs ... [157s/173s] OK
- checking PDF version of manual ... WARNING
LaTeX errors when creating PDF version.
This typically indicates Rd problems.
LaTeX errors found:
! Undefined control sequence.
<argument> ...{i-1}}{x_{p_{i}}-x_{p_{i-1}}} \text
{ for } x_{p_{i-1}} \le x ...
l.2828 i = 1,\dots,4}{}
! Undefined control sequence.
<argument> f(x) = 0, \text
{ otherwise}
l.2829 \deqn{f(x) = 0, \text{ otherwise}}{}
! Undefined control sequence.
<argument> F(x) = 0 \text
{ for } x < x_{p_{0}}
l.2832 ...n{F(x) = 0 \text{ for } x < x_{p_{0}}}{}
! Undefined control sequence.
<argument> ...-1}}}*(x-x_{p_{i-1}})+p_{i-1} \text
{ for } x_{p_{i-1}} \le x ...
l.2833 ...-1}} \le x < x_{p_{i}}, i = 1,\dots,4}{}
! Undefined control sequence.
<argument> F(x) = 1 \text
{ for } x_{p_{4}}\le x
l.2835 ...{F(x) = 1 \text{ for } x_{p_{4}}\le x}{}
- checking PDF version of manual without index ... ERROR
- DONE
Status: 1 ERROR, 1 WARNING
- using check arguments '--no-clean-on-error '