- using R version 4.2.0 (2022-04-22)
- using platform: x86_64-apple-darwin17.0 (64-bit)
- using session charset: UTF-8
- checking for file ‘grImport/DESCRIPTION’ ... OK
- this is package ‘grImport’ version ‘0.9-7’
- checking package namespace information ... OK
- checking package dependencies ... OK
- checking if this is a source package ... OK
- checking if there is a namespace ... OK
- checking for executable files ... OK
- checking for hidden files and directories ... OK
- checking for portable file names ... OK
- checking for sufficient/correct file permissions ... OK
- checking whether package ‘grImport’ can be installed ... [32s/68s] OK
See the install log for details.
- checking installed package size ... OK
- checking package directory ... OK
- checking ‘build’ directory ... OK
- checking DESCRIPTION meta-information ... OK
- checking top-level files ... OK
- checking for left-over files ... OK
- checking index information ... OK
- checking package subdirectories ... OK
- checking R files for non-ASCII characters ... OK
- checking R files for syntax errors ... OK
- checking whether the package can be loaded ... OK
- checking whether the package can be loaded with stated dependencies ... OK
- checking whether the package can be unloaded cleanly ... OK
- checking whether the namespace can be loaded with stated dependencies ... OK
- checking whether the namespace can be unloaded cleanly ... OK
- checking loading without being on the library search path ... OK
- checking dependencies in R code ... OK
- checking S3 generic/method consistency ... OK
- checking replacement functions ... OK
- checking foreign function calls ... OK
- checking R code for possible problems ... [14s/14s] OK
- checking Rd files ... [2s/2s] OK
- checking Rd metadata ... OK
- checking Rd cross-references ... OK
- checking for missing documentation entries ... OK
- checking for code/documentation mismatches ... OK
- checking Rd \usage sections ... OK
- checking Rd contents ... OK
- checking for unstated dependencies in examples ... OK
- checking sizes of PDF files under ‘inst/doc’ ... OK
- checking installed files from ‘inst/doc’ ... OK
- checking files in ‘vignettes’ ... OK
- checking examples ... NONE
- checking for unstated dependencies in ‘tests’ ... OK
- checking tests ... [4s/4s] ERROR
Running ‘testpage.R’ [3s/3s]
Running the tests in ‘tests/testpage.R’ failed.
Last 13 lines of output:
> # Now import testpage.ps and draw it in various ways
> #######################################
>
> require(grImport)
Loading required package: grImport
Loading required package: XML
>
> PostScriptTrace("testpage.ps", "testpage.xml")
sh: gs: command not found
Error in PostScriptTrace("testpage.ps", "testpage.xml") :
sorry, 'gs' cannot be found
In addition: Warning message:
In system(paste(shQuote(gsexe), "-help > /dev/null")) :
error in running command
Execution halted
- checking for unstated dependencies in vignettes ... OK
- checking package vignettes in ‘inst/doc’ ... OK
- checking running R code from vignettes ... [8s/8s] ERROR
Errors in running code in vignettes:
when running code in ‘import.Rnw’
...
Loading required package: XML
> PostScriptTrace("chess_game_01.fromInkscape.eps")
sh: gs: command not found
Warning in system(paste(shQuote(gsexe), "-help > /dev/null")) :
error in running command
When sourcing 'import.R':
Error: sorry, 'gs' cannot be found
Execution halted
when running code in ‘importText.Rnw’
...
Loading required package: XML
> PostScriptTrace("hello.ps", "hello.xml")
sh: gs: command not found
Warning in system(paste(shQuote(gsexe), "-help > /dev/null")) :
error in running command
When sourcing 'importText.R':
Error: sorry, 'gs' cannot be found
Execution halted
‘import.Rnw’... failed
‘importText.Rnw’... failed
- checking re-building of vignette outputs ... [4s/4s] NOTE
Error(s) in re-building vignettes:
--- re-building ‘import.Rnw’ using Sweave
Loading required package: XML
sh: gs: command not found
Warning in system(paste(shQuote(gsexe), "-help > /dev/null")) :
error in running command
Error: processing vignette 'import.Rnw' failed with diagnostics:
chunk 5 (label = chesspiece)
Error in PostScriptTrace("chess_game_01.fromInkscape.eps") :
sorry, 'gs' cannot be found
--- failed re-building 'import.Rnw'
--- re-building 'importText.Rnw' using Sweave
sh: gs: command not found
Warning in system(paste(shQuote(gsexe), "-help > /dev/null")) :
error in running command
Error: processing vignette 'importText.Rnw' failed with diagnostics:
chunk 4 (label = simpleimport)
Error in PostScriptTrace("hello.ps", "hello.xml") :
sorry, 'gs' cannot be found
--- failed re-building 'importText.Rnw'
SUMMARY: processing the following files failed:
'import.Rnw' 'importText.Rnw'
Error: Vignette re-building failed.
Execution halted
- checking PDF version of manual ... OK
- DONE
Status: 2 ERRORs, 1 NOTE
- using check arguments '--no-clean-on-error '