- using R version 4.2.0 (2022-04-22)
- using platform: aarch64-apple-darwin20 (64-bit)
- using session charset: UTF-8
- checking for file ‘sfaR/DESCRIPTION’ ... OK
- this is package ‘sfaR’ version ‘1.0.0’
- package encoding: UTF-8
- checking package namespace information ... OK
- checking package dependencies ... OK
- checking if this is a source package ... OK
- checking if there is a namespace ... OK
- checking for executable files ... OK
- checking for hidden files and directories ... OK
- checking for portable file names ... OK
- checking for sufficient/correct file permissions ... OK
- checking whether package ‘sfaR’ can be installed ... [31s/33s] OK
See the install log for details.
- checking installed package size ... OK
- checking package directory ... OK
- checking DESCRIPTION meta-information ... OK
- checking top-level files ... OK
- checking for left-over files ... OK
- checking index information ... OK
- checking package subdirectories ... OK
- checking R files for non-ASCII characters ... OK
- checking R files for syntax errors ... OK
- checking whether the package can be loaded ... OK
- checking whether the package can be loaded with stated dependencies ... OK
- checking whether the package can be unloaded cleanly ... OK
- checking whether the namespace can be loaded with stated dependencies ... OK
- checking whether the namespace can be unloaded cleanly ... OK
- checking loading without being on the library search path ... OK
- checking dependencies in R code ... OK
- checking S3 generic/method consistency ... OK
- checking replacement functions ... OK
- checking foreign function calls ... OK
- checking R code for possible problems ... [26s/28s] OK
- checking Rd files ... [0s/0s] OK
- checking Rd metadata ... OK
- checking Rd cross-references ... OK
- checking for missing documentation entries ... OK
- checking for code/documentation mismatches ... OK
- checking Rd \usage sections ... OK
- checking Rd contents ... OK
- checking for unstated dependencies in examples ... OK
- checking contents of ‘data’ directory ... OK
- checking data for non-ASCII characters ... OK
- checking LazyData ... OK
- checking data for ASCII and uncompressed saves ... OK
- checking examples ... [5s/5s] OK
- checking for unstated dependencies in ‘tests’ ... OK
- checking tests ... [2s/3s] OK
Running ‘sfacross.R’ [2s/2s]
Comparing ‘sfacross.Rout’ to ‘sfacross.Rout.save’ ...9c9
< * For any questions, suggestions, or comments on the 'sfaR' package, you can contact directly the authors or visit:
---
> * For any questions, suggestions, or comments on the 'sfaR' package, please make use of Tracker facilities at:
- checking PDF version of manual ... WARNING
LaTeX errors when creating PDF version.
This typically indicates Rd problems.
LaTeX errors found:
! Missing \endgroup inserted.
<inserted text>
\endgroup
l.506 ...ac{S\rho}{\sigma_v} \\ 1 \end{pmatrix}}{}
,
! Missing } inserted.
<inserted text>
}
l.506 ...ac{S\rho}{\sigma_v} \\ 1 \end{pmatrix}}{}
,
! Missing } inserted.
<inserted text>
}
l.506 ...ac{S\rho}{\sigma_v} \\ 1 \end{pmatrix}}{}
,
! Missing \cr inserted.
<inserted text>
\cr
l.506 ...ac{S\rho}{\sigma_v} \\ 1 \end{pmatrix}}{}
,
! Misplaced \cr.
<inserted text> \cr
l.506 ...ac{S\rho}{\sigma_v} \\ 1 \end{pmatrix}}{}
,
! Missing \cr inserted.
<inserted text>
\cr
l.506 ...ac{S\rho}{\sigma_v} \\ 1 \end{pmatrix}}{}
,
! Misplaced \cr.
<inserted text> \cr
l.506 ...ac{S\rho}{\sigma_v} \\ 1 \end{pmatrix}}{}
,
! Missing \cr inserted.
<inserted text>
\cr
l.506 ...ac{S\rho}{\sigma_v} \\ 1 \end{pmatrix}}{}
,
! Misplaced \cr.
<inserted text> \cr
l.506 ...ac{S\rho}{\sigma_v} \\ 1 \end{pmatrix}}{}
,
! Missing \cr inserted.
<inserted text>
\cr
l.506 ...ac{S\rho}{\sigma_v} \\ 1 \end{pmatrix}}{}
,
! Misplaced \cr.
<inserted text> \cr
l.506 ...ac{S\rho}{\sigma_v} \\ 1 \end{pmatrix}}{}
,
! Missing \cr inserted.
<inserted text>
\cr
l.506 ...ac{S\rho}{\sigma_v} \\ 1 \end{pmatrix}}{}
,
! Misplaced \cr.
<inserted text> \cr
l.506 ...ac{S\rho}{\sigma_v} \\ 1 \end{pmatrix}}{}
,
! Missing \cr inserted.
<inserted text>
\cr
l.506 ...ac{S\rho}{\sigma_v} \\ 1 \end{pmatrix}}{}
,
! Misplaced \cr.
<inserted text> \cr
l.506 ...ac{S\rho}{\sigma_v} \\ 1 \end{pmatrix}}{}
,
! Missing \cr inserted.
<inserted text>
\cr
l.506 ...ac{S\rho}{\sigma_v} \\ 1 \end{pmatrix}}{}
,
! Misplaced \cr.
<inserted text> \cr
l.506 ...ac{S\rho}{\sigma_v} \\ 1 \end{pmatrix}}{}
,
! Missing \cr inserted.
<inserted text>
\cr
l.506 ...ac{S\rho}{\sigma_v} \\ 1 \end{pmatrix}}{}
,
! Misplaced \cr.
<inserted text> \cr
l.506 ...ac{S\rho}{\sigma_v} \\ 1 \end{pmatrix}}{}
,
! Missing \cr inserted.
<inserted text>
\cr
l.506 ...ac{S\rho}{\sigma_v} \\ 1 \end{pmatrix}}{}
,
! Misplaced \cr.
<inserted text> \cr
l.506 ...ac{S\rho}{\sigma_v} \\ 1 \end{pmatrix}}{}
,
! Missing \cr inserted.
<inserted text>
\cr
l.506 ...ac{S\rho}{\sigma_v} \\ 1 \end{pmatrix}}{}
,
! Misplaced \cr.
<inserted text> \cr
l.506 ...ac{S\rho}{\sigma_v} \\ 1 \end{pmatrix}}{}
,
! Missing \cr inserted.
<inserted text>
\cr
l.506 ...ac{S\rho}{\sigma_v} \\ 1 \end{pmatrix}}{}
,
! Misplaced \cr.
<inserted text> \cr
l.506 ...ac{S\rho}{\sigma_v} \\ 1 \end{pmatrix}}{}
,
! Missing \cr inserted.
<inserted text>
\cr
l.506 ...ac{S\rho}{\sigma_v} \\ 1 \end{pmatrix}}{}
,
! Misplaced \cr.
<inserted text> \cr
l.506 ...ac{S\rho}{\sigma_v} \\ 1 \end{pmatrix}}{}
,
! Missing \cr inserted.
<inserted text>
\cr
l.506 ...ac{S\rho}{\sigma_v} \\ 1 \end{pmatrix}}{}
,
! Misplaced \cr.
<inserted text> \cr
l.506 ...ac{S\rho}{\sigma_v} \\ 1 \end{pmatrix}}{}
,
! Missing \cr inserted.
<inserted text>
\cr
l.506 ...ac{S\rho}{\sigma_v} \\ 1 \end{pmatrix}}{}
,
! Misplaced \cr.
<inserted text> \cr
l.506 ...ac{S\rho}{\sigma_v} \\ 1 \end{pmatrix}}{}
,
! Missing \cr inserted.
<inserted text>
\cr
l.506 ...ac{S\rho}{\sigma_v} \\ 1 \end{pmatrix}}{}
,
! Misplaced \cr.
<inserted text> \cr
l.506 ...ac{S\rho}{\sigma_v} \\ 1 \end{pmatrix}}{}
,
! Missing \cr inserted.
<inserted text>
\cr
l.506 ...ac{S\rho}{\sigma_v} \\ 1 \end{pmatrix}}{}
,
! Misplaced \cr.
<inserted text> \cr
l.506 ...ac{S\rho}{\sigma_v} \\ 1 \end{pmatrix}}{}
,
! Missing \cr inserted.
<inserted text>
\cr
l.506 ...ac{S\rho}{\sigma_v} \\ 1 \end{pmatrix}}{}
,
! Misplaced \cr.
<inserted text> \cr
l.506 ...ac{S\rho}{\sigma_v} \\ 1 \end{pmatrix}}{}
,
! Missing \cr inserted.
<inserted text>
\cr
l.506 ...ac{S\rho}{\sigma_v} \\ 1 \end{pmatrix}}{}
,
! Misplaced \cr.
<inserted text> \cr
l.506 ...ac{S\rho}{\sigma_v} \\ 1 \end{pmatrix}}{}
,
! Missing \cr inserted.
<inserted text>
\cr
l.506 ...ac{S\rho}{\sigma_v} \\ 1 \end{pmatrix}}{}
,
! Misplaced \cr.
<inserted text> \cr
l.506 ...ac{S\rho}{\sigma_v} \\ 1 \end{pmatrix}}{}
,
! Missing \cr inserted.
<inserted text>
\cr
l.506 ...ac{S\rho}{\sigma_v} \\ 1 \end{pmatrix}}{}
,
! Misplaced \cr.
<inserted text> \cr
l.506 ...ac{S\rho}{\sigma_v} \\ 1 \end{pmatrix}}{}
,
! Missing \cr inserted.
<inserted text>
\cr
l.506 ...ac{S\rho}{\sigma_v} \\ 1 \end{pmatrix}}{}
,
! Misplaced \cr.
<inserted text> \cr
l.506 ...ac{S\rho}{\sigma_v} \\ 1 \end{pmatrix}}{}
,
! Missing \cr inserted.
<inserted text>
\cr
l.506 ...ac{S\rho}{\sigma_v} \\ 1 \end{pmatrix}}{}
,
! Misplaced \cr.
<inserted text> \cr
l.506 ...ac{S\rho}{\sigma_v} \\ 1 \end{pmatrix}}{}
,
! Missing \cr inserted.
<inserted text>
\cr
l.506 ...ac{S\rho}{\sigma_v} \\ 1 \end{pmatrix}}{}
,
! Misplaced \cr.
<inserted text> \cr
l.506 ...ac{S\rho}{\sigma_v} \\ 1 \end{pmatrix}}{}
,
! Missing \cr inserted.
<inserted text>
\cr
l.506 ...ac{S\rho}{\sigma_v} \\ 1 \end{pmatrix}}{}
,
! Misplaced \cr.
<inserted text> \cr
l.506 ...ac{S\rho}{\sigma_v} \\ 1 \end{pmatrix}}{}
,
! Missing \cr inserted.
<inserted text>
\cr
l.506 ...ac{S\rho}{\sigma_v} \\ 1 \end{pmatrix}}{}
,
! Misplaced \cr.
<inserted text> \cr
l.506 ...ac{S\rho}{\sigma_v} \\ 1 \end{pmatrix}}{}
,
! Missing \cr inserted.
<inserted text>
\cr
l.506 ...ac{S\rho}{\sigma_v} \\ 1 \end{pmatrix}}{}
,
! Misplaced \cr.
<inserted text> \cr
l.506 ...ac{S\rho}{\sigma_v} \\ 1 \end{pmatrix}}{}
,
! Missing \cr inserted.
<inserted text>
\cr
l.506 ...ac{S\rho}{\sigma_v} \\ 1 \end{pmatrix}}{}
,
! Misplaced \cr.
<inserted text> \cr
l.506 ...ac{S\rho}{\sigma_v} \\ 1 \end{pmatrix}}{}
,
! Missing \cr inserted.
<inserted text>
\cr
l.506 ...ac{S\rho}{\sigma_v} \\ 1 \end{pmatrix}}{}
,
! Misplaced \cr.
<inserted text> \cr
l.506 ...ac{S\rho}{\sigma_v} \\ 1 \end{pmatrix}}{}
,
! Missing \cr inserted.
<inserted text>
\cr
l.506 ...ac{S\rho}{\sigma_v} \\ 1 \end{pmatrix}}{}
,
! Misplaced \cr.
<inserted text> \cr
l.506 ...ac{S\rho}{\sigma_v} \\ 1 \end{pmatrix}}{}
,
! Missing \cr inserted.
<inserted text>
\cr
l.506 ...ac{S\rho}{\sigma_v} \\ 1 \end{pmatrix}}{}
,
! Misplaced \cr.
<inserted text> \cr
l.506 ...ac{S\rho}{\sigma_v} \\ 1 \end{pmatrix}}{}
,
! Missing \cr inserted.
<inserted text>
\cr
l.506 ...ac{S\rho}{\sigma_v} \\ 1 \end{pmatrix}}{}
,
! Misplaced \cr.
<inserted text> \cr
l.506 ...ac{S\rho}{\sigma_v} \\ 1 \end{pmatrix}}{}
,
! Missing \cr inserted.
<inserted text>
\cr
l.506 ...ac{S\rho}{\sigma_v} \\ 1 \end{pmatrix}}{}
,
! Misplaced \cr.
<inserted text> \cr
l.506 ...ac{S\rho}{\sigma_v} \\ 1 \end{pmatrix}}{}
,
! Missing \cr inserted.
<inserted text>
\cr
l.506 ...ac{S\rho}{\sigma_v} \\ 1 \end{pmatrix}}{}
,
! Misplaced \cr.
<inserted text> \cr
l.506 ...ac{S\rho}{\sigma_v} \\ 1 \end{pmatrix}}{}
,
! Missing \cr inserted.
<inserted text>
\cr
l.506 ...ac{S\rho}{\sigma_v} \\ 1 \end{pmatrix}}{}
,
! Misplaced \cr.
<inserted text> \cr
l.506 ...ac{S\rho}{\sigma_v} \\ 1 \end{pmatrix}}{}
,
! Missing \cr inserted.
<inserted text>
\cr
l.506 ...ac{S\rho}{\sigma_v} \\ 1 \end{pmatrix}}{}
,
! Misplaced \cr.
<inserted text> \cr
l.506 ...ac{S\rho}{\sigma_v} \\ 1 \end{pmatrix}}{}
,
! Missing \cr inserted.
<inserted text>
\cr
l.506 ...ac{S\rho}{\sigma_v} \\ 1 \end{pmatrix}}{}
,
! Misplaced \cr.
<inserted text> \cr
l.506 ...ac{S\rho}{\sigma_v} \\ 1 \end{pmatrix}}{}
,
! Missing \cr inserted.
<inserted text>
\cr
l.506 ...ac{S\rho}{\sigma_v} \\ 1 \end{pmatrix}}{}
,
! Misplaced \cr.
<inserted text> \cr
l.506 ...ac{S\rho}{\sigma_v} \\ 1 \end{pmatrix}}{}
,
! Missing \cr inserted.
<inserted text>
\cr
l.506 ...ac{S\rho}{\sigma_v} \\ 1 \end{pmatrix}}{}
,
! Misplaced \cr.
<inserted text> \cr
l.506 ...ac{S\rho}{\sigma_v} \\ 1 \end{pmatrix}}{}
,
! Missing \cr inserted.
<inserted text>
\cr
l.506 ...ac{S\rho}{\sigma_v} \\ 1 \end{pmatrix}}{}
,
! Misplaced \cr.
<inserted text> \cr
l.506 ...ac{S\rho}{\sigma_v} \\ 1 \end{pmatrix}}{}
,
! Missing \cr inserted.
<inserted text>
\cr
l.506 ...ac{S\rho}{\sigma_v} \\ 1 \end{pmatrix}}{}
,
! Misplaced \cr.
<inserted text> \cr
l.506 ...ac{S\rho}{\sigma_v} \\ 1 \end{pmatrix}}{}
,
! Missing \cr inserted.
<inserted text>
\cr
l.506 ...ac{S\rho}{\sigma_v} \\ 1 \end{pmatrix}}{}
,
! Misplaced \cr.
<inserted text> \cr
l.506 ...ac{S\rho}{\sigma_v} \\ 1 \end{pmatrix}}{}
,
! Missing \cr inserted.
<inserted text>
\cr
l.506 ...ac{S\rho}{\sigma_v} \\ 1 \end{pmatrix}}{}
,
! Misplaced \cr.
<inserted text> \cr
l.506 ...ac{S\rho}{\sigma_v} \\ 1 \end{pmatrix}}{}
,
! Missing \cr inserted.
<inserted text>
\cr
l.506 ...ac{S\rho}{\sigma_v} \\ 1 \end{pmatrix}}{}
,
! Misplaced \cr.
<inserted text> \cr
l.506 ...ac{S\rho}{\sigma_v} \\ 1 \end{pmatrix}}{}
,
! Missing \cr inserted.
<inserted text>
\cr
l.506 ...ac{S\rho}{\sigma_v} \\ 1 \end{pmatrix}}{}
,
! Misplaced \cr.
<inserted text> \cr
l.506 ...ac{S\rho}{\sigma_v} \\ 1 \end{pmatrix}}{}
,
! Missing \cr inserted.
<inserted text>
\cr
l.506 ...ac{S\rho}{\sigma_v} \\ 1 \end{pmatrix}}{}
,
! Misplaced \cr.
<inserted text> \cr
l.506 ...ac{S\rho}{\sigma_v} \\ 1 \end{pmatrix}}{}
,
! Missing \cr inserted.
<inserted text>
\cr
l.506 ...ac{S\rho}{\sigma_v} \\ 1 \end{pmatrix}}{}
,
! Misplaced \cr.
<inserted text> \cr
l.506 ...ac{S\rho}{\sigma_v} \\ 1 \end{pmatrix}}{}
,
! Missing \cr inserted.
<inserted text>
\cr
l.506 ...ac{S\rho}{\sigma_v} \\ 1 \end{pmatrix}}{}
,
! Misplaced \cr.
<inserted text> \cr
l.506 ...ac{S\rho}{\sigma_v} \\ 1 \end{pmatrix}}{}
,
! Missing \cr inserted.
<inserted text>
\cr
l.506 ...ac{S\rho}{\sigma_v} \\ 1 \end{pmatrix}}{}
,
! Misplaced \cr.
<inserted text> \cr
l.506 ...ac{S\rho}{\sigma_v} \\ 1 \end{pmatrix}}{}
,
! Missing \cr inserted.
<inserted text>
\cr
l.506 ...ac{S\rho}{\sigma_v} \\ 1 \end{pmatrix}}{}
,
! ==> Fatal error occurred, no output PDF file produced!
- checking PDF version of manual without index ... ERROR
- DONE
Status: 1 ERROR, 1 WARNING
- using check arguments '--no-clean-on-error '