- using R version 4.2.3 (2023-03-15)
- using platform: aarch64-apple-darwin20 (64-bit)
- using session charset: UTF-8
- checking for file ‘longclust/DESCRIPTION’ ... OK
- checking extension type ... Package
- this is package ‘longclust’ version ‘1.4’
- checking package namespace information ... OK
- checking package dependencies ... OK
- checking if this is a source package ... OK
- checking if there is a namespace ... OK
- checking for executable files ... OK
- checking for hidden files and directories ... OK
- checking for portable file names ... OK
- checking for sufficient/correct file permissions ... OK
- checking whether package ‘longclust’ can be installed ... [0s/0s] ERROR
Installation failed.
See the install log for details.
- DONE
Status: 1 ERROR
- using check arguments '--no-clean-on-error '