- using R Under development (unstable) (2024-03-24 r86185 ucrt)
- using platform: x86_64-w64-mingw32
- R was compiled by
gcc.exe (GCC) 13.2.0
GNU Fortran (GCC) 13.2.0
- running under: Windows Server 2022 x64 (build 20348)
- using session charset: UTF-8
- checking for file 'sentopics/DESCRIPTION' ... OK
- checking extension type ... Package
- this is package 'sentopics' version '0.7.2'
- package encoding: UTF-8
- checking package namespace information ... OK
- checking package dependencies ... OK
- checking if this is a source package ... OK
- checking if there is a namespace ... OK
- checking for hidden files and directories ... OK
- checking for portable file names ... OK
- checking whether package 'sentopics' can be installed ... OK
See the install log for details.
- used C++ compiler: 'g++.exe (GCC) 13.2.0'
- checking installed package size ... OK
- checking package directory ... OK
- checking 'build' directory ... OK
- checking DESCRIPTION meta-information ... OK
- checking top-level files ... OK
- checking for left-over files ... OK
- checking index information ... OK
- checking package subdirectories ... OK
- checking code files for non-ASCII characters ... OK
- checking R files for syntax errors ... OK
- checking whether the package can be loaded ... [2s] OK
- checking whether the package can be loaded with stated dependencies ... [2s] OK
- checking whether the package can be unloaded cleanly ... [2s] OK
- checking whether the namespace can be loaded with stated dependencies ... [2s] OK
- checking whether the namespace can be unloaded cleanly ... [2s] OK
- checking loading without being on the library search path ... [2s] OK
- checking whether startup messages can be suppressed ... [2s] OK
- checking use of S3 registration ... OK
- checking dependencies in R code ... OK
- checking S3 generic/method consistency ... OK
- checking replacement functions ... OK
- checking foreign function calls ... OK
- checking R code for possible problems ... [14s] OK
- checking Rd files ... [1s] OK
- checking Rd metadata ... OK
- checking Rd cross-references ... OK
- checking for missing documentation entries ... OK
- checking for code/documentation mismatches ... OK
- checking Rd \usage sections ... OK
- checking Rd contents ... OK
- checking for unstated dependencies in examples ... OK
- checking contents of 'data' directory ... OK
- checking data for non-ASCII characters ... [3s] OK
- checking LazyData ... OK
- checking data for ASCII and uncompressed saves ... OK
- checking line endings in C/C++/Fortran sources/headers ... OK
- checking line endings in Makefiles ... OK
- checking compilation flags in Makevars ... OK
- checking for GNU extensions in Makefiles ... OK
- checking for portable use of $(BLAS_LIBS) and $(LAPACK_LIBS) ... OK
- checking use of PKG_*FLAGS in Makefiles ... OK
- checking pragmas in C/C++ headers and code ... OK
- checking compiled code ... OK
- checking installed files from 'inst/doc' ... OK
- checking files in 'vignettes' ... OK
- checking examples ... [35s] OK
- checking for unstated dependencies in 'tests' ... OK
- checking tests ... [106s] ERROR
Running 'testthat.R' [106s]
Running the tests in 'tests/testthat.R' failed.
Complete output:
>
> library("testthat")
> library("sentopics")
>
> if (Sys.getenv("R_COVR") != "true") {
+ test_check("sentopics")
+ } else {
+ test_check("sentopics", reporter = default_reporter())
+ # test_check("sentopics", reporter = LocationReporter)
+ }
[ FAIL 1 | WARN 2 | SKIP 1 | PASS 326 ]
══ Skipped tests (1) ═══════════════════════════════════════════════════════════
• On CRAN (1): 'test-parallel_chains.R:97:5'
══ Failed tests ════════════════════════════════════════════════════════════════
── Error ('test-others.R:2:3'): get_ECB_conferences works ──────────────────────
Error in ``[.data.table`(res, , c({
tmp <- data.table::rbindlist(sections)
tmp[, `:=`(paragraph_id, paste0(doc_id, "_", .I))]
tmp
}), by = c("date", "doc_id", "title"))`: j doesn't evaluate to the same number of columns for each group
Backtrace:
▆
1. └─sentopics:::get_ECB_press_conferences(years = 1998) at test-others.R:2:3
2. ├─...[]
3. └─data.table::`[.data.table`(...)
[ FAIL 1 | WARN 2 | SKIP 1 | PASS 326 ]
Error: Test failures
Execution halted
- checking for unstated dependencies in vignettes ... OK
- checking package vignettes ... OK
- checking re-building of vignette outputs ... [47s] OK
- checking PDF version of manual ... [23s] OK
- checking HTML version of manual ... [7s] OK
- DONE
Status: 1 ERROR