- using R version 4.4.0 beta (2024-04-12 r86412 ucrt)
- using platform: x86_64-w64-mingw32
- R was compiled by
gcc.exe (GCC) 13.2.0
GNU Fortran (GCC) 13.2.0
- running under: Windows Server 2022 x64 (build 20348)
- using session charset: UTF-8
- checking for file 'fitODBOD/DESCRIPTION' ... OK
- checking extension type ... Package
- this is package 'fitODBOD' version '1.5.1'
- package encoding: UTF-8
- checking package namespace information ... OK
- checking package dependencies ... OK
- checking if this is a source package ... OK
- checking if there is a namespace ... OK
- checking for hidden files and directories ... OK
- checking for portable file names ... OK
- checking whether package 'fitODBOD' can be installed ... OK
See the install log for details.
- checking installed package size ... OK
- checking package directory ... OK
- checking DESCRIPTION meta-information ... OK
- checking top-level files ... OK
- checking for left-over files ... OK
- checking index information ... OK
- checking package subdirectories ... OK
- checking code files for non-ASCII characters ... OK
- checking R files for syntax errors ... OK
- checking whether the package can be loaded ... [0s] OK
- checking whether the package can be loaded with stated dependencies ... [0s] OK
- checking whether the package can be unloaded cleanly ... [0s] OK
- checking whether the namespace can be loaded with stated dependencies ... [0s] OK
- checking whether the namespace can be unloaded cleanly ... [0s] OK
- checking loading without being on the library search path ... [0s] OK
- checking whether startup messages can be suppressed ... [0s] OK
- checking use of S3 registration ... OK
- checking dependencies in R code ... OK
- checking S3 generic/method consistency ... OK
- checking replacement functions ... OK
- checking foreign function calls ... OK
- checking R code for possible problems ... [11s] OK
- checking Rd files ... [3s] OK
- checking Rd metadata ... OK
- checking Rd cross-references ... OK
- checking for missing documentation entries ... OK
- checking for code/documentation mismatches ... OK
- checking Rd \usage sections ... OK
- checking Rd contents ... OK
- checking for unstated dependencies in examples ... OK
- checking contents of 'data' directory ... OK
- checking data for non-ASCII characters ... [0s] OK
- checking LazyData ... OK
- checking data for ASCII and uncompressed saves ... OK
- checking examples ... [44s] OK
- checking for unstated dependencies in 'tests' ... OK
- checking tests ... [54s] ERROR
Running 'spelling.R' [0s]
Comparing 'spelling.Rout' to 'spelling.Rout.save' ...6c6
< NULL
---
> All Done!
Running 'testthat.R' [53s]
Running the tests in 'tests/testthat.R' failed.
Complete output:
> library(testthat)
> library(fitODBOD)
Hello, This is Amalan. For more details refer --> https://amalan-constat.github.io/fitODBOD/index.html
>
> test_check("fitODBOD")
[ FAIL 1 | WARN 0 | SKIP 0 | PASS 645 ]
══ Failed tests ════════════════════════════════════════════════════════════════
── Failure ('test-Overdispersion.R:69:11'): Output value expected ──────────────
round(Overdispersion(fitGHB), 4) not identical to 0.4325.
1/1 mismatches
[1] 0.432 - 0.432 == -2e-04
[ FAIL 1 | WARN 0 | SKIP 0 | PASS 645 ]
Error: Test failures
Execution halted
- checking PDF version of manual ... [26s] OK
- checking HTML version of manual ... [19s] OK
- DONE
Status: 1 ERROR