- using R version 4.4.0 alpha (2024-03-26 r86209 ucrt)
- using platform: x86_64-w64-mingw32
- R was compiled by
gcc.exe (GCC) 13.2.0
GNU Fortran (GCC) 13.2.0
- running under: Windows Server 2022 x64 (build 20348)
- using session charset: UTF-8
- checking for file 'fDMA/DESCRIPTION' ... OK
- checking extension type ... Package
- this is package 'fDMA' version '2.2.7'
- checking package namespace information ... OK
- checking package dependencies ... OK
- checking if this is a source package ... OK
- checking if there is a namespace ... OK
- checking for hidden files and directories ... OK
- checking for portable file names ... OK
- checking whether package 'fDMA' can be installed ... OK
See the install log for details.
- used C++ compiler: 'g++.exe (GCC) 13.2.0'
- checking installed package size ... OK
- checking package directory ... OK
- checking 'build' directory ... OK
- checking DESCRIPTION meta-information ... OK
- checking top-level files ... OK
- checking for left-over files ... OK
- checking index information ... OK
- checking package subdirectories ... OK
- checking code files for non-ASCII characters ... OK
- checking R files for syntax errors ... OK
- checking whether the package can be loaded ... [2s] OK
- checking whether the package can be loaded with stated dependencies ... [2s] OK
- checking whether the package can be unloaded cleanly ... [2s] OK
- checking whether the namespace can be loaded with stated dependencies ... [2s] OK
- checking whether the namespace can be unloaded cleanly ... [2s] OK
- checking loading without being on the library search path ... [2s] OK
- checking use of S3 registration ... OK
- checking dependencies in R code ... OK
- checking S3 generic/method consistency ... OK
- checking replacement functions ... OK
- checking foreign function calls ... OK
- checking R code for possible problems ... [16s] OK
- checking Rd files ... [1s] NOTE
checkRd: (-1) plot.dma.Rd:46: Lost braces; missing escapes or markup?
46 | If {x} comes from estimation of Dynamic Model Selection (DMS) or Median Probability Model (MED), after executing \code{plot} the User is asked to choose
| ^
- checking Rd metadata ... OK
- checking Rd cross-references ... OK
- checking for missing documentation entries ... OK
- checking for code/documentation mismatches ... OK
- checking Rd \usage sections ... OK
- checking Rd contents ... OK
- checking for unstated dependencies in examples ... OK
- checking contents of 'data' directory ... OK
- checking data for non-ASCII characters ... [0s] OK
- checking LazyData ... OK
- checking data for ASCII and uncompressed saves ... OK
- checking line endings in C/C++/Fortran sources/headers ... OK
- checking line endings in Makefiles ... OK
- checking compilation flags in Makevars ... OK
- checking for GNU extensions in Makefiles ... OK
- checking for portable use of $(BLAS_LIBS) and $(LAPACK_LIBS) ... OK
- checking use of PKG_*FLAGS in Makefiles ... OK
- checking pragmas in C/C++ headers and code ... OK
- checking compiled code ... OK
- checking sizes of PDF files under 'inst/doc' ... OK
- checking installed files from 'inst/doc' ... OK
- checking files in 'vignettes' ... OK
- checking examples ... [4s] ERROR
Running examples in 'fDMA-Ex.R' failed
The error most likely occurred in:
> ### Name: grid.DMA
> ### Title: Computes 'fDMA' Function for Multiple Values of 'alpha' and
> ### 'lambda'.
> ### Aliases: grid.DMA
>
> ### ** Examples
>
> wti <- crudeoil[-1,1]
> drivers <- (lag(crudeoil[,-1],k=1))[-1,]
> ld.wti <- (diff(log(wti)))[-1,]
> ld.drivers <- (diff(log(drivers)))[-1,]
> ## Don't show:
> gra <- c(0.99,0.98,0.97)
> grl <- c(0.99,0.95)
> g <- grid.DMA(y=ld.wti[1:20,1],x=ld.drivers[1:20,1:4],grid.alpha=gra,grid.lambda=grl,initvar=10)
Loading required package: zoo
Attaching package: 'zoo'
The following objects are masked from 'package:base':
as.Date, as.Date.numeric
- checking for unstated dependencies in vignettes ... OK
- checking package vignettes ... OK
- checking re-building of vignette outputs ... [1s] OK
- checking PDF version of manual ... [31s] OK
- checking HTML version of manual ... [11s] OK
- DONE
Status: 1 ERROR, 1 NOTE