- using R version 4.4.0 alpha (2024-03-26 r86209 ucrt)
- using platform: x86_64-w64-mingw32
- R was compiled by
gcc.exe (GCC) 13.2.0
GNU Fortran (GCC) 13.2.0
- running under: Windows Server 2022 x64 (build 20348)
- using session charset: UTF-8
- checking for file 'cssTools/DESCRIPTION' ... OK
- checking extension type ... Package
- this is package 'cssTools' version '1.0'
- checking package namespace information ... OK
- checking package dependencies ... OK
- checking if this is a source package ... OK
- checking if there is a namespace ... OK
- checking for hidden files and directories ... OK
- checking for portable file names ... OK
- checking whether package 'cssTools' can be installed ... OK
See the install log for details.
- checking installed package size ... OK
- checking package directory ... OK
- checking DESCRIPTION meta-information ... OK
- checking top-level files ... OK
- checking for left-over files ... OK
- checking index information ... OK
- checking package subdirectories ... OK
- checking code files for non-ASCII characters ... OK
- checking R files for syntax errors ... OK
- checking whether the package can be loaded ... [1s] OK
- checking whether the package can be loaded with stated dependencies ... [1s] OK
- checking whether the package can be unloaded cleanly ... [1s] OK
- checking whether the namespace can be loaded with stated dependencies ... [1s] OK
- checking whether the namespace can be unloaded cleanly ... [1s] OK
- checking loading without being on the library search path ... [1s] OK
- checking use of S3 registration ... OK
- checking dependencies in R code ... OK
- checking S3 generic/method consistency ... OK
- checking replacement functions ... OK
- checking foreign function calls ... OK
- checking R code for possible problems ... [4s] OK
- checking Rd files ... [1s] OK
- checking Rd metadata ... OK
- checking Rd cross-references ... OK
- checking for missing documentation entries ... OK
- checking for code/documentation mismatches ... OK
- checking Rd \usage sections ... OK
- checking Rd contents ... OK
- checking for unstated dependencies in examples ... OK
- checking contents of 'data' directory ... OK
- checking data for non-ASCII characters ... [0s] OK
- checking data for ASCII and uncompressed saves ... OK
- checking examples ... [1s] ERROR
Running examples in 'cssTools-Ex.R' failed
The error most likely occurred in:
> ### Name: atm
> ### Title: Estimate a Network Using the Adaptive Threshold Method
> ### Aliases: atm
>
> ### ** Examples
>
> # Consider the example in Siciliano et. al. (2012),
> # a network with five actors A, B, C, D, E
> sA=matrix(c(0,0,1,0,1,0,0,1,0,0,1,1,0,0,0,0,0,0,0,0,1,0,0,0,0),5,5)
> sB=matrix(c(0,1,0,0,0,1,0,1,0,0,0,1,0,0,0,0,0,0,0,0,0,1,1,0,0),5,5)
> sC=matrix(c(0,1,1,0,0,0,0,1,0,0,0,1,0,0,0,0,0,0,0,0,0,0,0,0,0),5,5)
> sD=matrix(c(0,0,1,0,1,0,0,1,1,0,1,1,0,0,0,0,1,0,0,1,1,0,0,1,0),5,5)
> sE=matrix(c(0,0,0,1,0,0,0,0,0,1,0,0,0,0,0,1,0,0,0,1,0,1,0,1,0),5,5)
> d=array(dim=c(5,5,5))
> d[,,1]=sA
> d[,,2]=sB
> d[,,3]=sC
> d[,,4]=sD
> d[,,5]=sE
>
> # Suppose you randomly sampled A, D, and E
> sampled=c(1,4,5)
>
> # Then all you have is the following three sampled slices of A, D and E
> dSampled=d[,,sampled]
>
> # For a given alpha value, say 0.2, we can combine these slices as follows,
> # which gives an estimate of the complete network
> atm(dSampled,sampled,0.2)
- checking PDF version of manual ... [20s] OK
- checking HTML version of manual ... [2s] OK
- DONE
Status: 1 ERROR