- using R Under development (unstable) (2024-03-22 r86169 ucrt)
- using platform: x86_64-w64-mingw32
- R was compiled by
gcc.exe (GCC) 13.2.0
GNU Fortran (GCC) 13.2.0
- running under: Windows Server 2022 x64 (build 20348)
- using session charset: UTF-8
- checking for file 'arkhe/DESCRIPTION' ... OK
- this is package 'arkhe' version '1.6.0'
- package encoding: UTF-8
- checking package namespace information ... OK
- checking package dependencies ... OK
- checking if this is a source package ... OK
- checking if there is a namespace ... OK
- checking for hidden files and directories ... OK
- checking for portable file names ... OK
- checking whether package 'arkhe' can be installed ... OK
See the install log for details.
- checking installed package size ... OK
- checking package directory ... OK
- checking DESCRIPTION meta-information ... OK
- checking top-level files ... OK
- checking for left-over files ... OK
- checking index information ... OK
- checking package subdirectories ... OK
- checking code files for non-ASCII characters ... OK
- checking R files for syntax errors ... OK
- checking whether the package can be loaded ... [0s] OK
- checking whether the package can be loaded with stated dependencies ... [0s] OK
- checking whether the package can be unloaded cleanly ... [0s] OK
- checking whether the namespace can be loaded with stated dependencies ... [0s] OK
- checking whether the namespace can be unloaded cleanly ... [0s] OK
- checking loading without being on the library search path ... [0s] OK
- checking whether startup messages can be suppressed ... [0s] OK
- checking use of S3 registration ... OK
- checking dependencies in R code ... OK
- checking S3 generic/method consistency ... OK
- checking replacement functions ... OK
- checking foreign function calls ... OK
- checking R code for possible problems ... [5s] OK
- checking Rd files ... [1s] OK
- checking Rd metadata ... OK
- checking Rd cross-references ... OK
- checking for missing documentation entries ... OK
- checking for code/documentation mismatches ... OK
- checking Rd \usage sections ... OK
- checking Rd contents ... OK
- checking for unstated dependencies in examples ... OK
- checking examples ... [2s] OK
- checking for unstated dependencies in 'tests' ... OK
- checking tests ... [156s] ERROR
Running 'tinytest.R' [156s]
Running the tests in 'tests/tinytest.R' failed.
Complete output:
>
> if ( requireNamespace("tinytest", quietly=TRUE) ){
+ tinytest::test_package("arkhe")
+ }
Attaching package: 'arkhe'
The following object is masked from 'package:base':
%||%
test_assert.R................. 1 tests [0;32mOK [0m
test_assert.R................. 2 tests [0;32mOK [0m
test_assert.R................. 3 tests [0;32mOK [0m
test_assert.R................. 3 tests [0;32mOK [0m
test_assert.R................. 4 tests [0;32mOK [0m
test_assert.R................. 4 tests [0;32mOK [0m
test_assert.R................. 4 tests [0;32mOK [0m
test_assert.R................. 5 tests [0;32mOK [0m
test_assert.R................. 6 tests [0;32mOK [0m
test_assert.R................. 6 tests [0;32mOK [0m
test_assert.R................. 6 tests [0;32mOK [0m
test_assert.R................. 7 tests [0;32mOK [0m
test_assert.R................. 7 tests [0;32mOK [0m
test_assert.R................. 7 tests [0;32mOK [0m
test_assert.R................. 8 tests [0;32mOK [0m
test_assert.R................. 9 tests [0;32mOK [0m
test_assert.R................. 9 tests [0;32mOK [0m
test_assert.R................. 10 tests [0;32mOK [0m
test_assert.R................. 11 tests [0;32mOK [0m
test_assert.R................. 11 tests [0;32mOK [0m
test_assert.R................. 12 tests [0;32mOK [0m
test_assert.R................. 12 tests [0;32mOK [0m
test_assert.R................. 13 tests [0;32mOK [0m
test_assert.R................. 13 tests [0;32mOK [0m
test_assert.R................. 14 tests [0;32mOK [0m
test_assert.R................. 15 tests [0;32mOK [0m
test_assert.R................. 16 tests [0;32mOK [0m
test_assert.R................. 16 tests [0;32mOK [0m
test_assert.R................. 16 tests [0;32mOK [0m
test_assert.R................. 17 tests [0;32mOK [0m
test_assert.R................. 18 tests [0;32mOK [0m
test_assert.R................. 18 tests [0;32mOK [0m
test_assert.R................. 19 tests [0;32mOK [0m
test_assert.R................. 19 tests [0;32mOK [0m
test_assert.R................. 19 tests [0;32mOK [0m
test_assert.R................. 20 tests [0;32mOK [0m
test_assert.R................. 21 tests [0;32mOK [0m
test_assert.R................. 21 tests [0;32mOK [0m
test_assert.R................. 21 tests [0;32mOK [0m
test_assert.R................. 22 tests [0;32mOK [0m
test_assert.R................. 23 tests [0;32mOK [0m
test_assert.R................. 23 tests [0;32mOK [0m
test_assert.R................. 23 tests [0;32mOK [0m
test_assert.R................. 24 tests [0;32mOK [0m
test_assert.R................. 24 tests [0;32mOK [0m
test_assert.R................. 25 tests [0;32mOK [0m
test_assert.R................. 25 tests [0;32mOK [0m
test_assert.R................. 25 tests [0;32mOK [0m
test_assert.R................. 26 tests [0;32mOK [0m
test_assert.R................. 27 tests [0;32mOK [0m
test_assert.R................. 27 tests [0;32mOK [0m
test_assert.R................. 27 tests [0;32mOK [0m
test_assert.R................. 27 tests [0;32mOK [0m
test_assert.R................. 28 tests [0;32mOK [0m
test_assert.R................. 28 tests [0;32mOK [0m
test_assert.R................. 29 tests [0;32mOK [0m
test_assert.R................. 29 tests [0;32mOK [0m
test_assert.R................. 30 tests [0;32mOK [0m
test_assert.R................. 30 tests [0;32mOK [0m
test_assert.R................. 30 tests [0;32mOK [0m
test_assert.R................. 31 tests [0;32mOK [0m
test_assert.R................. 31 tests [0;32mOK [0m
test_assert.R................. 31 tests [0;32mOK [0m
test_assert.R................. 32 tests [0;32mOK [0m
test_assert.R................. 32 tests [0;32mOK [0m
test_assert.R................. 33 tests [0;32mOK [0m
test_assert.R................. 33 tests [0;32mOK [0m
test_assert.R................. 33 tests [0;32mOK [0m
test_assert.R................. 34 tests [0;32mOK [0m
test_assert.R................. 34 tests [0;32mOK [0m
test_assert.R................. 34 tests [0;32mOK [0m
test_assert.R................. 35 tests [0;32mOK [0m
test_assert.R................. 36 tests [0;32mOK [0m
test_assert.R................. 36 tests [0;32mOK [0m
test_assert.R................. 36 tests [0;32mOK [0m
test_assert.R................. 37 tests [0;32mOK [0m
test_assert.R................. 38 tests [0;32mOK [0m
test_assert.R................. 38 tests [0;32mOK [0m
test_assert.R................. 38 tests [0;32mOK [0m
test_assert.R................. 39 tests [0;32mOK [0m
test_assert.R................. 40 tests [0;32mOK [0m
test_assert.R................. 40 tests [0;32mOK [0m
test_assert.R................. 40 tests [0;32mOK [0m
test_assert.R................. 41 tests [0;32mOK [0m
test_assert.R................. 41 tests [0;32mOK [0m
test_assert.R................. 41 tests [0;32mOK [0m
test_assert.R................. 42 tests [0;32mOK [0m
test_assert.R................. 42 tests [0;32mOK [0m
test_assert.R................. 42 tests [0;32mOK [0m
test_assert.R................. 43 tests [0;32mOK [0m
test_assert.R................. 43 tests [0;32mOK [0m
test_assert.R................. 43 tests [0;32mOK [0m
test_assert.R................. 44 tests [0;32mOK [0m
test_assert.R................. 44 tests [0;32mOK [0m
test_assert.R................. 44 tests [0;32mOK [0m
test_assert.R................. 45 tests [0;32mOK [0m
test_assert.R................. 45 tests [0;32mOK [0m
test_assert.R................. 45 tests [0;32mOK [0m
test_assert.R................. 46 tests [0;32mOK [0m
test_assert.R................. 47 tests [0;32mOK [0m
test_assert.R................. 47 tests [0;32mOK [0m
test_assert.R................. 47 tests [0;32mOK [0m
test_assert.R................. 48 tests [0;32mOK [0m
test_assert.R................. 48 tests [0;32mOK [0m
test_assert.R................. 49 tests [0;32mOK [0m
test_assert.R................. 49 tests [0;32mOK [0m
test_assert.R................. 49 tests [0;32mOK [0m
test_assert.R................. 50 tests [0;32mOK [0m
test_assert.R................. 50 tests [0;32mOK [0m
test_assert.R................. 51 tests [0;32mOK [0m
test_assert.R................. 51 tests [0;32mOK [0m
test_assert.R................. 52 tests [0;32mOK [0m
test_assert.R................. 53 tests [0;32mOK [0m
test_assert.R................. 53 tests [0;32mOK [0m
test_assert.R................. 53 tests [0;32mOK [0m
test_assert.R................. 53 tests [0;32mOK [0m
test_assert.R................. 54 tests [0;32mOK [0m
test_assert.R................. 54 tests [0;32mOK [0m
test_assert.R................. 55 tests [0;32mOK [0m
test_assert.R................. 56 tests [0;32mOK [0m
test_assert.R................. 56 tests [0;32mOK [0m
test_assert.R................. 56 tests [0;32mOK [0m
test_assert.R................. 57 tests [0;32mOK [0m
test_assert.R................. 57 tests [0;32mOK [0m
test_assert.R................. 58 tests [0;32mOK [0m
test_assert.R................. 58 tests [0;32mOK [0m
test_assert.R................. 59 tests [0;32mOK [0m [0;36m92ms [0m
test_assign.R................. 0 tests
test_assign.R................. 0 tests
test_assign.R................. 0 tests
test_assign.R................. 1 tests [0;32mOK [0m
test_assign.R................. 1 tests [0;32mOK [0m
test_assign.R................. 1 tests [0;32mOK [0m
test_assign.R................. 1 tests [0;32mOK [0m
test_assign.R................. 2 tests [0;32mOK [0m
test_assign.R................. 2 tests [0;32mOK [0m
test_assign.R................. 2 tests [0;32mOK [0m
test_assign.R................. 2 tests [0;32mOK [0m
test_assign.R................. 3 tests [0;32mOK [0m [0;36m8ms [0m
test_clean.R.................. 0 tests
test_clean.R.................. 0 tests
test_clean.R.................. 0 tests
test_clean.R.................. 0 tests
test_clean.R.................. 0 tests
test_clean.R.................. 1 tests [0;32mOK [0m
test_clean.R.................. 2 tests [0;32mOK [0m
test_clean.R.................. 3 tests [0;32mOK [0m
test_clean.R.................. 3 tests [0;32mOK [0m
test_clean.R.................. 4 tests [0;32mOK [0m
test_clean.R.................. 5 tests [0;32mOK [0m [0;36m10ms [0m
test_compact.R................ 0 tests
test_compact.R................ 0 tests
test_compact.R................ 1 tests [0;32mOK [0m
test_compact.R................ 1 tests [0;32mOK [0m
test_compact.R................ 1 tests [0;32mOK [0m
test_compact.R................ 1 tests [0;32mOK [0m
test_compact.R................ 1 tests [0;32mOK [0m
test_compact.R................ 2 tests [0;32mOK [0m
test_compact.R................ 3 tests [0;32mOK [0m
test_compact.R................ 3 tests [0;32mOK [0m
test_compact.R................ 4 tests [0;32mOK [0m
test_compact.R................ 5 tests [0;32mOK [0m
test_compact.R................ 5 tests [0;32mOK [0m
test_compact.R................ 5 tests [0;32mOK [0m
test_compact.R................ 5 tests [0;32mOK [0m
test_compact.R................ 6 tests [0;32mOK [0m
test_compact.R................ 6 tests [0;32mOK [0m
test_compact.R................ 6 tests [0;32mOK [0m
test_compact.R................ 6 tests [0;32mOK [0m
test_compact.R................ 6 tests [0;32mOK [0m
test_compact.R................ 7 tests [0;32mOK [0m
test_compact.R................ 8 tests [0;32mOK [0m
test_compact.R................ 8 tests [0;32mOK [0m
test_compact.R................ 9 tests [0;32mOK [0m
test_compact.R................ 10 tests [0;32mOK [0m
test_compact.R................ 10 tests [0;32mOK [0m
test_compact.R................ 10 tests [0;32mOK [0m
test_compact.R................ 11 tests [0;32mOK [0m
test_compact.R................ 11 tests [0;32mOK [0m
test_compact.R................ 12 tests [0;32mOK [0m
test_compact.R................ 12 tests [0;32mOK [0m
test_compact.R................ 12 tests [0;32mOK [0m
test_compact.R................ 12 tests [0;32mOK [0m
test_compact.R................ 12 tests [0;32mOK [0m
test_compact.R................ 13 tests [0;32mOK [0m
test_compact.R................ 13 tests [0;32mOK [0m
test_compact.R................ 14 tests [0;32mOK [0m
test_compact.R................ 15 tests [0;32mOK [0m
test_compact.R................ 15 tests [0;32mOK [0m
test_compact.R................ 16 tests [0;32mOK [0m
test_compact.R................ 16 tests [0;32mOK [0m
test_compact.R................ 17 tests [0;32mOK [0m
test_compact.R................ 18 tests [0;32mOK [0m [0;36m14ms [0m
test_conditions.R............. 0 tests
test_conditions.R............. 1 tests [0;32mOK [0m
test_conditions.R............. 1 tests [0;32mOK [0m
test_conditions.R............. 2 tests [0;32mOK [0m
test_conditions.R............. 2 tests [0;32mOK [0m
test_conditions.R............. 3 tests [0;32mOK [0m
test_conditions.R............. 3 tests [0;32mOK [0m
test_conditions.R............. 4 tests [0;32mOK [0m
test_conditions.R............. 4 tests [0;32mOK [0m
test_conditions.R............. 5 tests [0;32mOK [0m
test_conditions.R............. 5 tests [0;32mOK [0m
test_conditions.R............. 6 tests [0;32mOK [0m [0;36m4ms [0m
test_count.R.................. 0 tests
test_count.R.................. 1 tests [0;32mOK [0m
test_count.R.................. 1 tests [0;32mOK [0m
test_count.R.................. 2 tests [0;32mOK [0m
test_count.R.................. 2 tests [0;32mOK [0m
test_count.R.................. 3 tests [0;32mOK [0m
test_count.R.................. 3 tests [0;32mOK [0m
test_count.R.................. 4 tests [0;32mOK [0m
test_count.R.................. 4 tests [0;32mOK [0m
test_count.R.................. 4 tests [0;32mOK [0m
test_count.R.................. 5 tests [0;32mOK [0m [0;36m5ms [0m
test_describe.R............... 0 tests
test_describe.R............... 1 tests [0;32mOK [0m
test_describe.R............... 2 tests [0;32mOK [0m
test_describe.R............... 3 tests [0;32mOK [0m [0;36m12ms [0m
test_detect.R................. 0 tests
test_detect.R................. 1 tests [0;32mOK [0m
test_detect.R................. 1 tests [0;32mOK [0m
test_detect.R................. 2 tests [0;32mOK [0m
test_detect.R................. 2 tests [0;32mOK [0m
test_detect.R................. 3 tests [0;32mOK [0m
test_detect.R................. 3 tests [0;32mOK [0m
test_detect.R................. 4 tests [0;32mOK [0m
test_detect.R................. 5 tests [0;32mOK [0m [0;36m4ms [0m
test_discard.R................ 0 tests
test_discard.R................ 0 tests
test_discard.R................ 1 tests [0;32mOK [0m
test_discard.R................ 2 tests [0;32mOK [0m
test_discard.R................ 2 tests [0;32mOK [0m
test_discard.R................ 2 tests [0;32mOK [0m
test_discard.R................ 3 tests [0;32mOK [0m
test_discard.R................ 4 tests [0;32mOK [0m
test_discard.R................ 4 tests [0;32mOK [0m
test_discard.R................ 4 tests [0;32mOK [0m
test_discard.R................ 5 tests [0;32mOK [0m
test_discard.R................ 6 tests [0;32mOK [0m
test_discard.R................ 7 tests [0;32mOK [0m
test_discard.R................ 7 tests [0;32mOK [0m
test_discard.R................ 8 tests [0;32mOK [0m
test_discard.R................ 9 tests [0;32mOK [0m
test_discard.R................ 10 tests [0;32mOK [0m [0;36m8ms [0m
test_keep.R................... 0 tests
test_keep.R................... 0 tests
test_keep.R................... 1 tests [0;32mOK [0m
test_keep.R................... 1 tests [0;32mOK [0m
test_keep.R................... 1 tests [0;32mOK [0m
test_keep.R................... 2 tests [0;32mOK [0m
test_keep.R................... 2 tests [0;32mOK [0m
test_keep.R................... 2 tests [0;32mOK [0m
test_keep.R................... 3 tests [0;32mOK [0m
test_keep.R................... 4 tests [0;32mOK [0m
test_keep.R................... 4 tests [0;32mOK [0m
test_keep.R................... 5 tests [0;32mOK [0m
test_keep.R................... 6 tests [0;32mOK [0m
test_keep.R................... 6 tests [0;32mOK [0m
test_keep.R................... 7 tests [0;32mOK [0m
test_keep.R................... 8 tests [0;32mOK [0m
test_keep.R................... 8 tests [0;32mOK [0m
test_keep.R................... 9 tests [0;32mOK [0m
test_keep.R................... 10 tests [0;32mOK [0m [0;36m9ms [0m
test_mathematics.R............ 1 tests [0;32mOK [0m
test_mathematics.R............ 2 tests [0;32mOK [0m [0;36m3ms [0m
test_palettes.R............... 0 tests
test_palettes.R............... 1 tests [0;32mOK [0m
test_palettes.R............... 2 tests [0;32mOK [0m
test_palettes.R............... 3 tests [0;32mOK [0m
test_palettes.R............... 4 tests [0;32mOK [0m
test_palettes.R............... 5 tests [0;32mOK [0m
test_palettes.R............... 6 tests [0;32mOK [0m
test_palettes.R............... 7 tests [0;32mOK [0m
test_palettes.R............... 8 tests [0;32mOK [0m
test_palettes.R............... 9 tests [0;32mOK [0m
test_palettes.R............... 10 tests [0;32mOK [0m
test_palettes.R............... 11 tests [0;32mOK [0m
test_palettes.R............... 12 tests [0;32mOK [0m
test_palettes.R............... 13 tests [0;32mOK [0m
test_palettes.R............... 14 tests [0;32mOK [0m
test_palettes.R............... 15 tests [0;32mOK [0m
test_palettes.R............... 16 tests [0;32mOK [0m
test_palettes.R............... 17 tests [0;32mOK [0m
test_palettes.R............... 18 tests [0;32mOK [0m
test_palettes.R............... 19 tests [0;32mOK [0m
test_palettes.R............... 20 tests [0;32mOK [0m
test_palettes.R............... 21 tests [0;32mOK [0m
test_palettes.R............... 22 tests [0;32mOK [0m
test_palettes.R............... 23 tests [0;32mOK [0m
test_palettes.R............... 24 tests [0;32mOK [0m
test_palettes.R............... 25 tests [0;32mOK [0m
test_palettes.R............... 26 tests [0;32mOK [0m [0;36m16ms [0m
test_predicates.R............. 1 tests [0;32mOK [0m
test_predicates.R............. 2 tests [0;32mOK [0m
test_predicates.R............. 3 tests [0;32mOK [0m
test_predicates.R............. 4 tests [0;32mOK [0m
test_predicates.R............. 5 tests [0;32mOK [0m
test_predicates.R............. 6 tests [0;32mOK [0m
test_predicates.R............. 6 tests [0;32mOK [0m
test_predicates.R............. 7 tests [0;32mOK [0m
test_predicates.R............. 7 tests [0;32mOK [0m
test_predicates.R............. 8 tests [0;32mOK [0m
test_predicates.R............. 8 tests [0;32mOK [0m
test_predicates.R............. 8 tests [0;32mOK [0m
test_predicates.R............. 9 tests [0;32mOK [0m
test_predicates.R............. 10 tests [0;32mOK [0m
test_predicates.R............. 11 tests [0;32mOK [0m
test_predicates.R............. 12 tests [0;32mOK [0m
test_predicates.R............. 13 tests [0;32mOK [0m
test_predicates.R............. 14 tests [0;32mOK [0m
test_predicates.R............. 14 tests [0;32mOK [0m
test_predicates.R............. 14 tests [0;32mOK [0m
test_predicates.R............. 15 tests [0;32mOK [0m
test_predicates.R............. 16 tests [0;32mOK [0m
test_predicates.R............. 17 tests [0;32mOK [0m
test_predicates.R............. 18 tests [0;32mOK [0m
test_predicates.R............. 19 tests [0;32mOK [0m
test_predicates.R............. 20 tests [0;32mOK [0m
test_predicates.R............. 21 tests [0;32mOK [0m
test_predicates.R............. 22 tests [0;32mOK [0m
test_predicates.R............. 23 tests [0;32mOK [0m
test_predicates.R............. 24 tests [0;32mOK [0m
test_predicates.R............. 25 tests [0;32mOK [0m
test_predicates.R............. 26 tests [0;32mOK [0m
test_predicates.R............. 27 tests [0;32mOK [0m
test_predicates.R............. 28 tests [0;32mOK [0m
test_predicates.R............. 29 tests [0;32mOK [0m
test_predicates.R............. 30 tests [0;32mOK [0m
test_predicates.R............. 31 tests [0;32mOK [0m
test_predicates.R............. 32 tests [0;32mOK [0m
test_predicates.R............. 33 tests [0;32mOK [0m
test_predicates.R............. 34 tests [0;32mOK [0m
test_predicates.R............. 35 tests [0;32mOK [0m
test_predicates.R............. 36 tests [0;32mOK [0m
test_predicates.R............. 37 tests [0;32mOK [0m
test_predicates.R............. 38 tests [0;32mOK [0m
test_predicates.R............. 39 tests [0;32mOK [0m
test_predicates.R............. 40 tests [0;32mOK [0m
test_predicates.R............. 41 tests [0;32mOK [0m
test_predicates.R............. 42 tests [0;32mOK [0m
test_predicates.R............. 43 tests [0;32mOK [0m
test_predicates.R............. 44 tests [0;32mOK [0m
test_predicates.R............. 45 tests [0;32mOK [0m
test_predicates.R............. 46 tests [0;32mOK [0m
test_predicates.R............. 47 tests [0;32mOK [0m
test_predicates.R............. 48 tests [0;32mOK [0m
test_predicates.R............. 49 tests [0;32mOK [0m
test_predicates.R............. 50 tests [0;32mOK [0m
test_predicates.R............. 51 tests [0;32mOK [0m
test_predicates.R............. 52 tests [0;32mOK [0m
test_predicates.R............. 53 tests [0;32mOK [0m
test_predicates.R............. 54 tests [0;32mOK [0m
test_predicates.R............. 55 tests [0;32mOK [0m
test_predicates.R............. 56 tests [0;32mOK [0m
test_predicates.R............. 57 tests [0;32mOK [0m
test_predicates.R............. 58 tests [0;32mOK [0m
test_predicates.R............. 59 tests [0;32mOK [0m
test_predicates.R............. 60 tests [0;32mOK [0m
test_predicates.R............. 61 tests [0;32mOK [0m
test_predicates.R............. 62 tests [0;32mOK [0m
test_predicates.R............. 63 tests [0;32mOK [0m
test_predicates.R............. 64 tests [0;32mOK [0m
test_predicates.R............. 65 tests [0;32mOK [0m
test_predicates.R............. 66 tests [0;32mOK [0m
test_predicates.R............. 67 tests [0;32mOK [0m
test_predicates.R............. 68 tests [0;32mOK [0m
test_predicates.R............. 69 tests [0;32mOK [0m
test_predicates.R............. 70 tests [0;32mOK [0m
test_predicates.R............. 71 tests [0;32mOK [0m
test_predicates.R............. 72 tests [0;32mOK [0m
test_predicates.R............. 73 tests [0;32mOK [0m
test_predicates.R............. 74 tests [0;32mOK [0m
test_predicates.R............. 75 tests [0;32mOK [0m
test_predicates.R............. 76 tests [0;32mOK [0m
test_predicates.R............. 77 tests [0;32mOK [0m
test_predicates.R............. 78 tests [0;32mOK [0m
test_predicates.R............. 79 tests [0;32mOK [0m
test_predicates.R............. 80 tests [0;32mOK [0m
test_predicates.R............. 81 tests [0;32mOK [0m
test_predicates.R............. 82 tests [0;32mOK [0m
test_predicates.R............. 83 tests [0;32mOK [0m
test_predicates.R............. 84 tests [0;32mOK [0m
test_predicates.R............. 85 tests [0;32mOK [0m
test_predicates.R............. 86 tests [0;32mOK [0m
test_predicates.R............. 87 tests [0;32mOK [0m
test_predicates.R............. 88 tests [0;32mOK [0m
test_predicates.R............. 89 tests [0;32mOK [0m
test_predicates.R............. 90 tests [0;32mOK [0m
test_predicates.R............. 91 tests [0;32mOK [0m
test_predicates.R............. 92 tests [0;32mOK [0m
test_predicates.R............. 93 tests [0;32mOK [0m
test_predicates.R............. 94 tests [0;32mOK [0m
test_predicates.R............. 95 tests [0;32mOK [0m
test_predicates.R............. 96 tests [0;32mOK [0m
test_predicates.R............. 97 tests [0;32mOK [0m
test_predicates.R............. 98 tests [0;32mOK [0m
test_predicates.R............. 98 tests [0;32mOK [0m
test_predicates.R............. 98 tests [0;32mOK [0m
test_predicates.R............. 99 tests [0;32mOK [0m
test_predicates.R............. 100 tests [0;32mOK [0m
test_predicates.R............. 101 tests [0;32mOK [0m
test_predicates.R............. 102 tests [0;32mOK [0m
test_predicates.R............. 103 tests [0;32mOK [0m
test_predicates.R............. 104 tests [0;32mOK [0m
test_predicates.R............. 105 tests [0;32mOK [0m
test_predicates.R............. 106 tests [0;32mOK [0m
test_predicates.R............. 107 tests [0;32mOK [0m
test_predicates.R............. 108 tests [0;32mOK [0m
test_predicates.R............. 109 tests [0;32mOK [0m
test_predicates.R............. 109 tests [0;32mOK [0m
test_predicates.R............. 109 tests [0;32mOK [0m
test_predicates.R............. 109 tests [0;32mOK [0m
test_predicates.R............. 110 tests [0;32mOK [0m
test_predicates.R............. 111 tests [0;32mOK [0m
test_predicates.R............. 112 tests [0;32mOK [0m [0;36m23ms [0m
test_remove.R................. 0 tests
test_remove.R................. 0 tests
test_remove.R................. 1 tests [0;32mOK [0m
test_remove.R................. 1 tests [0;32mOK [0m
test_remove.R................. 2 tests [0;32mOK [0m
test_remove.R................. 2 tests [0;32mOK [0m
test_remove.R................. 3 tests [0;32mOK [0m
test_remove.R................. 3 tests [0;32mOK [0m
test_remove.R................. 4 tests [0;32mOK [0m
test_remove.R................. 4 tests [0;32mOK [0m
test_remove.R................. 5 tests [0;32mOK [0m
test_remove.R................. 5 tests [0;32mOK [0m
test_remove.R................. 6 tests [0;32mOK [0m
test_remove.R................. 6 tests [0;32mOK [0m
test_remove.R................. 7 tests [0;32mOK [0m
test_remove.R................. 7 tests [0;32mOK [0m
test_remove.R................. 8 tests [0;32mOK [0m
test_remove.R................. 8 tests [0;32mOK [0m
test_remove.R................. 9 tests [0;32mOK [0m
test_remove.R................. 9 tests [0;32mOK [0m
test_remove.R................. 10 tests [0;32mOK [0m
test_remove.R................. 10 tests [0;32mOK [0m
test_remove.R................. 11 tests [0;32mOK [0m
test_remove.R................. 11 tests [0;32mOK [0m
test_remove.R................. 12 tests [0;32mOK [0m
test_remove.R................. 12 tests [0;32mOK [0m
test_remove.R................. 13 tests [0;32mOK [0m
test_remove.R................. 13 tests [0;32mOK [0m
test_remove.R................. 14 tests [0;32mOK [0m
test_remove.R................. 14 tests [0;32mOK [0m
test_remove.R................. 15 tests [0;32mOK [0m
test_remove.R................. 15 tests [0;32mOK [0m
test_remove.R................. 16 tests [0;32mOK [0m
test_remove.R................. 16 tests [0;32mOK [0m
test_remove.R................. 16 tests [0;32mOK [0m
test_remove.R................. 17 tests [0;32mOK [0m
test_remove.R................. 17 tests [0;32mOK [0m
test_remove.R................. 18 tests [0;32mOK [0m
test_remove.R................. 19 tests [0;32mOK [0m [0;36m36ms [0m
test_replace.R................ 0 tests
test_replace.R................ 0 tests
test_replace.R................ 0 tests
test_replace.R................ 0 tests
test_replace.R................ 0 tests
test_replace.R................ 0 tests
test_replace.R................ 0 tests
test_replace.R................ 0 tests
test_replace.R................ 1 tests [0;32mOK [0m
test_replace.R................ 1 tests [0;32mOK [0m
test_replace.R................ 2 tests [0;32mOK [0m
test_replace.R................ 2 tests [0;32mOK [0m
test_replace.R................ 3 tests [0;32mOK [0m
test_replace.R................ 3 tests [0;32mOK [0m
test_replace.R................ 4 tests [0;32mOK [0m
test_replace.R................ 4 tests [0;32mOK [0m
test_replace.R................ 4 tests [0;32mOK [0m
test_replace.R................ 4 tests [0;32mOK [0m
test_replace.R................ 4 tests [0;32mOK [0m
test_replace.R................ 4 tests [0;32mOK [0m
test_replace.R................ 5 tests [0;32mOK [0m [0;36m6ms [0m
test_scale.R.................. 1 tests [0;32mOK [0m
test_scale.R.................. 2 tests [0;32mOK [0m
test_scale.R.................. 3 tests [0;32mOK [0m [0;36m2ms [0m
test_seek.R................... 1 tests [0;32mOK [0m
test_seek.R................... 2 tests [0;32mOK [0m
test_seek.R................... 3 tests [0;32mOK [0m
test_seek.R................... 4 tests [0;32mOK [0m
test_seek.R................... 4 tests [0;32mOK [0m
test_seek.R................... 5 tests [0;32mOK [0m
test_seek.R................... 5 tests [0;32mOK [0m
test_seek.R................... 6 tests [0;32mOK [0m
test_seek.R................... 7 tests [0;32mOK [0m
test_seek.R................... 8 tests [0;32mOK [0m
test_seek.R................... 9 tests [0;32mOK [0m
test_seek.R................... 10 tests [0;32mOK [0m [0;36m6ms [0m
test_statistics.R............. 1 tests [0;32mOK [0m
test_statistics.R............. 2 tests [0;32mOK [0m
test_statistics.R............. 2 tests [0;32mOK [0m
test_statistics.R............. 2 tests [0;32mOK [0m
test_statistics.R............. 3 tests [0;32mOK [0m
test_statistics.R............. 3 tests [0;32mOK [0m
test_statistics.R............. 4 tests [0;32mOK [0m
test_statistics.R............. 4 tests [0;32mOK [0m
test_statistics.R............. 5 tests [0;32mOK [0m
test_statistics.R............. 5 tests [0;32mOK [0m
test_statistics.R............. 6 tests [0;32mOK [0m
test_statistics.R............. 7 tests [0;32mOK [0m
test_statistics.R............. 7 tests [0;32mOK [0m
test_statistics.R............. 8 tests [0;32mOK [0m
test_statistics.R............. 8 tests [0;32mOK [0m
test_statistics.R............. 9 tests [0;32mOK [0m
test_statistics.R............. 9 tests [0;32mOK [0m
test_statistics.R............. 10 tests [0;32mOK [0m
test_statistics.R............. 11 tests [0;32mOK [0m [0;36m51ms [0m
test_utilities.R.............. 1 tests [0;32mOK [0m
test_utilities.R.............. 2 tests [0;32mOK [0m
test_utilities.R.............. 3 tests [0;32mOK [0m
test_utilities.R.............. 4 tests [0;32mOK [0m
test_utilities.R.............. 5 tests [0;32mOK [0m
test_utilities.R.............. 6 tests [0;32mOK [0m [0;36m3ms [0m
All ok, 318 results (0.3s)
>
>
> proc.time()
user system elapsed
0.50 0.14 0.62
- checking PDF version of manual ... [23s] OK
- checking HTML version of manual ... [10s] OK
- DONE
Status: 1 ERROR