- using R Under development (unstable) (2024-04-23 r86473 ucrt)
- using platform: x86_64-w64-mingw32
- R was compiled by
gcc.exe (GCC) 13.2.0
GNU Fortran (GCC) 13.2.0
- running under: Windows Server 2022 x64 (build 20348)
- using session charset: UTF-8
- checking for file 'applicable/DESCRIPTION' ... OK
- this is package 'applicable' version '0.1.0'
- package encoding: UTF-8
- checking package namespace information ... OK
- checking package dependencies ... OK
- checking if this is a source package ... OK
- checking if there is a namespace ... OK
- checking for hidden files and directories ... OK
- checking for portable file names ... OK
- checking whether package 'applicable' can be installed ... OK
See the install log for details.
- checking installed package size ... OK
- checking package directory ... OK
- checking 'build' directory ... OK
- checking DESCRIPTION meta-information ... OK
- checking top-level files ... OK
- checking for left-over files ... OK
- checking index information ... OK
- checking package subdirectories ... OK
- checking code files for non-ASCII characters ... OK
- checking R files for syntax errors ... OK
- checking whether the package can be loaded ... [2s] OK
- checking whether the package can be loaded with stated dependencies ... [2s] OK
- checking whether the package can be unloaded cleanly ... [2s] OK
- checking whether the namespace can be loaded with stated dependencies ... [2s] OK
- checking whether the namespace can be unloaded cleanly ... [2s] OK
- checking loading without being on the library search path ... [2s] OK
- checking whether startup messages can be suppressed ... [2s] OK
- checking use of S3 registration ... OK
- checking dependencies in R code ... OK
- checking S3 generic/method consistency ... OK
- checking replacement functions ... OK
- checking foreign function calls ... OK
- checking R code for possible problems ... [7s] OK
- checking Rd files ... [1s] OK
- checking Rd metadata ... OK
- checking Rd cross-references ... OK
- checking for missing documentation entries ... OK
- checking for code/documentation mismatches ... OK
- checking Rd \usage sections ... OK
- checking Rd contents ... OK
- checking for unstated dependencies in examples ... OK
- checking contents of 'data' directory ... OK
- checking data for non-ASCII characters ... [0s] OK
- checking LazyData ... OK
- checking data for ASCII and uncompressed saves ... OK
- checking installed files from 'inst/doc' ... OK
- checking files in 'vignettes' ... OK
- checking examples ... [8s] OK
- checking for unstated dependencies in 'tests' ... OK
- checking tests ... [9s] ERROR
Running 'spelling.R' [0s]
Running 'testthat.R' [8s]
Running the tests in 'tests/testthat.R' failed.
Complete output:
> library(testthat)
> library(applicable)
Loading required package: ggplot2
>
> test_check("applicable")
Loading required package: dplyr
Attaching package: 'dplyr'
The following object is masked from 'package:testthat':
matches
The following objects are masked from 'package:stats':
filter, lag
The following objects are masked from 'package:base':
intersect, setdiff, setequal, union
Attaching package: 'recipes'
The following object is masked from 'package:stats':
step
Attaching package: 'proxyC'
The following object is masked from 'package:stats':
dist
[ FAIL 1 | WARN 0 | SKIP 22 | PASS 92 ]
══ Skipped tests (22) ══════════════════════════════════════════════════════════
• On CRAN (22): 'test-hat_values-fit.R:15:3', 'test-hat_values-fit.R:21:3',
'test-hat_values-fit.R:111:3', 'test-hat_values-fit.R:123:3',
'test-hat_values-score.R:2:3', 'test-hat_values-score.R:9:3',
'test-hat_values-score.R:17:3', 'test-isolation-fit.R:38:3',
'test-misc.R:3:3', 'test-pca-fit.R:21:3', 'test-pca-fit.R:27:3',
'test-pca-score.R:2:3', 'test-pca-score.R:9:3', 'test-pca-score.R:17:3',
'test-print.R:4:3', 'test-print.R:36:3', 'test-similarity.R:117:3',
'test-similarity.R:128:3', 'test-similarity.R:147:3',
'test-similarity.R:171:3', 'test-similarity.R:186:3',
'test-similarity.R:202:3'
══ Failed tests ════════════════════════════════════════════════════════════════
── Failure ('test-isolation-fit.R:29:3'): model fitting for isolation forests ──
res_rec$model$params$ndim (`actual`) not equal to 2 (`expected`).
`actual`: 1
`expected`: 2
[ FAIL 1 | WARN 0 | SKIP 22 | PASS 92 ]
Error: Test failures
Execution halted
- checking for unstated dependencies in vignettes ... OK
- checking package vignettes ... OK
- checking re-building of vignette outputs ... [51s] OK
- checking PDF version of manual ... [22s] OK
- checking HTML version of manual ... [3s] OK
- DONE
Status: 1 ERROR